{"id":8471,"date":"2023-09-15T14:37:06","date_gmt":"2023-09-15T18:37:06","guid":{"rendered":"https:\/\/www.icpa-gz.org.py\/DE\/?post_type=tribe_events&#038;p=8471"},"modified":"2023-10-02T16:33:45","modified_gmt":"2023-10-02T19:33:45","slug":"6-in-der-konzertreihe-des-orquesta-sinfonica-de-la-ciudad-de-asuncion-deutsche-woche-2023","status":"publish","type":"tribe_events","link":"https:\/\/www.icpa-gz.org.py\/DE\/evento\/6-in-der-konzertreihe-des-orquesta-sinfonica-de-la-ciudad-de-asuncion-deutsche-woche-2023\/","title":{"rendered":"6. Auff\u00fchrung in der Konzertreihe des Orquesta Sinf\u00f3nica de la Ciudad de Asunci\u00f3n | Deutsche Woche 2023"},"content":{"rendered":"<p>Mit Werken der deutschen Komponistinnen Fanny Hensel und Clara Wieck, die zum ersten Mal in Paraguay aufgef\u00fchrt werden.<\/p>\n<p>Municipal Theatre Ignacio A. Pane<br \/>\nPdte. Franco e\/ Chile y Alberdi<br \/>\nAsunci\u00f3n<\/p>\n<p>Veranstaltung im Rahmen der deutschen Woche 2023<br \/>\n<a href=\"https:\/\/www.icpa-gz.org.py\/DE\/wp-content\/uploads\/2023\/09\/DeutscheWoche23.pdf\">Programm der Veranstaltungsreihe | pdf<\/a><\/p>\n<p>#DeutscheWoche #SemanaAlemana #alemaniaenparaguay<\/p>\n","protected":false},"excerpt":{"rendered":"<p>Mit Werken der deutschen Komponistinnen Fanny Hensel und Clara Wieck, die zum ersten Mal in Paraguay aufgef\u00fchrt werden. Municipal Theatre<\/p>\n","protected":false},"author":1,"featured_media":8639,"template":"","meta":{"colormag_page_container_layout":"default_layout","colormag_page_sidebar_layout":"default_layout","_tribe_events_status":"","_tribe_events_status_reason":"","_joinchat":[],"footnotes":""},"tags":[],"tribe_events_cat":[46,35,77],"class_list":["post-8471","tribe_events","type-tribe_events","status-publish","has-post-thumbnail","hentry","tribe_events_cat-deutsche-woche-semana-alemana","tribe_events_cat-konzert","tribe_events_cat-prasenzveranstaltung","cat_deutsche-woche-semana-alemana","cat_konzert","cat_prasenzveranstaltung"],"_links":{"self":[{"href":"https:\/\/www.icpa-gz.org.py\/DE\/wp-json\/wp\/v2\/tribe_events\/8471","targetHints":{"allow":["GET"]}}],"collection":[{"href":"https:\/\/www.icpa-gz.org.py\/DE\/wp-json\/wp\/v2\/tribe_events"}],"about":[{"href":"https:\/\/www.icpa-gz.org.py\/DE\/wp-json\/wp\/v2\/types\/tribe_events"}],"author":[{"embeddable":true,"href":"https:\/\/www.icpa-gz.org.py\/DE\/wp-json\/wp\/v2\/users\/1"}],"version-history":[{"count":3,"href":"https:\/\/www.icpa-gz.org.py\/DE\/wp-json\/wp\/v2\/tribe_events\/8471\/revisions"}],"predecessor-version":[{"id":8808,"href":"https:\/\/www.icpa-gz.org.py\/DE\/wp-json\/wp\/v2\/tribe_events\/8471\/revisions\/8808"}],"wp:featuredmedia":[{"embeddable":true,"href":"https:\/\/www.icpa-gz.org.py\/DE\/wp-json\/wp\/v2\/media\/8639"}],"wp:attachment":[{"href":"https:\/\/www.icpa-gz.org.py\/DE\/wp-json\/wp\/v2\/media?parent=8471"}],"wp:term":[{"taxonomy":"post_tag","embeddable":true,"href":"https:\/\/www.icpa-gz.org.py\/DE\/wp-json\/wp\/v2\/tags?post=8471"},{"taxonomy":"tribe_events_cat","embeddable":true,"href":"https:\/\/www.icpa-gz.org.py\/DE\/wp-json\/wp\/v2\/tribe_events_cat?post=8471"}],"curies":[{"name":"wp","href":"https:\/\/api.w.org\/{rel}","templated":true}]}}

6. Aufführung in der Konzertreihe des Orquesta Sinfónica de la Ciudad de Asunción | Deutsche Woche 2023

<p>Mit Werken der deutschen Komponistinnen Fanny Hensel und Clara Wieck, die zum ersten Mal in Paraguay aufgeführt werden.</p>
<p>Municipal Theatre Ignacio A. Pane<br />
Pdte. Franco e/ Chile y Alberdi<br />
Asunción</p>
<p>Veranstaltung im Rahmen der deutschen Woche 2023<br />
<a href="https://www.icpa-gz.org.py/DE/wp-content/uploads/2023/09/DeutscheWoche23.pdf">Programm der Veranstaltungsreihe | pdf</a></p>
<p>#DeutscheWoche #SemanaAlemana #alemaniaenparaguay</p>

<p>Mit Werken der deutschen Komponistinnen Fanny Hensel und Clara Wieck, die zum ersten Mal in Paraguay aufgeführt werden. Municipal Theatre</p>
