{"id":8446,"date":"2023-09-15T13:35:42","date_gmt":"2023-09-15T17:35:42","guid":{"rendered":"https:\/\/www.icpa-gz.org.py\/DE\/?post_type=tribe_events&#038;p=8446"},"modified":"2023-10-02T16:33:03","modified_gmt":"2023-10-02T19:33:03","slug":"eroffnung-der-ausstellung-und-verleihung-des-preises-fur-bildende-kunst-der-deutschen-botschaft-deutsche-woche-2023","status":"publish","type":"tribe_events","link":"https:\/\/www.icpa-gz.org.py\/DE\/evento\/eroffnung-der-ausstellung-und-verleihung-des-preises-fur-bildende-kunst-der-deutschen-botschaft-deutsche-woche-2023\/","title":{"rendered":"Er\u00f6ffnung der Ausstellung und Verleihung des Preises f\u00fcr Bildende Kunst der Deutschen Botschaft | Deutsche Woche 2023"},"content":{"rendered":"<p>Preis f\u00fcr bildende Kunst 2023<\/p>\n<p>Instituto Cultural Paraguayo-Alem\u00e1n &#8211; Goethe-Zentrum | ICPA-GZ<br \/>\nJuan de Salazar 310 c\/ Artigas<br \/>\nAsunci\u00f3n<\/p>\n<p>Veranstaltung im Rahmen der deutschen Woche 2023<br \/>\n<a href=\"https:\/\/www.icpa-gz.org.py\/DE\/wp-content\/uploads\/2023\/09\/DeutscheWoche23.pdf\">Programm der Veranstaltungsreihe | pdf<\/a><\/p>\n<p>#DeutscheWoche #SemanaAlemana #alemaniaenparaguay<\/p>\n","protected":false},"excerpt":{"rendered":"<p>Preis f\u00fcr bildende Kunst 2023 Instituto Cultural Paraguayo-Alem\u00e1n &#8211; Goethe-Zentrum | ICPA-GZ Juan de Salazar 310 c\/ Artigas Asunci\u00f3n Veranstaltung<\/p>\n","protected":false},"author":1,"featured_media":8638,"template":"","meta":{"colormag_page_container_layout":"default_layout","colormag_page_sidebar_layout":"default_layout","_tribe_events_status":"","_tribe_events_status_reason":"","_joinchat":[],"footnotes":""},"tags":[],"tribe_events_cat":[43,46,77],"class_list":["post-8446","tribe_events","type-tribe_events","status-publish","has-post-thumbnail","hentry","tribe_events_cat-ausstellung","tribe_events_cat-deutsche-woche-semana-alemana","tribe_events_cat-prasenzveranstaltung","cat_ausstellung","cat_deutsche-woche-semana-alemana","cat_prasenzveranstaltung"],"_links":{"self":[{"href":"https:\/\/www.icpa-gz.org.py\/DE\/wp-json\/wp\/v2\/tribe_events\/8446","targetHints":{"allow":["GET"]}}],"collection":[{"href":"https:\/\/www.icpa-gz.org.py\/DE\/wp-json\/wp\/v2\/tribe_events"}],"about":[{"href":"https:\/\/www.icpa-gz.org.py\/DE\/wp-json\/wp\/v2\/types\/tribe_events"}],"author":[{"embeddable":true,"href":"https:\/\/www.icpa-gz.org.py\/DE\/wp-json\/wp\/v2\/users\/1"}],"version-history":[{"count":2,"href":"https:\/\/www.icpa-gz.org.py\/DE\/wp-json\/wp\/v2\/tribe_events\/8446\/revisions"}],"predecessor-version":[{"id":8802,"href":"https:\/\/www.icpa-gz.org.py\/DE\/wp-json\/wp\/v2\/tribe_events\/8446\/revisions\/8802"}],"wp:featuredmedia":[{"embeddable":true,"href":"https:\/\/www.icpa-gz.org.py\/DE\/wp-json\/wp\/v2\/media\/8638"}],"wp:attachment":[{"href":"https:\/\/www.icpa-gz.org.py\/DE\/wp-json\/wp\/v2\/media?parent=8446"}],"wp:term":[{"taxonomy":"post_tag","embeddable":true,"href":"https:\/\/www.icpa-gz.org.py\/DE\/wp-json\/wp\/v2\/tags?post=8446"},{"taxonomy":"tribe_events_cat","embeddable":true,"href":"https:\/\/www.icpa-gz.org.py\/DE\/wp-json\/wp\/v2\/tribe_events_cat?post=8446"}],"curies":[{"name":"wp","href":"https:\/\/api.w.org\/{rel}","templated":true}]}}

Eröffnung der Ausstellung und Verleihung des Preises für Bildende Kunst der Deutschen Botschaft | Deutsche Woche 2023

<p>Preis für bildende Kunst 2023</p>
<p>Instituto Cultural Paraguayo-Alemán &#8211; Goethe-Zentrum | ICPA-GZ<br />
Juan de Salazar 310 c/ Artigas<br />
Asunción</p>
<p>Veranstaltung im Rahmen der deutschen Woche 2023<br />
<a href="https://www.icpa-gz.org.py/DE/wp-content/uploads/2023/09/DeutscheWoche23.pdf">Programm der Veranstaltungsreihe | pdf</a></p>
<p>#DeutscheWoche #SemanaAlemana #alemaniaenparaguay</p>

<p>Preis für bildende Kunst 2023 Instituto Cultural Paraguayo-Alemán &#8211; Goethe-Zentrum | ICPA-GZ Juan de Salazar 310 c/ Artigas Asunción Veranstaltung</p>
