{"id":6437,"date":"2023-01-24T16:00:44","date_gmt":"2023-01-24T20:00:44","guid":{"rendered":"https:\/\/www.icpa-gz.org.py\/DE\/?post_type=tribe_events&#038;p=6437"},"modified":"2023-03-03T13:10:35","modified_gmt":"2023-03-03T17:10:35","slug":"ausschreibung-land-art-im-parque-caballero","status":"publish","type":"tribe_events","link":"https:\/\/www.icpa-gz.org.py\/DE\/evento\/ausschreibung-land-art-im-parque-caballero\/","title":{"rendered":"Land Art im Parque Caballero | Ausschreibungsphase beendet"},"content":{"rendered":"<p>Wir laden Dich ein, sich f\u00fcr die Ausschreibung &#8220;Land Art im Parque Caballero&#8221; zu bewerben.<\/p>\n<p>Diese Aufforderung soll dazu anregen, neue Sprachen und k\u00fcnstlerische Sichtweisen zu entwickeln, die die Landschaft und die Umwelt des Caballero-Parks mit ihrer Geschichte und Gegenwart reflektieren und bewusst gestalten. Dar\u00fcber hinaus sollen Begegnungen in der Gemeinschaft und die Mitverantwortung f\u00fcr die Pflege des Parks gef\u00f6rdert werden, indem die vielf\u00e4ltigen Landschaften des Parks in der freien Natur gestaltet werden.<\/p>\n<p>Der Aufruf zur Einreichung von Bewerbungen l\u00e4uft vom 24. Januar bis zum <strong>11. M\u00e4rz 2023<\/strong>.<\/p>\n<p>Teilnahmebedingungen und Antragsformular | <a href=\"https:\/\/linktr.ee\/eunic_asupy\">https:\/\/linktr.ee\/eunic_asupy<\/a><\/p>\n<p>Nutze die Gelegenheit, den Parque Caballero mit Kunst und Kultur zu bereichern!<\/p>\n","protected":false},"excerpt":{"rendered":"<p>Wir laden Dich ein, sich f\u00fcr die Ausschreibung &#8220;Land Art im Parque Caballero&#8221; zu bewerben. Diese Aufforderung soll dazu anregen,<\/p>\n","protected":false},"author":1,"featured_media":6438,"template":"","meta":{"colormag_page_container_layout":"default_layout","colormag_page_sidebar_layout":"default_layout","_tribe_events_status":"","_tribe_events_status_reason":"","_joinchat":[],"footnotes":""},"tags":[],"tribe_events_cat":[57,49],"class_list":["post-6437","tribe_events","type-tribe_events","status-publish","has-post-thumbnail","hentry","tribe_events_cat-ausschreibung","tribe_events_cat-gefordert-vom-icpa-gz","cat_ausschreibung","cat_gefordert-vom-icpa-gz"],"_links":{"self":[{"href":"https:\/\/www.icpa-gz.org.py\/DE\/wp-json\/wp\/v2\/tribe_events\/6437","targetHints":{"allow":["GET"]}}],"collection":[{"href":"https:\/\/www.icpa-gz.org.py\/DE\/wp-json\/wp\/v2\/tribe_events"}],"about":[{"href":"https:\/\/www.icpa-gz.org.py\/DE\/wp-json\/wp\/v2\/types\/tribe_events"}],"author":[{"embeddable":true,"href":"https:\/\/www.icpa-gz.org.py\/DE\/wp-json\/wp\/v2\/users\/1"}],"version-history":[{"count":6,"href":"https:\/\/www.icpa-gz.org.py\/DE\/wp-json\/wp\/v2\/tribe_events\/6437\/revisions"}],"predecessor-version":[{"id":6594,"href":"https:\/\/www.icpa-gz.org.py\/DE\/wp-json\/wp\/v2\/tribe_events\/6437\/revisions\/6594"}],"wp:featuredmedia":[{"embeddable":true,"href":"https:\/\/www.icpa-gz.org.py\/DE\/wp-json\/wp\/v2\/media\/6438"}],"wp:attachment":[{"href":"https:\/\/www.icpa-gz.org.py\/DE\/wp-json\/wp\/v2\/media?parent=6437"}],"wp:term":[{"taxonomy":"post_tag","embeddable":true,"href":"https:\/\/www.icpa-gz.org.py\/DE\/wp-json\/wp\/v2\/tags?post=6437"},{"taxonomy":"tribe_events_cat","embeddable":true,"href":"https:\/\/www.icpa-gz.org.py\/DE\/wp-json\/wp\/v2\/tribe_events_cat?post=6437"}],"curies":[{"name":"wp","href":"https:\/\/api.w.org\/{rel}","templated":true}]}}

<p>Wir laden Dich ein, sich für die Ausschreibung &#8220;Land Art im Parque Caballero&#8221; zu bewerben.</p>
<p>Diese Aufforderung soll dazu anregen, neue Sprachen und künstlerische Sichtweisen zu entwickeln, die die Landschaft und die Umwelt des Caballero-Parks mit ihrer Geschichte und Gegenwart reflektieren und bewusst gestalten. Darüber hinaus sollen Begegnungen in der Gemeinschaft und die Mitverantwortung für die Pflege des Parks gefördert werden, indem die vielfältigen Landschaften des Parks in der freien Natur gestaltet werden.</p>
<p>Der Aufruf zur Einreichung von Bewerbungen läuft vom 24. Januar bis zum <strong>11. März 2023</strong>.</p>
<p>Teilnahmebedingungen und Antragsformular | <a href="https://linktr.ee/eunic_asupy">https://linktr.ee/eunic_asupy</a></p>
<p>Nutze die Gelegenheit, den Parque Caballero mit Kunst und Kultur zu bereichern!</p>

<p>Wir laden Dich ein, sich für die Ausschreibung &#8220;Land Art im Parque Caballero&#8221; zu bewerben. Diese Aufforderung soll dazu anregen,</p>
