{"id":5256,"date":"2022-09-30T12:28:48","date_gmt":"2022-09-30T16:28:48","guid":{"rendered":"https:\/\/www.icpa-gz.org.py\/DE\/?post_type=tribe_events&#038;p=5256"},"modified":"2022-10-24T11:33:43","modified_gmt":"2022-10-24T15:33:43","slug":"haus-kino-oktober-2-ivie-wie-ivie","status":"publish","type":"tribe_events","link":"https:\/\/www.icpa-gz.org.py\/DE\/evento\/haus-kino-oktober-2-ivie-wie-ivie\/","title":{"rendered":"Ivie wie Ivie | Haus-Kino: Oktober #2"},"content":{"rendered":"<p><strong>Ivie wie Ivie<\/strong><\/p>\n<p>109 Min. | 2021 | Farbe<br \/>\nRegie: Sarah Blasskiewitz<\/p>\n<p>Donnerstag 27. bis Sonntag 30. Oktober. Nach der Reservierung im genannten Zeitraum steht der Film 48 Stunden zur Verf\u00fcgung.<\/p>\n<p><strong><a href=\"https:\/\/haus-kino.goethe-on-demand.de\/\">Goethe on Demand<\/a><\/strong><\/p>\n<p>&nbsp;<\/p>\n<p><strong>SYNOPSIS<\/strong><br \/>\nDie afrodeutsche Ivie, von ihren Freunden \u201aSchoko\u2019 genannt, wohnt mit ihrer besten Freundin Anne in Leipzig und arbeitet \u00fcbergangsweise im Solarium ihres Ex-Freundes Ingo, w\u00e4hrend sie noch auf der Suche nach einer festen Anstellung als Lehrerin ist. Pl\u00f6tzlich steht ihre \u2013 ihr bis dahin unbekannte \u2013 Berliner Halbschwester Naomi vor der T\u00fcr und konfrontiert sie mit dem Tod des gemeinsamen Vaters und dessen anstehender Beerdigung im Senegal. W\u00e4hrend die Schwestern sich langsam kennenlernen, stellt Ivie zunehmend nicht nur ihren Spitznamen, sondern auch ihr Selbstbild infrage.<\/p>\n<p><strong>PRESSESTIMMEN<\/strong><br \/>\n\u201eIvie beginnt, nicht nur ihre pers\u00f6nlichen Beziehungen, sondern auch ihre Beziehung zu Kultur und Gesellschaft zu hinterfragen. Warum m\u00f6chte sie nicht, dass Naomi ihr f\u00fcr ein Bewerbungsgespr\u00e4ch einen Turban wickelt? Warum wird sie w\u00e4hrend des Gespr\u00e4chs immer wieder gefragt, woher ihre Eltern denn kommen w\u00fcrden? Was Nicht-Betroffene als unangenehme Einzelf\u00e4lle abtun, wird im Film deutlich als das gekennzeichnet, was es ist: rassistische Mikroaggressionen, die Schwarze Menschen dauernd erleben. Naomi reagiert auf diese abgebr\u00fcht \u2013 was allerdings nur noch mehr verdeutlicht, wie allt\u00e4glich sie f\u00fcr sie sind.<\/p>\n<p>Lillith D\u00f6rsch, jetzt.de, 17.06.2021<\/p>\n","protected":false},"excerpt":{"rendered":"<p>Ivie wie Ivie 109 Min. | 2021 | Farbe Regie: Sarah Blasskiewitz Donnerstag 27. bis Sonntag 30. Oktober. Nach der<\/p>\n","protected":false},"author":1,"featured_media":5296,"template":"","meta":{"colormag_page_container_layout":"default_layout","colormag_page_sidebar_layout":"default_layout","_tribe_events_status":"","_tribe_events_status_reason":"","_joinchat":[],"footnotes":""},"tags":[],"tribe_events_cat":[39,31],"class_list":["post-5256","tribe_events","type-tribe_events","status-publish","has-post-thumbnail","hentry","tribe_events_cat-filmtheater","tribe_events_cat-haus-kino-cinema","cat_filmtheater","cat_haus-kino-cinema"],"_links":{"self":[{"href":"https:\/\/www.icpa-gz.org.py\/DE\/wp-json\/wp\/v2\/tribe_events\/5256","targetHints":{"allow":["GET"]}}],"collection":[{"href":"https:\/\/www.icpa-gz.org.py\/DE\/wp-json\/wp\/v2\/tribe_events"}],"about":[{"href":"https:\/\/www.icpa-gz.org.py\/DE\/wp-json\/wp\/v2\/types\/tribe_events"}],"author":[{"embeddable":true,"href":"https:\/\/www.icpa-gz.org.py\/DE\/wp-json\/wp\/v2\/users\/1"}],"version-history":[{"count":2,"href":"https:\/\/www.icpa-gz.org.py\/DE\/wp-json\/wp\/v2\/tribe_events\/5256\/revisions"}],"predecessor-version":[{"id":5646,"href":"https:\/\/www.icpa-gz.org.py\/DE\/wp-json\/wp\/v2\/tribe_events\/5256\/revisions\/5646"}],"wp:featuredmedia":[{"embeddable":true,"href":"https:\/\/www.icpa-gz.org.py\/DE\/wp-json\/wp\/v2\/media\/5296"}],"wp:attachment":[{"href":"https:\/\/www.icpa-gz.org.py\/DE\/wp-json\/wp\/v2\/media?parent=5256"}],"wp:term":[{"taxonomy":"post_tag","embeddable":true,"href":"https:\/\/www.icpa-gz.org.py\/DE\/wp-json\/wp\/v2\/tags?post=5256"},{"taxonomy":"tribe_events_cat","embeddable":true,"href":"https:\/\/www.icpa-gz.org.py\/DE\/wp-json\/wp\/v2\/tribe_events_cat?post=5256"}],"curies":[{"name":"wp","href":"https:\/\/api.w.org\/{rel}","templated":true}]}}

<p><strong>Ivie wie Ivie</strong></p>
<p>109 Min. | 2021 | Farbe<br />
Regie: Sarah Blasskiewitz</p>
<p>Donnerstag 27. bis Sonntag 30. Oktober. Nach der Reservierung im genannten Zeitraum steht der Film 48 Stunden zur Verfügung.</p>
<p><strong><a href="https://haus-kino.goethe-on-demand.de/">Goethe on Demand</a></strong></p>
<p>&nbsp;</p>
<p><strong>SYNOPSIS</strong><br />
Die afrodeutsche Ivie, von ihren Freunden ‚Schoko’ genannt, wohnt mit ihrer besten Freundin Anne in Leipzig und arbeitet übergangsweise im Solarium ihres Ex-Freundes Ingo, während sie noch auf der Suche nach einer festen Anstellung als Lehrerin ist. Plötzlich steht ihre – ihr bis dahin unbekannte – Berliner Halbschwester Naomi vor der Tür und konfrontiert sie mit dem Tod des gemeinsamen Vaters und dessen anstehender Beerdigung im Senegal. Während die Schwestern sich langsam kennenlernen, stellt Ivie zunehmend nicht nur ihren Spitznamen, sondern auch ihr Selbstbild infrage.</p>
<p><strong>PRESSESTIMMEN</strong><br />
„Ivie beginnt, nicht nur ihre persönlichen Beziehungen, sondern auch ihre Beziehung zu Kultur und Gesellschaft zu hinterfragen. Warum möchte sie nicht, dass Naomi ihr für ein Bewerbungsgespräch einen Turban wickelt? Warum wird sie während des Gesprächs immer wieder gefragt, woher ihre Eltern denn kommen würden? Was Nicht-Betroffene als unangenehme Einzelfälle abtun, wird im Film deutlich als das gekennzeichnet, was es ist: rassistische Mikroaggressionen, die Schwarze Menschen dauernd erleben. Naomi reagiert auf diese abgebrüht – was allerdings nur noch mehr verdeutlicht, wie alltäglich sie für sie sind.</p>
<p>Lillith Dörsch, jetzt.de, 17.06.2021</p>
