{"id":5252,"date":"2022-09-30T12:26:22","date_gmt":"2022-09-30T16:26:22","guid":{"rendered":"https:\/\/www.icpa-gz.org.py\/DE\/?post_type=tribe_events&#038;p=5252"},"modified":"2022-10-06T10:04:06","modified_gmt":"2022-10-06T14:04:06","slug":"haus-kino-oktober-1-becoming-black","status":"publish","type":"tribe_events","link":"https:\/\/www.icpa-gz.org.py\/DE\/evento\/haus-kino-oktober-1-becoming-black\/","title":{"rendered":"Haus-Kino | Oktober #1: Becoming Black"},"content":{"rendered":"<p><strong>Becoming Black<\/strong><\/p>\n<p>91 Min. | 2019 | Farbe<br \/>\nRegie: Ines Johnson-Spain<\/p>\n<p>Donnerstag 20. bis Sonntag 23. Oktober. Nach der Reservierung im genannten Zeitraum steht der Film 48 Stunden zur Verf\u00fcgung.<\/p>\n<p><strong><a href=\"https:\/\/haus-kino.goethe-on-demand.de\/\">Goethe on Demand<\/a><\/strong><\/p>\n<p>&nbsp;<\/p>\n<p><strong>SYNOPSIS<\/strong><br \/>\nEine wei\u00dfe Familie, die in den 1960er Jahren in der Deutschen Demokratischen Republik lebt, erkl\u00e4rt ihrer schwarzen Tochter, dass ihre Hautfarbe rein zuf\u00e4llig ist. Auch das M\u00e4dchen zieht es vor, dies zu glauben, bis sie als Teenager zuf\u00e4llig die Wahrheit entdeckt. In einem intimen, aber auch kritischen Portr\u00e4t verbindet Ines Johnson-Spain schmerzhafte und verwirrende Kindheitserinnerungen mit einer Untersuchung der sozialen und politischen Implikationen, die von einer Kultur der Ablehnung und des strukturellen Rassismus zeugen.<\/p>\n<p><strong>REGISSEURIN: INES JOHNSON-SPAIN<\/strong><br \/>\nInes Johnson-Spain ist eine unabh\u00e4ngige deutsch-togolesische Filmemacherin, die in Berlin lebt.<br \/>\nSie studierte Religionswissenschaften an der Freien Universit\u00e4t Berlin (FU) und war Gaststudentin f\u00fcr Bildende Kunst und Malerei an der Universit\u00e4t der K\u00fcnste Berlin.<\/p>\n<p>Sie arbeitete viele Jahre als Kulissenmalerin und in verschiedenen Positionen der Kunstabteilungen von nationalen und internationalen Filmproduktionen.<\/p>\n<p>Seit 2002 entwickelt und realisiert sie ihre eigenen Dokumentarfilmprojekte. Der Schwerpunkt ihrer Arbeit liegt auf intimen Portr\u00e4ts, die sich mit dem Begriff des Selbst und der Zugeh\u00f6rigkeit auseinandersetzen. Zuletzt drehte sie den Film \u201cL\u2019Esprit de Madjid\u201d \u00fcber einen jungen schwulen Mann aus Togo, der Anh\u00e4nger von Voudou ist und sich \u00fcber seine Geister mit sich selbst auseinandersetzt.<\/p>\n<p>Der autobiografische Film \u201cBecoming Black\u201d ist ihr erster abendf\u00fcllender Film.<\/p>\n<p>&nbsp;<\/p>\n<p>&nbsp;<\/p>\n","protected":false},"excerpt":{"rendered":"<p>Becoming Black 91 Min. | 2019 | Farbe Regie: Ines Johnson-Spain Donnerstag 20. bis Sonntag 23. Oktober. Nach der Reservierung<\/p>\n","protected":false},"author":1,"featured_media":5297,"template":"","meta":{"colormag_page_container_layout":"default_layout","colormag_page_sidebar_layout":"default_layout","_tribe_events_status":"","_tribe_events_status_reason":"","_joinchat":[],"footnotes":""},"tags":[],"tribe_events_cat":[31],"class_list":["post-5252","tribe_events","type-tribe_events","status-publish","has-post-thumbnail","hentry","tribe_events_cat-haus-kino-cinema","cat_haus-kino-cinema"],"_links":{"self":[{"href":"https:\/\/www.icpa-gz.org.py\/DE\/wp-json\/wp\/v2\/tribe_events\/5252","targetHints":{"allow":["GET"]}}],"collection":[{"href":"https:\/\/www.icpa-gz.org.py\/DE\/wp-json\/wp\/v2\/tribe_events"}],"about":[{"href":"https:\/\/www.icpa-gz.org.py\/DE\/wp-json\/wp\/v2\/types\/tribe_events"}],"author":[{"embeddable":true,"href":"https:\/\/www.icpa-gz.org.py\/DE\/wp-json\/wp\/v2\/users\/1"}],"version-history":[{"count":2,"href":"https:\/\/www.icpa-gz.org.py\/DE\/wp-json\/wp\/v2\/tribe_events\/5252\/revisions"}],"predecessor-version":[{"id":5255,"href":"https:\/\/www.icpa-gz.org.py\/DE\/wp-json\/wp\/v2\/tribe_events\/5252\/revisions\/5255"}],"wp:featuredmedia":[{"embeddable":true,"href":"https:\/\/www.icpa-gz.org.py\/DE\/wp-json\/wp\/v2\/media\/5297"}],"wp:attachment":[{"href":"https:\/\/www.icpa-gz.org.py\/DE\/wp-json\/wp\/v2\/media?parent=5252"}],"wp:term":[{"taxonomy":"post_tag","embeddable":true,"href":"https:\/\/www.icpa-gz.org.py\/DE\/wp-json\/wp\/v2\/tags?post=5252"},{"taxonomy":"tribe_events_cat","embeddable":true,"href":"https:\/\/www.icpa-gz.org.py\/DE\/wp-json\/wp\/v2\/tribe_events_cat?post=5252"}],"curies":[{"name":"wp","href":"https:\/\/api.w.org\/{rel}","templated":true}]}}

<p><strong>Becoming Black</strong></p>
<p>91 Min. | 2019 | Farbe<br />
Regie: Ines Johnson-Spain</p>
<p>Donnerstag 20. bis Sonntag 23. Oktober. Nach der Reservierung im genannten Zeitraum steht der Film 48 Stunden zur Verfügung.</p>
<p><strong><a href="https://haus-kino.goethe-on-demand.de/">Goethe on Demand</a></strong></p>
<p>&nbsp;</p>
<p><strong>SYNOPSIS</strong><br />
Eine weiße Familie, die in den 1960er Jahren in der Deutschen Demokratischen Republik lebt, erklärt ihrer schwarzen Tochter, dass ihre Hautfarbe rein zufällig ist. Auch das Mädchen zieht es vor, dies zu glauben, bis sie als Teenager zufällig die Wahrheit entdeckt. In einem intimen, aber auch kritischen Porträt verbindet Ines Johnson-Spain schmerzhafte und verwirrende Kindheitserinnerungen mit einer Untersuchung der sozialen und politischen Implikationen, die von einer Kultur der Ablehnung und des strukturellen Rassismus zeugen.</p>
<p><strong>REGISSEURIN: INES JOHNSON-SPAIN</strong><br />
Ines Johnson-Spain ist eine unabhängige deutsch-togolesische Filmemacherin, die in Berlin lebt.<br />
Sie studierte Religionswissenschaften an der Freien Universität Berlin (FU) und war Gaststudentin für Bildende Kunst und Malerei an der Universität der Künste Berlin.</p>
<p>Sie arbeitete viele Jahre als Kulissenmalerin und in verschiedenen Positionen der Kunstabteilungen von nationalen und internationalen Filmproduktionen.</p>
<p>Seit 2002 entwickelt und realisiert sie ihre eigenen Dokumentarfilmprojekte. Der Schwerpunkt ihrer Arbeit liegt auf intimen Porträts, die sich mit dem Begriff des Selbst und der Zugehörigkeit auseinandersetzen. Zuletzt drehte sie den Film “L’Esprit de Madjid” über einen jungen schwulen Mann aus Togo, der Anhänger von Voudou ist und sich über seine Geister mit sich selbst auseinandersetzt.</p>
<p>Der autobiografische Film “Becoming Black” ist ihr erster abendfüllender Film.</p>
<p>&nbsp;</p>
<p>&nbsp;</p>
