{"id":51781,"date":"2026-08-28T18:45:47","date_gmt":"2026-08-28T21:45:47","guid":{"rendered":"https:\/\/www.icpa-gz.org.py\/DE\/?post_type=tribe_events&#038;p=51781"},"modified":"2026-08-28T18:45:47","modified_gmt":"2026-08-28T21:45:47","slug":"internationales-filmfestival-von-caazapa-2-2","status":"publish","type":"tribe_events","link":"https:\/\/www.icpa-gz.org.py\/DE\/evento\/internationales-filmfestival-von-caazapa-2-2\/","title":{"rendered":"Internationales Filmfestival von Caazapa 2\/2"},"content":{"rendered":"<p>Das Internationale Filmfestival von Caazap\u00e1 steht vor der T\u00fcr!<\/p>\n<p>Die Stadt der Mythen und Legenden empf\u00e4ngt Filme mit beeindruckenden Geschichten. Alle Vorf\u00fchrungen sind kostenlos. Lasst euch das nicht entgehen!<\/p>\n<p>Freitag, 4. September<br \/>\n15:30 Uhr \u201eProfesi\u00f3n Cinero\u201c von Hugo Gamarra<br \/>\n18:00 Uhr \u201eEjercicios de memoria\u201c von Paz Encina<br \/>\n20:00 Uhr \u201eLos \u00faltimos\u201c von Sebasti\u00e1n Pe\u00f1a Escobar<\/p>\n<p>Samstag, 5. September<br \/>\n11:00 Uhr Kindervorstellung mit \u201eChecker Tobi und die Reise zu den fliegenden Fl\u00fcssen\u201c von Johannes Honsell<br \/>\n11:00 Uhr \u201eUn suelo lejano\u201c von Gabriel Muro<br \/>\n17:00 Uhr \u201eAl rededor del para\u00edso\u201c von Yulia Lokshina<\/p>\n<p>Wir sehen uns! Organisiert von \u00d1ande Cine.<\/p>\n","protected":false},"excerpt":{"rendered":"<p>Das Internationale Filmfestival von Caazap\u00e1 steht vor der T\u00fcr! Die Stadt der Mythen und Legenden empf\u00e4ngt Filme mit beeindruckenden Geschichten.<\/p>\n","protected":false},"author":1,"featured_media":51772,"template":"","meta":{"colormag_page_container_layout":"default_layout","colormag_page_sidebar_layout":"default_layout","_tribe_events_status":"","_tribe_events_status_reason":"","_joinchat":[],"footnotes":""},"tags":[],"tribe_events_cat":[39,49,50,51,77],"class_list":["post-51781","tribe_events","type-tribe_events","status-publish","has-post-thumbnail","hentry","tribe_events_cat-filmtheater","tribe_events_cat-gefordert-vom-icpa-gz","tribe_events_cat-kultur","tribe_events_cat-kunst","tribe_events_cat-prasenzveranstaltung","cat_filmtheater","cat_gefordert-vom-icpa-gz","cat_kultur","cat_kunst","cat_prasenzveranstaltung"],"_links":{"self":[{"href":"https:\/\/www.icpa-gz.org.py\/DE\/wp-json\/wp\/v2\/tribe_events\/51781","targetHints":{"allow":["GET"]}}],"collection":[{"href":"https:\/\/www.icpa-gz.org.py\/DE\/wp-json\/wp\/v2\/tribe_events"}],"about":[{"href":"https:\/\/www.icpa-gz.org.py\/DE\/wp-json\/wp\/v2\/types\/tribe_events"}],"author":[{"embeddable":true,"href":"https:\/\/www.icpa-gz.org.py\/DE\/wp-json\/wp\/v2\/users\/1"}],"version-history":[{"count":2,"href":"https:\/\/www.icpa-gz.org.py\/DE\/wp-json\/wp\/v2\/tribe_events\/51781\/revisions"}],"predecessor-version":[{"id":51795,"href":"https:\/\/www.icpa-gz.org.py\/DE\/wp-json\/wp\/v2\/tribe_events\/51781\/revisions\/51795"}],"wp:featuredmedia":[{"embeddable":true,"href":"https:\/\/www.icpa-gz.org.py\/DE\/wp-json\/wp\/v2\/media\/51772"}],"wp:attachment":[{"href":"https:\/\/www.icpa-gz.org.py\/DE\/wp-json\/wp\/v2\/media?parent=51781"}],"wp:term":[{"taxonomy":"post_tag","embeddable":true,"href":"https:\/\/www.icpa-gz.org.py\/DE\/wp-json\/wp\/v2\/tags?post=51781"},{"taxonomy":"tribe_events_cat","embeddable":true,"href":"https:\/\/www.icpa-gz.org.py\/DE\/wp-json\/wp\/v2\/tribe_events_cat?post=51781"}],"curies":[{"name":"wp","href":"https:\/\/api.w.org\/{rel}","templated":true}]}}

<p>Das Internationale Filmfestival von Caazapá steht vor der Tür!</p>
<p>Die Stadt der Mythen und Legenden empfängt Filme mit beeindruckenden Geschichten. Alle Vorführungen sind kostenlos. Lasst euch das nicht entgehen!</p>
<p>Freitag, 4. September<br />
15:30 Uhr „Profesión Cinero“ von Hugo Gamarra<br />
18:00 Uhr „Ejercicios de memoria“ von Paz Encina<br />
20:00 Uhr „Los últimos“ von Sebastián Peña Escobar</p>
<p>Samstag, 5. September<br />
11:00 Uhr Kindervorstellung mit „Checker Tobi und die Reise zu den fliegenden Flüssen“ von Johannes Honsell<br />
11:00 Uhr „Un suelo lejano“ von Gabriel Muro<br />
17:00 Uhr „Al rededor del paraíso“ von Yulia Lokshina</p>
<p>Wir sehen uns! Organisiert von Ñande Cine.</p>

<p>Das Internationale Filmfestival von Caazapá steht vor der Tür! Die Stadt der Mythen und Legenden empfängt Filme mit beeindruckenden Geschichten.</p>
