{"id":5174,"date":"2022-09-27T15:52:22","date_gmt":"2022-09-27T19:52:22","guid":{"rendered":"http:\/\/www.icpa-gz.org.py\/DE\/?post_type=tribe_events&#038;p=5174"},"modified":"2022-09-29T15:36:21","modified_gmt":"2022-09-29T19:36:21","slug":"encuentro-de-la-asociacion-paraguaya-de-profesores-de-aleman-apypa-semana-alemana-2022","status":"publish","type":"tribe_events","link":"https:\/\/www.icpa-gz.org.py\/DE\/evento\/encuentro-de-la-asociacion-paraguaya-de-profesores-de-aleman-apypa-semana-alemana-2022\/","title":{"rendered":"Treffen des Verbandes der Deutschlehrer:innen in Paraguay (APYPA) | DEUTSCHE WOCHE 2022"},"content":{"rendered":"<div><strong>Generalversammlung und Fortbildungsveranstaltung<\/strong><\/div>\n<div><\/div>\n<div><strong>Generalversammlung\u00a0<\/strong><\/div>\n<div><strong>Tagesordnung\u00a0<\/strong><br \/>\n<strong>9.00 Uhr<\/strong>:\u00a01. Aufruf; Infostand APYPA\u00a0<i>(1ra. Convocatoria. Mesa informativa APYPA)<\/i><br \/>\n<strong>10.00 Uhr<\/strong>:\u00a02. Aufruf. Beginn Generalversammlung\u00a0<i>(2da. Convocatoria. Inicio de la Asamblea)<\/i><br \/>\n-Ernennung von Pr\u00e4sident\/in und Sekret\u00e4r\/in der Generalversammlung\u00a0<i>(Designaci\u00f3n del Presidente y Secretario\/a de la Asamblea)<\/i><br \/>\n-Lekt\u00fcre und Erw\u00e4gung des Jahresbericht, Bilanz.\u00a0<i>(Lectura y consideraci\u00f3n de la memoria, informe anual, balance)<\/i><br \/>\n-Wahlen Vorstandsmitglieder<i>\u00a0(Elecci\u00f3n de miembros para integrar Consejo Directivo)<\/i><br \/>\n-Allgemeines\u00a0<i>(Temas varios)<\/i><\/div>\n<div><i>\u00a0<\/i><\/div>\n<div><strong>Fortbildungsveranstaltung<\/strong><br \/>\n<strong>11.30 Uhr<\/strong>:\u00a0Bericht IDT Wien 2022 (Jazmin Kronawetter)<br \/>\n<strong>12.00 Uhr<\/strong>: Gemeinsames Mittagessen<br \/>\n<strong>14.00 \u2013 15.30 Uhr<\/strong>:\u00a0\u201eGrammatik- und Wortschatzarbeit \u2013 spielerisch und ohne gro\u00dfe M\u00fche (Tipps und Anregungen, wie man ohne gro\u00dfen Aufwand in jeder Stunde GR und WS trainieren kann.)\u201c (Ivelina Georgieva, Hueber-Verlag)<br \/>\n<strong>15.30 Uhr<\/strong>:\u00a0Ende der Veranstaltung<\/div>\n<p><a href=\"https:\/\/www.icpa-gz.org.py\/wp-content\/uploads\/2022\/09\/DeutscheWoche_2022.pdf\">Programm der DEUTSCHEN WOCHE 2022<\/a><a href=\"https:\/\/www.icpa-gz.org.py\/wp-content\/uploads\/2022\/09\/DeutscheWoche_2022.pdf\"> | Programa de la SEMANA ALEMANA 2022<\/a><\/p>\n","protected":false},"excerpt":{"rendered":"<p>Generalversammlung und Fortbildungsveranstaltung Generalversammlung\u00a0 Tagesordnung\u00a0 9.00 Uhr:\u00a01. Aufruf; Infostand APYPA\u00a0(1ra. Convocatoria. Mesa informativa APYPA) 10.00 Uhr:\u00a02. Aufruf. Beginn Generalversammlung\u00a0(2da. Convocatoria.<\/p>\n","protected":false},"author":1,"featured_media":5173,"template":"","meta":{"colormag_page_container_layout":"default_layout","colormag_page_sidebar_layout":"default_layout","_tribe_events_status":"","_tribe_events_status_reason":"","_joinchat":[],"footnotes":""},"tags":[],"tribe_events_cat":[46,44],"class_list":["post-5174","tribe_events","type-tribe_events","status-publish","has-post-thumbnail","hentry","tribe_events_cat-deutsche-woche-semana-alemana","tribe_events_cat-fortbildung","cat_deutsche-woche-semana-alemana","cat_fortbildung"],"_links":{"self":[{"href":"https:\/\/www.icpa-gz.org.py\/DE\/wp-json\/wp\/v2\/tribe_events\/5174","targetHints":{"allow":["GET"]}}],"collection":[{"href":"https:\/\/www.icpa-gz.org.py\/DE\/wp-json\/wp\/v2\/tribe_events"}],"about":[{"href":"https:\/\/www.icpa-gz.org.py\/DE\/wp-json\/wp\/v2\/types\/tribe_events"}],"author":[{"embeddable":true,"href":"https:\/\/www.icpa-gz.org.py\/DE\/wp-json\/wp\/v2\/users\/1"}],"version-history":[{"count":4,"href":"https:\/\/www.icpa-gz.org.py\/DE\/wp-json\/wp\/v2\/tribe_events\/5174\/revisions"}],"predecessor-version":[{"id":5228,"href":"https:\/\/www.icpa-gz.org.py\/DE\/wp-json\/wp\/v2\/tribe_events\/5174\/revisions\/5228"}],"wp:featuredmedia":[{"embeddable":true,"href":"https:\/\/www.icpa-gz.org.py\/DE\/wp-json\/wp\/v2\/media\/5173"}],"wp:attachment":[{"href":"https:\/\/www.icpa-gz.org.py\/DE\/wp-json\/wp\/v2\/media?parent=5174"}],"wp:term":[{"taxonomy":"post_tag","embeddable":true,"href":"https:\/\/www.icpa-gz.org.py\/DE\/wp-json\/wp\/v2\/tags?post=5174"},{"taxonomy":"tribe_events_cat","embeddable":true,"href":"https:\/\/www.icpa-gz.org.py\/DE\/wp-json\/wp\/v2\/tribe_events_cat?post=5174"}],"curies":[{"name":"wp","href":"https:\/\/api.w.org\/{rel}","templated":true}]}}

<div><strong>Generalversammlung und Fortbildungsveranstaltung</strong></div>
<div></div>
<div><strong>Generalversammlung </strong></div>
<div><strong>Tagesordnung </strong><br />
<strong>9.00 Uhr</strong>: 1. Aufruf; Infostand APYPA <i>(1ra. Convocatoria. Mesa informativa APYPA)</i><br />
<strong>10.00 Uhr</strong>: 2. Aufruf. Beginn Generalversammlung <i>(2da. Convocatoria. Inicio de la Asamblea)</i><br />
-Ernennung von Präsident/in und Sekretär/in der Generalversammlung <i>(Designación del Presidente y Secretario/a de la Asamblea)</i><br />
-Lektüre und Erwägung des Jahresbericht, Bilanz. <i>(Lectura y consideración de la memoria, informe anual, balance)</i><br />
-Wahlen Vorstandsmitglieder<i> (Elección de miembros para integrar Consejo Directivo)</i><br />
-Allgemeines <i>(Temas varios)</i></div>
<div><i> </i></div>
<div><strong>Fortbildungsveranstaltung</strong><br />
<strong>11.30 Uhr</strong>: Bericht IDT Wien 2022 (Jazmin Kronawetter)<br />
<strong>12.00 Uhr</strong>: Gemeinsames Mittagessen<br />
<strong>14.00 – 15.30 Uhr</strong>: „Grammatik- und Wortschatzarbeit – spielerisch und ohne große Mühe (Tipps und Anregungen, wie man ohne großen Aufwand in jeder Stunde GR und WS trainieren kann.)“ (Ivelina Georgieva, Hueber-Verlag)<br />
<strong>15.30 Uhr</strong>: Ende der Veranstaltung</div>
<p><a href="https://www.icpa-gz.org.py/wp-content/uploads/2022/09/DeutscheWoche_2022.pdf">Programm der DEUTSCHEN WOCHE 2022</a><a href="https://www.icpa-gz.org.py/wp-content/uploads/2022/09/DeutscheWoche_2022.pdf"> | Programa de la SEMANA ALEMANA 2022</a></p>
