{"id":51550,"date":"2026-08-18T16:50:56","date_gmt":"2026-08-18T19:50:56","guid":{"rendered":"https:\/\/www.icpa-gz.org.py\/DE\/?post_type=tribe_events&#038;p=51550"},"modified":"2026-08-18T17:05:51","modified_gmt":"2026-08-18T20:05:51","slug":"amar-perder-europaische-filmreihe-2026-5-10","status":"publish","type":"tribe_events","link":"https:\/\/www.icpa-gz.org.py\/DE\/evento\/amar-perder-europaische-filmreihe-2026-5-10\/","title":{"rendered":"\u201eAmar perder\u201d | Europ\u00e4ische Filmreihe 2026 5\/10"},"content":{"rendered":"<p>In diesem Monat findet in Asunci\u00f3n die 17. Ausgabe des Europ\u00e4ischen Filmfestivals statt!<\/p>\n<p>Die Filme stammen aus: Deutschland, Frankreich, der Tschechischen Republik, der Slowakei, Frankreich, den Niederlanden, D\u00e4nemark, Belgien, Spanien, Italien und Schweden. Zehn Filme, die Sie begeistern werden.<\/p>\n<p>Alle Vorf\u00fchrungen sind frei zug\u00e4nglich und kostenlos, eine vorherige Reservierung ist nicht erforderlich, solange Platz in den S\u00e4len vorhanden ist.<br \/>\nVom 19. August bis zum 4. September<\/p>\n<p>Vorf\u00fchrungen an verschiedenen Veranstaltungsorten: <a href=\"https:\/\/www.instagram.com\/cinevillamorra\"><span class=\"html-span xdj266r x14z9mp xat24cr x1lziwak xexx8yu xyri2b x18d9i69 x1c1uobl x1hl2dhg x16tdsg8 x1vvkbs\"><span class=\"xt0psk2\"><span class=\"xjp7ctv\">Cine Villamorra<\/span><\/span><\/span><\/a>\u00a0,\u00a0<a href=\"https:\/\/www.instagram.com\/icpa_gz\">Instituto Cultural Paraguayo-Alem\u00e1n \u2013 Goethe-Zentrum<\/a>\u00a0y el\u00a0<a href=\"https:\/\/www.instagram.com\/cceasuncion\"><span class=\"html-span xdj266r x14z9mp xat24cr x1lziwak xexx8yu xyri2b x18d9i69 x1c1uobl x1hl2dhg x16tdsg8 x1vvkbs\"><span class=\"xt0psk2\"><span class=\"xjp7ctv\">Centro Cultural de Espa\u00f1a en Asunci\u00f3n<\/span><\/span><\/span><\/a>\u00a0.<\/p>\n<p>Weitere Informationen unter:<\/p>\n<div dir=\"auto\"><a href=\"https:\/\/link.europa.eu\/J9FBvp\">\u00a0<span class=\"html-span xdj266r x14z9mp xat24cr x1lziwak xexx8yu xyri2b x18d9i69 x1c1uobl x1hl2dhg x16tdsg8 x1vvkbs\">https:\/\/link.europa.eu\/J9FBvp<\/span>\u00a0<\/a><\/div>\n<div dir=\"auto\"><a href=\"https:\/\/www.facebook.com\/UnionEuropeaenParaguay\">@UnionEuropeaenParaguay| Facebook\u00a0<\/a><\/div>\n<div dir=\"auto\"><a href=\"https:\/\/www.instagram.com\/ueenparaguay\/\">@ueenparaguay | Instagram\u00a0<\/a><\/div>\n","protected":false},"excerpt":{"rendered":"<p>In diesem Monat findet in Asunci\u00f3n die 17. Ausgabe des Europ\u00e4ischen Filmfestivals statt! Die Filme stammen aus: Deutschland, Frankreich, der<\/p>\n","protected":false},"author":1,"featured_media":51470,"template":"","meta":{"colormag_page_container_layout":"default_layout","colormag_page_sidebar_layout":"default_layout","_tribe_events_status":"","_tribe_events_status_reason":"","_joinchat":[],"footnotes":""},"tags":[],"tribe_events_cat":[73,39,50,51,77],"class_list":["post-51550","tribe_events","type-tribe_events","status-publish","has-post-thumbnail","hentry","tribe_events_cat-europaisches-filmfestival-in-paraguay","tribe_events_cat-filmtheater","tribe_events_cat-kultur","tribe_events_cat-kunst","tribe_events_cat-prasenzveranstaltung","cat_europaisches-filmfestival-in-paraguay","cat_filmtheater","cat_kultur","cat_kunst","cat_prasenzveranstaltung"],"_links":{"self":[{"href":"https:\/\/www.icpa-gz.org.py\/DE\/wp-json\/wp\/v2\/tribe_events\/51550","targetHints":{"allow":["GET"]}}],"collection":[{"href":"https:\/\/www.icpa-gz.org.py\/DE\/wp-json\/wp\/v2\/tribe_events"}],"about":[{"href":"https:\/\/www.icpa-gz.org.py\/DE\/wp-json\/wp\/v2\/types\/tribe_events"}],"author":[{"embeddable":true,"href":"https:\/\/www.icpa-gz.org.py\/DE\/wp-json\/wp\/v2\/users\/1"}],"version-history":[{"count":2,"href":"https:\/\/www.icpa-gz.org.py\/DE\/wp-json\/wp\/v2\/tribe_events\/51550\/revisions"}],"predecessor-version":[{"id":51564,"href":"https:\/\/www.icpa-gz.org.py\/DE\/wp-json\/wp\/v2\/tribe_events\/51550\/revisions\/51564"}],"wp:featuredmedia":[{"embeddable":true,"href":"https:\/\/www.icpa-gz.org.py\/DE\/wp-json\/wp\/v2\/media\/51470"}],"wp:attachment":[{"href":"https:\/\/www.icpa-gz.org.py\/DE\/wp-json\/wp\/v2\/media?parent=51550"}],"wp:term":[{"taxonomy":"post_tag","embeddable":true,"href":"https:\/\/www.icpa-gz.org.py\/DE\/wp-json\/wp\/v2\/tags?post=51550"},{"taxonomy":"tribe_events_cat","embeddable":true,"href":"https:\/\/www.icpa-gz.org.py\/DE\/wp-json\/wp\/v2\/tribe_events_cat?post=51550"}],"curies":[{"name":"wp","href":"https:\/\/api.w.org\/{rel}","templated":true}]}}

„Amar perder” | Europäische Filmreihe 2026 5/10

<p>In diesem Monat findet in Asunción die 17. Ausgabe des Europäischen Filmfestivals statt!</p>
<p>Die Filme stammen aus: Deutschland, Frankreich, der Tschechischen Republik, der Slowakei, Frankreich, den Niederlanden, Dänemark, Belgien, Spanien, Italien und Schweden. Zehn Filme, die Sie begeistern werden.</p>
<p>Alle Vorführungen sind frei zugänglich und kostenlos, eine vorherige Reservierung ist nicht erforderlich, solange Platz in den Sälen vorhanden ist.<br />
Vom 19. August bis zum 4. September</p>
<p>Vorführungen an verschiedenen Veranstaltungsorten: <a href="https://www.instagram.com/cinevillamorra"><span class="html-span xdj266r x14z9mp xat24cr x1lziwak xexx8yu xyri2b x18d9i69 x1c1uobl x1hl2dhg x16tdsg8 x1vvkbs"><span class="xt0psk2"><span class="xjp7ctv">Cine Villamorra</span></span></span></a> , <a href="https://www.instagram.com/icpa_gz">Instituto Cultural Paraguayo-Alemán – Goethe-Zentrum</a> y el <a href="https://www.instagram.com/cceasuncion"><span class="html-span xdj266r x14z9mp xat24cr x1lziwak xexx8yu xyri2b x18d9i69 x1c1uobl x1hl2dhg x16tdsg8 x1vvkbs"><span class="xt0psk2"><span class="xjp7ctv">Centro Cultural de España en Asunción</span></span></span></a> .</p>
<p>Weitere Informationen unter:</p>
<div dir="auto"><a href="https://link.europa.eu/J9FBvp"> <span class="html-span xdj266r x14z9mp xat24cr x1lziwak xexx8yu xyri2b x18d9i69 x1c1uobl x1hl2dhg x16tdsg8 x1vvkbs">https://link.europa.eu/J9FBvp</span> </a></div>
<div dir="auto"><a href="https://www.facebook.com/UnionEuropeaenParaguay">@UnionEuropeaenParaguay| Facebook </a></div>
<div dir="auto"><a href="https://www.instagram.com/ueenparaguay/">@ueenparaguay | Instagram </a></div>

<p>In diesem Monat findet in Asunción die 17. Ausgabe des Europäischen Filmfestivals statt! Die Filme stammen aus: Deutschland, Frankreich, der</p>
