{"id":51363,"date":"2026-08-12T19:01:54","date_gmt":"2026-08-12T22:01:54","guid":{"rendered":"https:\/\/www.icpa-gz.org.py\/DE\/?post_type=tribe_events&#038;p=51363"},"modified":"2026-08-12T19:01:54","modified_gmt":"2026-08-12T22:01:54","slug":"ausstellung-de-donde-vienen-los-cuentos","status":"publish","type":"tribe_events","link":"https:\/\/www.icpa-gz.org.py\/DE\/evento\/ausstellung-de-donde-vienen-los-cuentos\/","title":{"rendered":"Ausstellung  &#8220;\u00bfDe d\u00f3nde vienen los cuentos?&#8221;"},"content":{"rendered":"<p>WOHER KOMMEN DIE GESCHICHTEN?<br \/>\nIllustrationen des \u201e<a href=\"https:\/\/www.instagram.com\/lei.editorial\">Laboratorio Editorial de Ilustraci\u00f3n\u201c (LEI)<\/a> unter der Leitung von <a href=\"https:\/\/www.instagram.com\/ameli.schneider.arte\">Amel\u00ed Scheider<\/a>. Wir pr\u00e4sentieren Bilderb\u00fccher!<\/p>\n<p>Geschichten k\u00f6nnen aus einem Bild, einer Erinnerung, einem Satz, einem Spiel, einer Zeichnung entstehen \u2026 Sie entstehen auch aus vielen Stunden Arbeit, aus Skizzen, Worten, Farben und der geduldigen Suche nach einer eigenen Stimme.<\/p>\n<p>Illustrationen und B\u00fccher von:<br \/>\nAmel\u00ed Schneider \u00b7 Ana Brisa Caballero \u00b7 Araceli Balbuena \u00b7 Adri Duarte \u00b7 Juan Florenci\u00e1\u00f1ez \u00b7 Alejandra Siquot \u00b7 Camila Jara \u00b7 Juana Lartigue \u00b7 Yana Vallejo \u00b7 Marit\u00e9 Zaldivar \u00b7 Dahi Mart\u00ednez \u00b7 Brigida Jude \u00b7 Villanueva<\/p>\n<p>Freitag, 14. August<br \/>\n19:00 Uhr<br \/>\nEintritt frei<\/p>\n<div dir=\"auto\">Instituto Cultural Paraguayo-Alem\u00e1n &#8211; Goethe-Zentrum (ICPA-GZ)<\/div>\n<div dir=\"auto\">Juan de Salazar y Espinoza 310<\/div>\n","protected":false},"excerpt":{"rendered":"<p>WOHER KOMMEN DIE GESCHICHTEN? Illustrationen des \u201eLaboratorio Editorial de Ilustraci\u00f3n\u201c (LEI) unter der Leitung von Amel\u00ed Scheider. Wir pr\u00e4sentieren Bilderb\u00fccher!<\/p>\n","protected":false},"author":1,"featured_media":51370,"template":"","meta":{"colormag_page_container_layout":"default_layout","colormag_page_sidebar_layout":"default_layout","_tribe_events_status":"","_tribe_events_status_reason":"","_joinchat":[],"footnotes":""},"tags":[],"tribe_events_cat":[43,49,50,51,77],"class_list":["post-51363","tribe_events","type-tribe_events","status-publish","has-post-thumbnail","hentry","tribe_events_cat-ausstellung","tribe_events_cat-gefordert-vom-icpa-gz","tribe_events_cat-kultur","tribe_events_cat-kunst","tribe_events_cat-prasenzveranstaltung","cat_ausstellung","cat_gefordert-vom-icpa-gz","cat_kultur","cat_kunst","cat_prasenzveranstaltung"],"_links":{"self":[{"href":"https:\/\/www.icpa-gz.org.py\/DE\/wp-json\/wp\/v2\/tribe_events\/51363","targetHints":{"allow":["GET"]}}],"collection":[{"href":"https:\/\/www.icpa-gz.org.py\/DE\/wp-json\/wp\/v2\/tribe_events"}],"about":[{"href":"https:\/\/www.icpa-gz.org.py\/DE\/wp-json\/wp\/v2\/types\/tribe_events"}],"author":[{"embeddable":true,"href":"https:\/\/www.icpa-gz.org.py\/DE\/wp-json\/wp\/v2\/users\/1"}],"version-history":[{"count":2,"href":"https:\/\/www.icpa-gz.org.py\/DE\/wp-json\/wp\/v2\/tribe_events\/51363\/revisions"}],"predecessor-version":[{"id":51378,"href":"https:\/\/www.icpa-gz.org.py\/DE\/wp-json\/wp\/v2\/tribe_events\/51363\/revisions\/51378"}],"wp:featuredmedia":[{"embeddable":true,"href":"https:\/\/www.icpa-gz.org.py\/DE\/wp-json\/wp\/v2\/media\/51370"}],"wp:attachment":[{"href":"https:\/\/www.icpa-gz.org.py\/DE\/wp-json\/wp\/v2\/media?parent=51363"}],"wp:term":[{"taxonomy":"post_tag","embeddable":true,"href":"https:\/\/www.icpa-gz.org.py\/DE\/wp-json\/wp\/v2\/tags?post=51363"},{"taxonomy":"tribe_events_cat","embeddable":true,"href":"https:\/\/www.icpa-gz.org.py\/DE\/wp-json\/wp\/v2\/tribe_events_cat?post=51363"}],"curies":[{"name":"wp","href":"https:\/\/api.w.org\/{rel}","templated":true}]}}

Ausstellung  &#8220;¿De dónde vienen los cuentos?&#8221;

<p>WOHER KOMMEN DIE GESCHICHTEN?<br />
Illustrationen des „<a href="https://www.instagram.com/lei.editorial">Laboratorio Editorial de Ilustración“ (LEI)</a> unter der Leitung von <a href="https://www.instagram.com/ameli.schneider.arte">Amelí Scheider</a>. Wir präsentieren Bilderbücher!</p>
<p>Geschichten können aus einem Bild, einer Erinnerung, einem Satz, einem Spiel, einer Zeichnung entstehen … Sie entstehen auch aus vielen Stunden Arbeit, aus Skizzen, Worten, Farben und der geduldigen Suche nach einer eigenen Stimme.</p>
<p>Illustrationen und Bücher von:<br />
Amelí Schneider · Ana Brisa Caballero · Araceli Balbuena · Adri Duarte · Juan Florenciáñez · Alejandra Siquot · Camila Jara · Juana Lartigue · Yana Vallejo · Marité Zaldivar · Dahi Martínez · Brigida Jude · Villanueva</p>
<p>Freitag, 14. August<br />
19:00 Uhr<br />
Eintritt frei</p>
<div dir="auto">Instituto Cultural Paraguayo-Alemán &#8211; Goethe-Zentrum (ICPA-GZ)</div>
<div dir="auto">Juan de Salazar y Espinoza 310</div>

<p>WOHER KOMMEN DIE GESCHICHTEN? Illustrationen des „Laboratorio Editorial de Ilustración“ (LEI) unter der Leitung von Amelí Scheider. Wir präsentieren Bilderbücher!</p>
