{"id":50314,"date":"2026-07-07T16:54:03","date_gmt":"2026-07-07T19:54:03","guid":{"rendered":"https:\/\/www.icpa-gz.org.py\/DE\/?post_type=tribe_events&#038;p=50314"},"modified":"2026-07-07T16:54:03","modified_gmt":"2026-07-07T19:54:03","slug":"unplugged-tributkonzert-fur-eric-clapton","status":"publish","type":"tribe_events","link":"https:\/\/www.icpa-gz.org.py\/DE\/evento\/unplugged-tributkonzert-fur-eric-clapton\/","title":{"rendered":"\u201eUnplugged\u201c \u2013 Tributkonzert f\u00fcr Eric Clapton"},"content":{"rendered":"<p>Es gibt Alben, die eine \u00c4ra pr\u00e4gen \u2026 und andere, die dein Leben ver\u00e4ndern. \u201eUnplugged\u201c (1992) von Eric Clapton ist eines davon. Ein zu 100 % akustisches Konzert, bei dem er sich durch Blues, Rock und Soul bewegte, seinen gro\u00dfen Vorbildern Tribut zollte und seine eigenen Songs neu interpretierte. Das Album wurde zum meistverkauften Live-Album aller Zeiten und gewann drei Grammy-Auszeichnungen.<\/p>\n<p>Der Musiker Mart\u00edn Garc\u00eda Vallet m\u00f6chte sich bei diesem Konzert einen Traum erf\u00fcllen: diesem historischen Album und meinem gr\u00f6\u00dften Idol, Eric Clapton, Tribut zu zollen. Bei diesem Konzert wird Garc\u00eda vom Gitarristen Diego Guzm\u00e1n und einer Live-Band begleitet, um die Magie dieses unvergesslichen Konzerts wieder aufleben zu lassen.<\/p>\n<p>Eintrittskarten: 25.000 Gs.<br \/>\n<a href=\"http:\/\/wa.me\/595986757771\">Reservierungen: 0986 757 771<\/a><\/p>\n<p>Ort: Sal\u00f3n Rolando Rasmussen<br \/>\nInstituto Cultural Paraguayo-Alem\u00e1n &#8211; Goethe-Zentrum<br \/>\nJuan de Salazar 310 esq. Artigas<\/p>\n","protected":false},"excerpt":{"rendered":"<p>Es gibt Alben, die eine \u00c4ra pr\u00e4gen \u2026 und andere, die dein Leben ver\u00e4ndern. \u201eUnplugged\u201c (1992) von Eric Clapton ist<\/p>\n","protected":false},"author":1,"featured_media":50321,"template":"","meta":{"colormag_page_container_layout":"default_layout","colormag_page_sidebar_layout":"default_layout","_tribe_events_status":"","_tribe_events_status_reason":"","_joinchat":[],"footnotes":""},"tags":[],"tribe_events_cat":[35,50,51,45,77],"class_list":["post-50314","tribe_events","type-tribe_events","status-publish","has-post-thumbnail","hentry","tribe_events_cat-konzert","tribe_events_cat-kultur","tribe_events_cat-kunst","tribe_events_cat-musik","tribe_events_cat-prasenzveranstaltung","cat_konzert","cat_kultur","cat_kunst","cat_musik","cat_prasenzveranstaltung"],"_links":{"self":[{"href":"https:\/\/www.icpa-gz.org.py\/DE\/wp-json\/wp\/v2\/tribe_events\/50314","targetHints":{"allow":["GET"]}}],"collection":[{"href":"https:\/\/www.icpa-gz.org.py\/DE\/wp-json\/wp\/v2\/tribe_events"}],"about":[{"href":"https:\/\/www.icpa-gz.org.py\/DE\/wp-json\/wp\/v2\/types\/tribe_events"}],"author":[{"embeddable":true,"href":"https:\/\/www.icpa-gz.org.py\/DE\/wp-json\/wp\/v2\/users\/1"}],"version-history":[{"count":2,"href":"https:\/\/www.icpa-gz.org.py\/DE\/wp-json\/wp\/v2\/tribe_events\/50314\/revisions"}],"predecessor-version":[{"id":50329,"href":"https:\/\/www.icpa-gz.org.py\/DE\/wp-json\/wp\/v2\/tribe_events\/50314\/revisions\/50329"}],"wp:featuredmedia":[{"embeddable":true,"href":"https:\/\/www.icpa-gz.org.py\/DE\/wp-json\/wp\/v2\/media\/50321"}],"wp:attachment":[{"href":"https:\/\/www.icpa-gz.org.py\/DE\/wp-json\/wp\/v2\/media?parent=50314"}],"wp:term":[{"taxonomy":"post_tag","embeddable":true,"href":"https:\/\/www.icpa-gz.org.py\/DE\/wp-json\/wp\/v2\/tags?post=50314"},{"taxonomy":"tribe_events_cat","embeddable":true,"href":"https:\/\/www.icpa-gz.org.py\/DE\/wp-json\/wp\/v2\/tribe_events_cat?post=50314"}],"curies":[{"name":"wp","href":"https:\/\/api.w.org\/{rel}","templated":true}]}}

„Unplugged“ – Tributkonzert für Eric Clapton

<p>Es gibt Alben, die eine Ära prägen … und andere, die dein Leben verändern. „Unplugged“ (1992) von Eric Clapton ist eines davon. Ein zu 100 % akustisches Konzert, bei dem er sich durch Blues, Rock und Soul bewegte, seinen großen Vorbildern Tribut zollte und seine eigenen Songs neu interpretierte. Das Album wurde zum meistverkauften Live-Album aller Zeiten und gewann drei Grammy-Auszeichnungen.</p>
<p>Der Musiker Martín García Vallet möchte sich bei diesem Konzert einen Traum erfüllen: diesem historischen Album und meinem größten Idol, Eric Clapton, Tribut zu zollen. Bei diesem Konzert wird García vom Gitarristen Diego Guzmán und einer Live-Band begleitet, um die Magie dieses unvergesslichen Konzerts wieder aufleben zu lassen.</p>
<p>Eintrittskarten: 25.000 Gs.<br />
<a href="http://wa.me/595986757771">Reservierungen: 0986 757 771</a></p>
<p>Ort: Salón Rolando Rasmussen<br />
Instituto Cultural Paraguayo-Alemán &#8211; Goethe-Zentrum<br />
Juan de Salazar 310 esq. Artigas</p>

<p>Es gibt Alben, die eine Ära prägen … und andere, die dein Leben verändern. „Unplugged“ (1992) von Eric Clapton ist</p>
