{"id":5008,"date":"2022-09-12T17:43:41","date_gmt":"2022-09-12T21:43:41","guid":{"rendered":"https:\/\/www.icpa-gz.org.py\/DE\/?post_type=tribe_events&#038;p=5008"},"modified":"2022-09-12T18:13:21","modified_gmt":"2022-09-12T22:13:21","slug":"deutsche-filmreihe-heimat-oder-exil-stefan-zweig-adios-a-europa-stefan-zweig-in-amerika","status":"publish","type":"tribe_events","link":"https:\/\/www.icpa-gz.org.py\/DE\/evento\/deutsche-filmreihe-heimat-oder-exil-stefan-zweig-adios-a-europa-stefan-zweig-in-amerika\/","title":{"rendered":"Deutsche Filmreihe | Heimat oder Exil | Stefan Zweig: Adi\u00f3s a Europa \/ Vor der Morgenr\u00f6te &#8211; Stefan Zweig in Amerika"},"content":{"rendered":"<p><strong>Stefan Zweig: Adi\u00f3s a Europa \/ Vor der Morgenr\u00f6te &#8211; Stefan Zweig in Amerika<\/strong><br \/>\nMittwoch, 14. September 2022 um 19:00 Uhr | Maria Schrader, 2016, Farbe, 106 Min.<\/p>\n<p>Das Deutsch-Paraguayische Kulturinstitut l\u00e4dt mit Unterst\u00fctzung des Goethe-Instituts die interessierte \u00d6ffentlichkeit zur Reihe des deutschen Films ein,\u00a0 jeden Mittwoch um 19:00 Uhr im Auditorium des ICPA-GZ.<\/p>\n<p>\ud83d\udcb8\u00a0kostenlos<br \/>\n\ud83d\udccc\u00a0Instituto Cultural Paraguayo-Alem\u00e1n \u2013 Goethe-Zentrum (ICPA-GZ) | Juan de Salazar 310 c\/ Artigas | Barrio Ricardo Brugada<br \/>\n\ud83d\udccd\u00a0P98H+9P Asunci\u00f3n<\/p>\n<p>\ud83d\udcf2\u00a0+595 986 216 091 | WA<br \/>\n\ud83d\udcde\u00a0(021) 22 44 55<br \/>\n\ud83d\udce9\u00a0informacion@icpa-gz.org.py<\/p>\n<p><iframe title=\"STEFAN ZWEIG - ADI\u00d3S A EUROPA Tr\u00e1iler Espa\u00f1ol (Drama, Biograf\u00eda - 2017)\" width=\"800\" height=\"450\" src=\"https:\/\/www.youtube.com\/embed\/blP0GgVGfqA?feature=oembed\" frameborder=\"0\" allow=\"accelerometer; autoplay; clipboard-write; encrypted-media; gyroscope; picture-in-picture\" allowfullscreen><\/iframe><\/p>\n<p>&nbsp;<\/p>\n<p>__________<\/p>\n<p><strong>DEUTSCHE FILMREIHE<\/strong><\/p>\n<p>Das Deutsch-Paraguayische Kulturinstitut l\u00e4dt mit Unterst\u00fctzung des Goethe-Instituts die interessierte \u00d6ffentlichkeit zu den deutschen Filmzyklen ein, die von August bis November dieses Jahres stattfinden werden. Die Vorf\u00fchrungen finden im Auditorium des ICPA GZ (Juan de Salazar 310 c\/ Artigas) um 19:00 Uhr statt. Der Eintritt ist frei.<br \/>\nDie Zyklen befassen sich mit unterschiedlichen Themen. Diese sind:<\/p>\n<p>Ab Mittwoch, 24. August: Juicios y desjuicios \/ Urteile und Fehlurteile<\/p>\n<p>Ab Mittwoch, 14. September: Patria o exilio \/ Heitmat oder Exile<\/p>\n<p>Ab Mittwoch, 12. Oktober: Ecolog\u00eda, naturaleza y otras faunas \/ \u00d6kologie und andere Fauna<\/p>\n<p>Ab Mittwoch, 9. November: Material<\/p>\n<p>Die Filmreihe endet am 23. November 2022.<\/p>\n<p><a href=\"https:\/\/www.icpa-gz.org.py\/DE\/index.php\/filmreihe\/\">&gt;&gt; Zur Website der Filmreihe<\/a><\/p>\n","protected":false},"excerpt":{"rendered":"<p>Stefan Zweig: Adi\u00f3s a Europa \/ Vor der Morgenr\u00f6te &#8211; Stefan Zweig in Amerika Mittwoch, 14. September 2022 um 19:00<\/p>\n","protected":false},"author":1,"featured_media":5005,"template":"","meta":{"colormag_page_container_layout":"default_layout","colormag_page_sidebar_layout":"default_layout","_tribe_events_status":"","_tribe_events_status_reason":"","_joinchat":[],"footnotes":""},"tags":[],"tribe_events_cat":[42,39],"class_list":["post-5008","tribe_events","type-tribe_events","status-publish","has-post-thumbnail","hentry","tribe_events_cat-deutsche-filmreihe","tribe_events_cat-filmtheater","cat_deutsche-filmreihe","cat_filmtheater"],"_links":{"self":[{"href":"https:\/\/www.icpa-gz.org.py\/DE\/wp-json\/wp\/v2\/tribe_events\/5008","targetHints":{"allow":["GET"]}}],"collection":[{"href":"https:\/\/www.icpa-gz.org.py\/DE\/wp-json\/wp\/v2\/tribe_events"}],"about":[{"href":"https:\/\/www.icpa-gz.org.py\/DE\/wp-json\/wp\/v2\/types\/tribe_events"}],"author":[{"embeddable":true,"href":"https:\/\/www.icpa-gz.org.py\/DE\/wp-json\/wp\/v2\/users\/1"}],"version-history":[{"count":3,"href":"https:\/\/www.icpa-gz.org.py\/DE\/wp-json\/wp\/v2\/tribe_events\/5008\/revisions"}],"predecessor-version":[{"id":5044,"href":"https:\/\/www.icpa-gz.org.py\/DE\/wp-json\/wp\/v2\/tribe_events\/5008\/revisions\/5044"}],"wp:featuredmedia":[{"embeddable":true,"href":"https:\/\/www.icpa-gz.org.py\/DE\/wp-json\/wp\/v2\/media\/5005"}],"wp:attachment":[{"href":"https:\/\/www.icpa-gz.org.py\/DE\/wp-json\/wp\/v2\/media?parent=5008"}],"wp:term":[{"taxonomy":"post_tag","embeddable":true,"href":"https:\/\/www.icpa-gz.org.py\/DE\/wp-json\/wp\/v2\/tags?post=5008"},{"taxonomy":"tribe_events_cat","embeddable":true,"href":"https:\/\/www.icpa-gz.org.py\/DE\/wp-json\/wp\/v2\/tribe_events_cat?post=5008"}],"curies":[{"name":"wp","href":"https:\/\/api.w.org\/{rel}","templated":true}]}}

Deutsche Filmreihe | Heimat oder Exil | Stefan Zweig: Adiós a Europa / Vor der Morgenröte &#8211; Stefan Zweig in Amerika

<p><strong>Stefan Zweig: Adiós a Europa / Vor der Morgenröte &#8211; Stefan Zweig in Amerika</strong><br />
Mittwoch, 14. September 2022 um 19:00 Uhr | Maria Schrader, 2016, Farbe, 106 Min.</p>
<p>Das Deutsch-Paraguayische Kulturinstitut lädt mit Unterstützung des Goethe-Instituts die interessierte Öffentlichkeit zur Reihe des deutschen Films ein,  jeden Mittwoch um 19:00 Uhr im Auditorium des ICPA-GZ.</p>
<p>💸 kostenlos<br />
📌 Instituto Cultural Paraguayo-Alemán – Goethe-Zentrum (ICPA-GZ) | Juan de Salazar 310 c/ Artigas | Barrio Ricardo Brugada<br />
📍 P98H+9P Asunción</p>
<p>📲 +595 986 216 091 | WA<br />
📞 (021) 22 44 55<br />
📩 informacion@icpa-gz.org.py</p>
<p><iframe title="STEFAN ZWEIG - ADIÓS A EUROPA Tráiler Español (Drama, Biografía - 2017)" width="800" height="450" src="https://www.youtube.com/embed/blP0GgVGfqA?feature=oembed" frameborder="0" allow="accelerometer; autoplay; clipboard-write; encrypted-media; gyroscope; picture-in-picture" allowfullscreen></iframe></p>
<p>&nbsp;</p>
<p>__________</p>
<p><strong>DEUTSCHE FILMREIHE</strong></p>
<p>Das Deutsch-Paraguayische Kulturinstitut lädt mit Unterstützung des Goethe-Instituts die interessierte Öffentlichkeit zu den deutschen Filmzyklen ein, die von August bis November dieses Jahres stattfinden werden. Die Vorführungen finden im Auditorium des ICPA GZ (Juan de Salazar 310 c/ Artigas) um 19:00 Uhr statt. Der Eintritt ist frei.<br />
Die Zyklen befassen sich mit unterschiedlichen Themen. Diese sind:</p>
<p>Ab Mittwoch, 24. August: Juicios y desjuicios / Urteile und Fehlurteile</p>
<p>Ab Mittwoch, 14. September: Patria o exilio / Heitmat oder Exile</p>
<p>Ab Mittwoch, 12. Oktober: Ecología, naturaleza y otras faunas / Ökologie und andere Fauna</p>
<p>Ab Mittwoch, 9. November: Material</p>
<p>Die Filmreihe endet am 23. November 2022.</p>
<p><a href="https://www.icpa-gz.org.py/DE/index.php/filmreihe/">&gt;&gt; Zur Website der Filmreihe</a></p>

<p>Stefan Zweig: Adiós a Europa / Vor der Morgenröte &#8211; Stefan Zweig in Amerika Mittwoch, 14. September 2022 um 19:00</p>
