{"id":48175,"date":"2026-04-21T18:56:17","date_gmt":"2026-04-21T21:56:17","guid":{"rendered":"https:\/\/www.icpa-gz.org.py\/DE\/?post_type=tribe_events&#038;p=48175"},"modified":"2026-04-21T18:56:17","modified_gmt":"2026-04-21T21:56:17","slug":"kinderworkshop-zwischen-buchern-und-farben","status":"publish","type":"tribe_events","link":"https:\/\/www.icpa-gz.org.py\/DE\/evento\/kinderworkshop-zwischen-buchern-und-farben\/","title":{"rendered":"Kinderworkshop \u201eZwischen B\u00fcchern und Farben\u201c"},"content":{"rendered":"<p>Ein Samstag \u201eZwischen B\u00fcchern und Farben\u201c<br \/>\nWir feiern den Tag des Buches im ICPA-GZ. Wir laden M\u00e4dchen und Jungen im Alter von 6 bis 11 Jahren ein, die ihr erstes Buch gestalten m\u00f6chten. In einem Bastelworkshop lernen wir, wie man den Einband und die R\u00fcckseite des Buches sowie die Innenseiten zusammenstellt. Zum<br \/>\nAbschluss beginnen wir damit, die Geschichte zu schreiben, die darin stehen wird. Kursleitung: Valeria Vega.<\/p>\n<p>F\u00fcr M\u00e4dchen und Jungen von 6 bis 11 Jahren<br \/>\nSamstag, 25. April<br \/>\n10:00 bis 12:30 Uhr<br \/>\nKostenlos<br \/>\n<a href=\"https:\/\/forms.gle\/Xeu9pjVgrxQ6iQYP8\">Melde dich \u00fcber diesen Link an<\/a><\/p>\n<p>Instituto Cultural Paraguayo-Alem\u00e1n \u2013 Goethe-Zentrum<br \/>\nJuan de Salazar 310 esq. Artigas (Asunci\u00f3n)<\/p>\n","protected":false},"excerpt":{"rendered":"<p>Ein Samstag \u201eZwischen B\u00fcchern und Farben\u201c Wir feiern den Tag des Buches im ICPA-GZ. Wir laden M\u00e4dchen und Jungen im<\/p>\n","protected":false},"author":1,"featured_media":48182,"template":"","meta":{"colormag_page_container_layout":"default_layout","colormag_page_sidebar_layout":"default_layout","_tribe_events_status":"","_tribe_events_status_reason":"","_joinchat":[],"footnotes":""},"tags":[],"tribe_events_cat":[36,49,50,51,77,41,81,34],"class_list":["post-48175","tribe_events","type-tribe_events","status-publish","has-post-thumbnail","hentry","tribe_events_cat-bibliothek","tribe_events_cat-gefordert-vom-icpa-gz","tribe_events_cat-kultur","tribe_events_cat-kunst","tribe_events_cat-prasenzveranstaltung","tribe_events_cat-theater","tribe_events_cat-veranstaltung-fur-kinder","tribe_events_cat-workshop","cat_bibliothek","cat_gefordert-vom-icpa-gz","cat_kultur","cat_kunst","cat_prasenzveranstaltung","cat_theater","cat_veranstaltung-fur-kinder","cat_workshop"],"_links":{"self":[{"href":"https:\/\/www.icpa-gz.org.py\/DE\/wp-json\/wp\/v2\/tribe_events\/48175","targetHints":{"allow":["GET"]}}],"collection":[{"href":"https:\/\/www.icpa-gz.org.py\/DE\/wp-json\/wp\/v2\/tribe_events"}],"about":[{"href":"https:\/\/www.icpa-gz.org.py\/DE\/wp-json\/wp\/v2\/types\/tribe_events"}],"author":[{"embeddable":true,"href":"https:\/\/www.icpa-gz.org.py\/DE\/wp-json\/wp\/v2\/users\/1"}],"version-history":[{"count":2,"href":"https:\/\/www.icpa-gz.org.py\/DE\/wp-json\/wp\/v2\/tribe_events\/48175\/revisions"}],"predecessor-version":[{"id":48190,"href":"https:\/\/www.icpa-gz.org.py\/DE\/wp-json\/wp\/v2\/tribe_events\/48175\/revisions\/48190"}],"wp:featuredmedia":[{"embeddable":true,"href":"https:\/\/www.icpa-gz.org.py\/DE\/wp-json\/wp\/v2\/media\/48182"}],"wp:attachment":[{"href":"https:\/\/www.icpa-gz.org.py\/DE\/wp-json\/wp\/v2\/media?parent=48175"}],"wp:term":[{"taxonomy":"post_tag","embeddable":true,"href":"https:\/\/www.icpa-gz.org.py\/DE\/wp-json\/wp\/v2\/tags?post=48175"},{"taxonomy":"tribe_events_cat","embeddable":true,"href":"https:\/\/www.icpa-gz.org.py\/DE\/wp-json\/wp\/v2\/tribe_events_cat?post=48175"}],"curies":[{"name":"wp","href":"https:\/\/api.w.org\/{rel}","templated":true}]}}

Kinderworkshop „Zwischen Büchern und Farben“

<p>Ein Samstag „Zwischen Büchern und Farben“<br />
Wir feiern den Tag des Buches im ICPA-GZ. Wir laden Mädchen und Jungen im Alter von 6 bis 11 Jahren ein, die ihr erstes Buch gestalten möchten. In einem Bastelworkshop lernen wir, wie man den Einband und die Rückseite des Buches sowie die Innenseiten zusammenstellt. Zum<br />
Abschluss beginnen wir damit, die Geschichte zu schreiben, die darin stehen wird. Kursleitung: Valeria Vega.</p>
<p>Für Mädchen und Jungen von 6 bis 11 Jahren<br />
Samstag, 25. April<br />
10:00 bis 12:30 Uhr<br />
Kostenlos<br />
<a href="https://forms.gle/Xeu9pjVgrxQ6iQYP8">Melde dich über diesen Link an</a></p>
<p>Instituto Cultural Paraguayo-Alemán – Goethe-Zentrum<br />
Juan de Salazar 310 esq. Artigas (Asunción)</p>

<p>Ein Samstag „Zwischen Büchern und Farben“ Wir feiern den Tag des Buches im ICPA-GZ. Wir laden Mädchen und Jungen im</p>
