{"id":4815,"date":"2022-08-18T18:26:22","date_gmt":"2022-08-18T22:26:22","guid":{"rendered":"https:\/\/www.icpa-gz.org.py\/DE\/?post_type=tribe_events&#038;p=4815"},"modified":"2022-08-19T16:26:01","modified_gmt":"2022-08-19T20:26:01","slug":"deutsche-filmreihe-urteile-und-fehlurteile-hannah-arendt-esp","status":"publish","type":"tribe_events","link":"https:\/\/www.icpa-gz.org.py\/DE\/evento\/deutsche-filmreihe-urteile-und-fehlurteile-hannah-arendt-esp\/","title":{"rendered":"Deutsche Filmreihe | Urteile und Fehlurteile | Hannah Arendt [esp]"},"content":{"rendered":"<p><strong>Hannah Arendt<\/strong><br \/>\nMittwoch, 24. August 2022 um 19:00 Uhr | Margarethe von Trotta, 2012, Farbe, 113 Min.<\/p>\n<p>Das Deutsch-Paraguayische Kulturinstitut l\u00e4dt mit Unterst\u00fctzung des Goethe-Instituts die interessierte \u00d6ffentlichkeit zur Filmreihe \u201cJuicios y desjuicios\u201d ein,\u00a0 jeden Mittwoch um 19:00 Uhr im Auditorium des ICPA-GZ.<\/p>\n<p>\ud83d\udcb8\u00a0kostenlos<br \/>\n\ud83d\udccc\u00a0Instituto Cultural Paraguayo-Alem\u00e1n \u2013 Goethe-Zentrum (ICPA-GZ) | Juan de Salazar 310 c\/ Artigas | Barrio Ricardo Brugada<br \/>\n\ud83d\udccd\u00a0P98H+9P Asunci\u00f3n<\/p>\n<p>\ud83d\udcf2\u00a0+595 986 216 091 | WA<br \/>\n\ud83d\udcde\u00a0(021) 22 44 55<br \/>\n\ud83d\udce9\u00a0informacion@icpa-gz.org.py<\/p>\n<p>__________<\/p>\n<p><strong>DEUTSCHE FILMREIHE<\/strong><\/p>\n<p>Das Deutsch-Paraguayische Kulturinstitut l\u00e4dt mit Unterst\u00fctzung des Goethe-Instituts die interessierte \u00d6ffentlichkeit zu den deutschen Filmzyklen ein, die von August bis November dieses Jahres stattfinden werden. Die Vorf\u00fchrungen finden im Auditorium des ICPA GZ (Juan de Salazar 310 c\/ Artigas) um 19:00 Uhr statt. Der Eintritt ist frei.<br \/>\nDie Zyklen befassen sich mit unterschiedlichen Themen. Diese sind:<\/p>\n<p>Ab Mittwoch, 24. August: Juicios y desjuicios \/ Urteile und Fehlurteile<\/p>\n<p>Ab Mittwoch, 14. September: Patria o exilio \/ Heitmat oder Exile<\/p>\n<p>Ab Mittwoch, 12. Oktober: Ecolog\u00eda, naturaleza y otras faunas \/ \u00d6kologie und andere Fauna<\/p>\n<p>Ab Mittwoch, 9. November: Material<\/p>\n<p>Die Filmreihe endet am 23. November 2022.<\/p>\n<p><a href=\"https:\/\/www.icpa-gz.org.py\/DE\/index.php\/filmreihe\/\">&gt;&gt; Zur Website der Filmreihe<\/a><\/p>\n","protected":false},"excerpt":{"rendered":"<p>Hannah Arendt Mittwoch, 24. August 2022 um 19:00 Uhr | Margarethe von Trotta, 2012, Farbe, 113 Min. Das Deutsch-Paraguayische Kulturinstitut<\/p>\n","protected":false},"author":1,"featured_media":4835,"template":"","meta":{"colormag_page_container_layout":"default_layout","colormag_page_sidebar_layout":"default_layout","_tribe_events_status":"","_tribe_events_status_reason":"","_joinchat":[],"footnotes":""},"tags":[],"tribe_events_cat":[39],"class_list":["post-4815","tribe_events","type-tribe_events","status-publish","has-post-thumbnail","hentry","tribe_events_cat-filmtheater","cat_filmtheater"],"_links":{"self":[{"href":"https:\/\/www.icpa-gz.org.py\/DE\/wp-json\/wp\/v2\/tribe_events\/4815","targetHints":{"allow":["GET"]}}],"collection":[{"href":"https:\/\/www.icpa-gz.org.py\/DE\/wp-json\/wp\/v2\/tribe_events"}],"about":[{"href":"https:\/\/www.icpa-gz.org.py\/DE\/wp-json\/wp\/v2\/types\/tribe_events"}],"author":[{"embeddable":true,"href":"https:\/\/www.icpa-gz.org.py\/DE\/wp-json\/wp\/v2\/users\/1"}],"version-history":[{"count":4,"href":"https:\/\/www.icpa-gz.org.py\/DE\/wp-json\/wp\/v2\/tribe_events\/4815\/revisions"}],"predecessor-version":[{"id":4873,"href":"https:\/\/www.icpa-gz.org.py\/DE\/wp-json\/wp\/v2\/tribe_events\/4815\/revisions\/4873"}],"wp:featuredmedia":[{"embeddable":true,"href":"https:\/\/www.icpa-gz.org.py\/DE\/wp-json\/wp\/v2\/media\/4835"}],"wp:attachment":[{"href":"https:\/\/www.icpa-gz.org.py\/DE\/wp-json\/wp\/v2\/media?parent=4815"}],"wp:term":[{"taxonomy":"post_tag","embeddable":true,"href":"https:\/\/www.icpa-gz.org.py\/DE\/wp-json\/wp\/v2\/tags?post=4815"},{"taxonomy":"tribe_events_cat","embeddable":true,"href":"https:\/\/www.icpa-gz.org.py\/DE\/wp-json\/wp\/v2\/tribe_events_cat?post=4815"}],"curies":[{"name":"wp","href":"https:\/\/api.w.org\/{rel}","templated":true}]}}

<p><strong>Hannah Arendt</strong><br />
Mittwoch, 24. August 2022 um 19:00 Uhr | Margarethe von Trotta, 2012, Farbe, 113 Min.</p>
<p>Das Deutsch-Paraguayische Kulturinstitut lädt mit Unterstützung des Goethe-Instituts die interessierte Öffentlichkeit zur Filmreihe “Juicios y desjuicios” ein,  jeden Mittwoch um 19:00 Uhr im Auditorium des ICPA-GZ.</p>
<p>💸 kostenlos<br />
📌 Instituto Cultural Paraguayo-Alemán – Goethe-Zentrum (ICPA-GZ) | Juan de Salazar 310 c/ Artigas | Barrio Ricardo Brugada<br />
📍 P98H+9P Asunción</p>
<p>📲 +595 986 216 091 | WA<br />
📞 (021) 22 44 55<br />
📩 informacion@icpa-gz.org.py</p>
<p>__________</p>
<p><strong>DEUTSCHE FILMREIHE</strong></p>
<p>Das Deutsch-Paraguayische Kulturinstitut lädt mit Unterstützung des Goethe-Instituts die interessierte Öffentlichkeit zu den deutschen Filmzyklen ein, die von August bis November dieses Jahres stattfinden werden. Die Vorführungen finden im Auditorium des ICPA GZ (Juan de Salazar 310 c/ Artigas) um 19:00 Uhr statt. Der Eintritt ist frei.<br />
Die Zyklen befassen sich mit unterschiedlichen Themen. Diese sind:</p>
<p>Ab Mittwoch, 24. August: Juicios y desjuicios / Urteile und Fehlurteile</p>
<p>Ab Mittwoch, 14. September: Patria o exilio / Heitmat oder Exile</p>
<p>Ab Mittwoch, 12. Oktober: Ecología, naturaleza y otras faunas / Ökologie und andere Fauna</p>
<p>Ab Mittwoch, 9. November: Material</p>
<p>Die Filmreihe endet am 23. November 2022.</p>
<p><a href="https://www.icpa-gz.org.py/DE/index.php/filmreihe/">&gt;&gt; Zur Website der Filmreihe</a></p>
