{"id":48136,"date":"2026-04-14T16:10:59","date_gmt":"2026-04-14T19:10:59","guid":{"rendered":"https:\/\/www.icpa-gz.org.py\/DE\/?post_type=tribe_events&#038;p=48136"},"modified":"2026-04-14T16:10:59","modified_gmt":"2026-04-14T19:10:59","slug":"konferenz-fur-duale-ausbildung-in-deutschland","status":"publish","type":"tribe_events","link":"https:\/\/www.icpa-gz.org.py\/DE\/evento\/konferenz-fur-duale-ausbildung-in-deutschland\/","title":{"rendered":"Konferenz fur Duale Ausbildung in Deutschland"},"content":{"rendered":"<p>M\u00f6chtest du in Deutschland gleichzeitig lernen und arbeiten?<br \/>\nWillst du wissen, wie die duale Ausbildung funktioniert und welche Chancen sie dir bietet?<br \/>\nDas Goethe-Institut, im Rahmen der PASCH-Initiative, DAMOS und die Bundesagentur f\u00fcr Arbeit (Programm APAL) laden dich zur Info\u2011Session ein:<\/p>\n<p>Duale Ausbildung in Deutschland<br \/>\nEine Veranstaltung f\u00fcr Jugendlichen, die ihre Zukunft in Deutschland planen und mehr \u00fcber die Ausbildungsm\u00f6glichkeiten erfahren m\u00f6chten.<\/p>\n<p>Donnerstag, 16.04<br \/>\n10:00 Chile \/ 11:00 Argentinien, Paraguay, Uruguay<br \/>\n<a href=\"https:\/\/goethe-institut.zoom.us\/meeting\/register\/cgy-kcS2TaWCwNDdu9MDYg\">Online via Zoom &#8211; Hier anmelden<\/a><br \/>\nBilingual: Spanisch &amp; Deutsch<br \/>\nKomm vorbei &amp; informier dich!<\/p>\n","protected":false},"excerpt":{"rendered":"<p>M\u00f6chtest du in Deutschland gleichzeitig lernen und arbeiten? Willst du wissen, wie die duale Ausbildung funktioniert und welche Chancen sie<\/p>\n","protected":false},"author":1,"featured_media":48143,"template":"","meta":{"colormag_page_container_layout":"default_layout","colormag_page_sidebar_layout":"default_layout","_tribe_events_status":"","_tribe_events_status_reason":"","_joinchat":[],"footnotes":""},"tags":[],"tribe_events_cat":[97,35,84,78],"class_list":["post-48136","tribe_events","type-tribe_events","status-publish","has-post-thumbnail","hentry","tribe_events_cat-goethe-institut","tribe_events_cat-konzert","tribe_events_cat-leben-arbeiten-in-deutschland","tribe_events_cat-online-veranstaltung","cat_goethe-institut","cat_konzert","cat_leben-arbeiten-in-deutschland","cat_online-veranstaltung"],"_links":{"self":[{"href":"https:\/\/www.icpa-gz.org.py\/DE\/wp-json\/wp\/v2\/tribe_events\/48136","targetHints":{"allow":["GET"]}}],"collection":[{"href":"https:\/\/www.icpa-gz.org.py\/DE\/wp-json\/wp\/v2\/tribe_events"}],"about":[{"href":"https:\/\/www.icpa-gz.org.py\/DE\/wp-json\/wp\/v2\/types\/tribe_events"}],"author":[{"embeddable":true,"href":"https:\/\/www.icpa-gz.org.py\/DE\/wp-json\/wp\/v2\/users\/1"}],"version-history":[{"count":2,"href":"https:\/\/www.icpa-gz.org.py\/DE\/wp-json\/wp\/v2\/tribe_events\/48136\/revisions"}],"predecessor-version":[{"id":48151,"href":"https:\/\/www.icpa-gz.org.py\/DE\/wp-json\/wp\/v2\/tribe_events\/48136\/revisions\/48151"}],"wp:featuredmedia":[{"embeddable":true,"href":"https:\/\/www.icpa-gz.org.py\/DE\/wp-json\/wp\/v2\/media\/48143"}],"wp:attachment":[{"href":"https:\/\/www.icpa-gz.org.py\/DE\/wp-json\/wp\/v2\/media?parent=48136"}],"wp:term":[{"taxonomy":"post_tag","embeddable":true,"href":"https:\/\/www.icpa-gz.org.py\/DE\/wp-json\/wp\/v2\/tags?post=48136"},{"taxonomy":"tribe_events_cat","embeddable":true,"href":"https:\/\/www.icpa-gz.org.py\/DE\/wp-json\/wp\/v2\/tribe_events_cat?post=48136"}],"curies":[{"name":"wp","href":"https:\/\/api.w.org\/{rel}","templated":true}]}}

<p>Möchtest du in Deutschland gleichzeitig lernen und arbeiten?<br />
Willst du wissen, wie die duale Ausbildung funktioniert und welche Chancen sie dir bietet?<br />
Das Goethe-Institut, im Rahmen der PASCH-Initiative, DAMOS und die Bundesagentur für Arbeit (Programm APAL) laden dich zur Info‑Session ein:</p>
<p>Duale Ausbildung in Deutschland<br />
Eine Veranstaltung für Jugendlichen, die ihre Zukunft in Deutschland planen und mehr über die Ausbildungsmöglichkeiten erfahren möchten.</p>
<p>Donnerstag, 16.04<br />
10:00 Chile / 11:00 Argentinien, Paraguay, Uruguay<br />
<a href="https://goethe-institut.zoom.us/meeting/register/cgy-kcS2TaWCwNDdu9MDYg">Online via Zoom &#8211; Hier anmelden</a><br />
Bilingual: Spanisch &amp; Deutsch<br />
Komm vorbei &amp; informier dich!</p>

<p>Möchtest du in Deutschland gleichzeitig lernen und arbeiten? Willst du wissen, wie die duale Ausbildung funktioniert und welche Chancen sie</p>
