{"id":47606,"date":"2026-03-24T18:03:11","date_gmt":"2026-03-24T21:03:11","guid":{"rendered":"https:\/\/www.icpa-gz.org.py\/DE\/?post_type=tribe_events&#038;p=47606"},"modified":"2026-03-24T18:03:22","modified_gmt":"2026-03-24T21:03:22","slug":"theater-cuentos-de-la-vieja-tacuaral","status":"publish","type":"tribe_events","link":"https:\/\/www.icpa-gz.org.py\/DE\/evento\/theater-cuentos-de-la-vieja-tacuaral\/","title":{"rendered":"Theater &#8220;Cuentos de la Vieja Tacuaral&#8221;"},"content":{"rendered":"<p>Dieses von Juan Pastoriza verfasste Theaterst\u00fcck ist eine Hommage an Ypacara\u00ed und seine Legenden. Eine Inszenierung voller Tanz, Musik und Farbe.<br \/>\nDie Regie f\u00fchrt<a href=\"https:\/\/www.instagram.com\/hannes_burginteatroactstudio\"> Juan B\u00fcrgin<\/a>. Mit den Darstellern \u00c1ngeles Roa, Maria Del Mar Monge, Liz Noguera, Cinthia Montaner, Florencia Ram\u00edrez, Mar\u00eda Fernanda Flores, Pedro Garc\u00eda Narv\u00e1ez, Carlos Tapia, Luis Reyes und Mauricio Bauza.<\/p>\n<p>Samstag, 28. M\u00e4rz<br \/>\n20:00 Uhr<br \/>\n30.000 Gs. | 2 x 40.000 Gs.<\/p>\n<p>F\u00fcr weitere Informationen kontaktieren Sie uns bitte:<br \/>\n<a href=\"http:\/\/wa.me\/59591646689\">+59591646689<\/a><\/p>\n<p>Instituto Cultural Paraguayo-Alem\u00e1n &#8211; Goethe-Zentrum<br \/>\nJuan de Salazar 310, Asunci\u00f3n<\/p>\n","protected":false},"excerpt":{"rendered":"<p>Dieses von Juan Pastoriza verfasste Theaterst\u00fcck ist eine Hommage an Ypacara\u00ed und seine Legenden. Eine Inszenierung voller Tanz, Musik und<\/p>\n","protected":false},"author":1,"featured_media":47613,"template":"","meta":{"colormag_page_container_layout":"default_layout","colormag_page_sidebar_layout":"default_layout","_tribe_events_status":"","_tribe_events_status_reason":"","_joinchat":[],"footnotes":""},"tags":[],"tribe_events_cat":[49,50,51,77,41],"class_list":["post-47606","tribe_events","type-tribe_events","status-publish","has-post-thumbnail","hentry","tribe_events_cat-gefordert-vom-icpa-gz","tribe_events_cat-kultur","tribe_events_cat-kunst","tribe_events_cat-prasenzveranstaltung","tribe_events_cat-theater","cat_gefordert-vom-icpa-gz","cat_kultur","cat_kunst","cat_prasenzveranstaltung","cat_theater"],"_links":{"self":[{"href":"https:\/\/www.icpa-gz.org.py\/DE\/wp-json\/wp\/v2\/tribe_events\/47606","targetHints":{"allow":["GET"]}}],"collection":[{"href":"https:\/\/www.icpa-gz.org.py\/DE\/wp-json\/wp\/v2\/tribe_events"}],"about":[{"href":"https:\/\/www.icpa-gz.org.py\/DE\/wp-json\/wp\/v2\/types\/tribe_events"}],"author":[{"embeddable":true,"href":"https:\/\/www.icpa-gz.org.py\/DE\/wp-json\/wp\/v2\/users\/1"}],"version-history":[{"count":2,"href":"https:\/\/www.icpa-gz.org.py\/DE\/wp-json\/wp\/v2\/tribe_events\/47606\/revisions"}],"predecessor-version":[{"id":47621,"href":"https:\/\/www.icpa-gz.org.py\/DE\/wp-json\/wp\/v2\/tribe_events\/47606\/revisions\/47621"}],"wp:featuredmedia":[{"embeddable":true,"href":"https:\/\/www.icpa-gz.org.py\/DE\/wp-json\/wp\/v2\/media\/47613"}],"wp:attachment":[{"href":"https:\/\/www.icpa-gz.org.py\/DE\/wp-json\/wp\/v2\/media?parent=47606"}],"wp:term":[{"taxonomy":"post_tag","embeddable":true,"href":"https:\/\/www.icpa-gz.org.py\/DE\/wp-json\/wp\/v2\/tags?post=47606"},{"taxonomy":"tribe_events_cat","embeddable":true,"href":"https:\/\/www.icpa-gz.org.py\/DE\/wp-json\/wp\/v2\/tribe_events_cat?post=47606"}],"curies":[{"name":"wp","href":"https:\/\/api.w.org\/{rel}","templated":true}]}}

<p>Dieses von Juan Pastoriza verfasste Theaterstück ist eine Hommage an Ypacaraí und seine Legenden. Eine Inszenierung voller Tanz, Musik und Farbe.<br />
Die Regie führt<a href="https://www.instagram.com/hannes_burginteatroactstudio"> Juan Bürgin</a>. Mit den Darstellern Ángeles Roa, Maria Del Mar Monge, Liz Noguera, Cinthia Montaner, Florencia Ramírez, María Fernanda Flores, Pedro García Narváez, Carlos Tapia, Luis Reyes und Mauricio Bauza.</p>
<p>Samstag, 28. März<br />
20:00 Uhr<br />
30.000 Gs. | 2 x 40.000 Gs.</p>
<p>Für weitere Informationen kontaktieren Sie uns bitte:<br />
<a href="http://wa.me/59591646689">+59591646689</a></p>
<p>Instituto Cultural Paraguayo-Alemán &#8211; Goethe-Zentrum<br />
Juan de Salazar 310, Asunción</p>

<p>Dieses von Juan Pastoriza verfasste Theaterstück ist eine Hommage an Ypacaraí und seine Legenden. Eine Inszenierung voller Tanz, Musik und</p>
