{"id":4705,"date":"2022-07-28T16:56:08","date_gmt":"2022-07-28T20:56:08","guid":{"rendered":"https:\/\/www.icpa-gz.org.py\/DE\/?post_type=tribe_events&#038;p=4705"},"modified":"2022-07-28T16:57:01","modified_gmt":"2022-07-28T20:57:01","slug":"retrospektive-jeanine-meerapfel-amigomio","status":"publish","type":"tribe_events","link":"https:\/\/www.icpa-gz.org.py\/DE\/evento\/retrospektive-jeanine-meerapfel-amigomio\/","title":{"rendered":"Retrospektive Jeanine Meerapfel | Amigom\u00edo"},"content":{"rendered":"<p><strong>Amigom\u00edo<\/strong><br \/>\nArgentinien\/ Deutschland, 114 Min., 1995<\/p>\n<p>Mit: Daniel Kuzniecka, Diego Mesaglio, Atilio Veronelli<\/p>\n<p>Montag 10\/10 bis Sonntag 16\/10 |\u00a0<a href=\"https:\/\/meerapfel.goethe-on-demand.de\/\">Goethe on Demand \u2014 Jeanine Meerapfel<\/a><\/p>\n<p><strong>Inhalt<\/strong><br \/>\nAmigom\u00edo schildert die Beziehung zwischen dem achtj\u00e4hrigen Amigom\u00edo und seinem Vater Carlos. Der drei\u00dfigj\u00e4hrige arbeitslose Akademiker hat sich vor kurzem von seiner Frau Negra getrennt. Pl\u00f6tzlich wird Negra vom Milit\u00e4r verschleppt. Vater und Sohn m\u00fcssen Argentinien sofort verlassen. Eine abenteuerliche Reise durch die Anden beginnt. In ramponierten Z\u00fcgen und \u00fcberf\u00fcllten Bussen durchstreifen sie die karge Hochebene Boliviens, die 4000 Meter hoch gelegene Minenstadt Potos\u00ed, die subtropischen W\u00e4lder Ekuadors. Sie treffen auf seltsame Gestalten, auf Legenden und zeitlose Mythen der Indio-Kultur. \u2028\u2028Endlich in Quito angekommen, findet der Vater eine Anstellung bei einem deutschen Unternehmen. Er vermisst sein Land und Negra. Der kleine Amigom\u00edo, mit weniger Erinnerungen belastet, kann sich besser anpassen und wird im Laufe der Jahre ein echter Junge aus Quito. Er m\u00f6chte Ekuadorianer sein, der Vater will Argentinier bleiben.<\/p>\n<p>__________<\/p>\n<p>Retrospektive Jeanine Meerapfel: Kino im Zeiten des des Umbruchs | Online-Filmreihe<br \/>\nReisen, Freundschaften, Abgelegenheit. Die Filme von Jeanine Meerapfel verkehren* zwischen zwei Kontinenten, erz\u00e4hlen Geschichten \u00fcber intime und geschwisterliche Beziehungen, rufen Gef\u00fchle wach, die uns menschlich machen, und prangern die institutionelle Gewalt w\u00e4hrend der Milit\u00e4rdiktatur in Argentinien an.<br \/>\nAb dem 8. August werden in Argentinien, Uruguay, Chile und Paraguay vier bedeutende Filme von der argentinisch-deutschen Filmemacherin Jeanine Meerapfel gezeigt. Auf Spanisch, kostenlos und online auf Goethe on Demand, der Streaming-Plattform des Goethe-Instituts: \u201eDesembarcos\u201d, \u201eLa amiga\u201d, \u201eAmigom\u00edo\u201d und \u201eEl amigo alem\u00e1n\u201d.<\/p>\n<p><strong>Programm<\/strong><\/p>\n<ul>\n<li>Montag 8\/8 bis Sonntag 14\/8: Desembarcos<\/li>\n<li>Montag 5\/9 bis Sonntag 11\/9: La amiga<\/li>\n<li>Montag 10\/10 bis Sonntag 16\/10: Amigomio<\/li>\n<li>Montag 07\/11 bis Sonntag 13\/11: Der deutsche Freund<\/li>\n<\/ul>\n<div><a href=\"https:\/\/www.icpa-gz.org.py\/DE\/index.php\/retrosepektive-jeanine-meerapfel-kino-in-zeiten-des-umbruchs\/\">Zur Internetpr\u00e4senz der Filmreihe<\/a><\/div>\n","protected":false},"excerpt":{"rendered":"<p>Amigom\u00edo Argentinien\/ Deutschland, 114 Min., 1995 Mit: Daniel Kuzniecka, Diego Mesaglio, Atilio Veronelli Montag 10\/10 bis Sonntag 16\/10 |\u00a0Goethe on<\/p>\n","protected":false},"author":1,"featured_media":4660,"template":"","meta":{"colormag_page_container_layout":"default_layout","colormag_page_sidebar_layout":"default_layout","_tribe_events_status":"","_tribe_events_status_reason":"","_joinchat":[],"footnotes":""},"tags":[],"tribe_events_cat":[39],"class_list":["post-4705","tribe_events","type-tribe_events","status-publish","has-post-thumbnail","hentry","tribe_events_cat-filmtheater","cat_filmtheater"],"_links":{"self":[{"href":"https:\/\/www.icpa-gz.org.py\/DE\/wp-json\/wp\/v2\/tribe_events\/4705","targetHints":{"allow":["GET"]}}],"collection":[{"href":"https:\/\/www.icpa-gz.org.py\/DE\/wp-json\/wp\/v2\/tribe_events"}],"about":[{"href":"https:\/\/www.icpa-gz.org.py\/DE\/wp-json\/wp\/v2\/types\/tribe_events"}],"author":[{"embeddable":true,"href":"https:\/\/www.icpa-gz.org.py\/DE\/wp-json\/wp\/v2\/users\/1"}],"version-history":[{"count":2,"href":"https:\/\/www.icpa-gz.org.py\/DE\/wp-json\/wp\/v2\/tribe_events\/4705\/revisions"}],"predecessor-version":[{"id":4708,"href":"https:\/\/www.icpa-gz.org.py\/DE\/wp-json\/wp\/v2\/tribe_events\/4705\/revisions\/4708"}],"wp:featuredmedia":[{"embeddable":true,"href":"https:\/\/www.icpa-gz.org.py\/DE\/wp-json\/wp\/v2\/media\/4660"}],"wp:attachment":[{"href":"https:\/\/www.icpa-gz.org.py\/DE\/wp-json\/wp\/v2\/media?parent=4705"}],"wp:term":[{"taxonomy":"post_tag","embeddable":true,"href":"https:\/\/www.icpa-gz.org.py\/DE\/wp-json\/wp\/v2\/tags?post=4705"},{"taxonomy":"tribe_events_cat","embeddable":true,"href":"https:\/\/www.icpa-gz.org.py\/DE\/wp-json\/wp\/v2\/tribe_events_cat?post=4705"}],"curies":[{"name":"wp","href":"https:\/\/api.w.org\/{rel}","templated":true}]}}

Retrospektive Jeanine Meerapfel | Amigomío

<p><strong>Amigomío</strong><br />
Argentinien/ Deutschland, 114 Min., 1995</p>
<p>Mit: Daniel Kuzniecka, Diego Mesaglio, Atilio Veronelli</p>
<p>Montag 10/10 bis Sonntag 16/10 | <a href="https://meerapfel.goethe-on-demand.de/">Goethe on Demand — Jeanine Meerapfel</a></p>
<p><strong>Inhalt</strong><br />
Amigomío schildert die Beziehung zwischen dem achtjährigen Amigomío und seinem Vater Carlos. Der dreißigjährige arbeitslose Akademiker hat sich vor kurzem von seiner Frau Negra getrennt. Plötzlich wird Negra vom Militär verschleppt. Vater und Sohn müssen Argentinien sofort verlassen. Eine abenteuerliche Reise durch die Anden beginnt. In ramponierten Zügen und überfüllten Bussen durchstreifen sie die karge Hochebene Boliviens, die 4000 Meter hoch gelegene Minenstadt Potosí, die subtropischen Wälder Ekuadors. Sie treffen auf seltsame Gestalten, auf Legenden und zeitlose Mythen der Indio-Kultur.   Endlich in Quito angekommen, findet der Vater eine Anstellung bei einem deutschen Unternehmen. Er vermisst sein Land und Negra. Der kleine Amigomío, mit weniger Erinnerungen belastet, kann sich besser anpassen und wird im Laufe der Jahre ein echter Junge aus Quito. Er möchte Ekuadorianer sein, der Vater will Argentinier bleiben.</p>
<p>__________</p>
<p>Retrospektive Jeanine Meerapfel: Kino im Zeiten des des Umbruchs | Online-Filmreihe<br />
Reisen, Freundschaften, Abgelegenheit. Die Filme von Jeanine Meerapfel verkehren* zwischen zwei Kontinenten, erzählen Geschichten über intime und geschwisterliche Beziehungen, rufen Gefühle wach, die uns menschlich machen, und prangern die institutionelle Gewalt während der Militärdiktatur in Argentinien an.<br />
Ab dem 8. August werden in Argentinien, Uruguay, Chile und Paraguay vier bedeutende Filme von der argentinisch-deutschen Filmemacherin Jeanine Meerapfel gezeigt. Auf Spanisch, kostenlos und online auf Goethe on Demand, der Streaming-Plattform des Goethe-Instituts: „Desembarcos”, „La amiga”, „Amigomío” und „El amigo alemán”.</p>
<p><strong>Programm</strong></p>
<ul>
<li>Montag 8/8 bis Sonntag 14/8: Desembarcos</li>
<li>Montag 5/9 bis Sonntag 11/9: La amiga</li>
<li>Montag 10/10 bis Sonntag 16/10: Amigomio</li>
<li>Montag 07/11 bis Sonntag 13/11: Der deutsche Freund</li>
</ul>
<div><a href="https://www.icpa-gz.org.py/DE/index.php/retrosepektive-jeanine-meerapfel-kino-in-zeiten-des-umbruchs/">Zur Internetpräsenz der Filmreihe</a></div>

<p>Amigomío Argentinien/ Deutschland, 114 Min., 1995 Mit: Daniel Kuzniecka, Diego Mesaglio, Atilio Veronelli Montag 10/10 bis Sonntag 16/10 | Goethe on</p>
