{"id":41095,"date":"2025-05-20T15:43:40","date_gmt":"2025-05-20T19:43:40","guid":{"rendered":"https:\/\/www.icpa-gz.org.py\/DE\/?post_type=tribe_events&#038;p=41095"},"modified":"2025-05-20T15:43:40","modified_gmt":"2025-05-20T19:43:40","slug":"les-pas-perdus-xvi-europaisches-filmfestival","status":"publish","type":"tribe_events","link":"https:\/\/www.icpa-gz.org.py\/DE\/evento\/les-pas-perdus-xvi-europaisches-filmfestival\/","title":{"rendered":"Les pas perdus | XVI Europ\u00e4isches Filmfestival"},"content":{"rendered":"<p>Die 16. Europ\u00e4ische Filmsaison findet vom 22. bis 30. Mai statt. Wir erwarten Sie, um alle Filme zu sehen, die wir f\u00fcr Sie bereithalten, mit freiem Zugang.<\/p>\n<p><strong>Les pas perdus<\/strong><\/p>\n<p>Das Gerichtsgeb\u00e4ude \u00f6ffnet seine T\u00fcren. Die Menschen str\u00f6men hinein auf der Suche nach Freiheit, Anerkennung, Liebe und Vergebung. Sie sind im Raum der verlorenen Schritte unterwegs, aber nicht f\u00fcr lange. Heute werden sie eine lebensver\u00e4ndernde Entscheidung treffen und entdecken, dass die Suche nach sich selbst nicht ohne Folgen bleibt.<\/p>\n<p><strong>Datum:<\/strong> Samstag, 24. Mai 2025<\/p>\n<p><strong>Zeit:<\/strong> 19:30 Hs.<\/p>\n<p><strong>Veranstaltungsort:<\/strong> Villamorra Kinos | Saal 1<\/p>\n<p>&nbsp;<\/p>\n<p><strong>Mehr Informationen \u00fcber die Filmreihe:<\/strong><\/p>\n<p><a href=\"https:\/\/www.instagram.com\/ueenparaguay\/?hl=es-la\">UE Paraguay auf Instagram<\/a><\/p>\n<p><a href=\"https:\/\/www.facebook.com\/UnionEuropeaenParaguay\">UE Paraguay auf Facebook<\/a><\/p>\n","protected":false},"excerpt":{"rendered":"<p>Die 16. Europ\u00e4ische Filmsaison findet vom 22. bis 30. Mai statt. Wir erwarten Sie, um alle Filme zu sehen, die<\/p>\n","protected":false},"author":1,"featured_media":41109,"template":"","meta":{"colormag_page_container_layout":"default_layout","colormag_page_sidebar_layout":"default_layout","_tribe_events_status":"","_tribe_events_status_reason":"","_joinchat":[],"footnotes":""},"tags":[],"tribe_events_cat":[67,73,39,50,51,77],"class_list":["post-41095","tribe_events","type-tribe_events","status-publish","has-post-thumbnail","hentry","tribe_events_cat-europa-monat","tribe_events_cat-europaisches-filmfestival-in-paraguay","tribe_events_cat-filmtheater","tribe_events_cat-kultur","tribe_events_cat-kunst","tribe_events_cat-prasenzveranstaltung","cat_europa-monat","cat_europaisches-filmfestival-in-paraguay","cat_filmtheater","cat_kultur","cat_kunst","cat_prasenzveranstaltung"],"_links":{"self":[{"href":"https:\/\/www.icpa-gz.org.py\/DE\/wp-json\/wp\/v2\/tribe_events\/41095","targetHints":{"allow":["GET"]}}],"collection":[{"href":"https:\/\/www.icpa-gz.org.py\/DE\/wp-json\/wp\/v2\/tribe_events"}],"about":[{"href":"https:\/\/www.icpa-gz.org.py\/DE\/wp-json\/wp\/v2\/types\/tribe_events"}],"author":[{"embeddable":true,"href":"https:\/\/www.icpa-gz.org.py\/DE\/wp-json\/wp\/v2\/users\/1"}],"version-history":[{"count":2,"href":"https:\/\/www.icpa-gz.org.py\/DE\/wp-json\/wp\/v2\/tribe_events\/41095\/revisions"}],"predecessor-version":[{"id":41116,"href":"https:\/\/www.icpa-gz.org.py\/DE\/wp-json\/wp\/v2\/tribe_events\/41095\/revisions\/41116"}],"wp:featuredmedia":[{"embeddable":true,"href":"https:\/\/www.icpa-gz.org.py\/DE\/wp-json\/wp\/v2\/media\/41109"}],"wp:attachment":[{"href":"https:\/\/www.icpa-gz.org.py\/DE\/wp-json\/wp\/v2\/media?parent=41095"}],"wp:term":[{"taxonomy":"post_tag","embeddable":true,"href":"https:\/\/www.icpa-gz.org.py\/DE\/wp-json\/wp\/v2\/tags?post=41095"},{"taxonomy":"tribe_events_cat","embeddable":true,"href":"https:\/\/www.icpa-gz.org.py\/DE\/wp-json\/wp\/v2\/tribe_events_cat?post=41095"}],"curies":[{"name":"wp","href":"https:\/\/api.w.org\/{rel}","templated":true}]}}

Les pas perdus | XVI Europäisches Filmfestival

<p>Die 16. Europäische Filmsaison findet vom 22. bis 30. Mai statt. Wir erwarten Sie, um alle Filme zu sehen, die wir für Sie bereithalten, mit freiem Zugang.</p>
<p><strong>Les pas perdus</strong></p>
<p>Das Gerichtsgebäude öffnet seine Türen. Die Menschen strömen hinein auf der Suche nach Freiheit, Anerkennung, Liebe und Vergebung. Sie sind im Raum der verlorenen Schritte unterwegs, aber nicht für lange. Heute werden sie eine lebensverändernde Entscheidung treffen und entdecken, dass die Suche nach sich selbst nicht ohne Folgen bleibt.</p>
<p><strong>Datum:</strong> Samstag, 24. Mai 2025</p>
<p><strong>Zeit:</strong> 19:30 Hs.</p>
<p><strong>Veranstaltungsort:</strong> Villamorra Kinos | Saal 1</p>
<p>&nbsp;</p>
<p><strong>Mehr Informationen über die Filmreihe:</strong></p>
<p><a href="https://www.instagram.com/ueenparaguay/?hl=es-la">UE Paraguay auf Instagram</a></p>
<p><a href="https://www.facebook.com/UnionEuropeaenParaguay">UE Paraguay auf Facebook</a></p>

<p>Die 16. Europäische Filmsaison findet vom 22. bis 30. Mai statt. Wir erwarten Sie, um alle Filme zu sehen, die</p>
