{"id":41079,"date":"2025-05-20T15:39:07","date_gmt":"2025-05-20T19:39:07","guid":{"rendered":"https:\/\/www.icpa-gz.org.py\/DE\/?post_type=tribe_events&#038;p=41079"},"modified":"2025-05-20T15:39:07","modified_gmt":"2025-05-20T19:39:07","slug":"mariposas-negras-xvi-europaisches-filmfestival","status":"publish","type":"tribe_events","link":"https:\/\/www.icpa-gz.org.py\/DE\/evento\/mariposas-negras-xvi-europaisches-filmfestival\/","title":{"rendered":"Mariposas Negras | XVI Europ\u00e4isches Filmfestival"},"content":{"rendered":"<p>Die 16. Europ\u00e4ische Filmsaison findet vom 22. bis 30. Mai statt. Wir erwarten Sie, um alle Filme zu sehen, die wir f\u00fcr Sie bereithalten, mit freiem Zugang.<\/p>\n<p>Mariposas Negras<\/p>\n<p>Der Klimawandel wirkt sich auf das Leben von Tanit, Valeria und Shaila aus. Drei Frauen aus sehr unterschiedlichen Teilen der Welt, die jedoch etwas gemeinsam haben: Sie verlieren alles und sind gezwungen, auszuwandern. Inspiriert von realen Frauen, bietet der Film eine Reise durch Afrika, die Karibik und Asien in eine ungewisse Zukunft f\u00fcr die Menschheit.<\/p>\n<p><strong>Datum:<\/strong> Samstag, 24. Mai 2025<\/p>\n<p><strong>Uhrzeit: 17<\/strong>:00 Uhr Hs.<\/p>\n<p><strong>Veranstaltungsort:<\/strong> Centro Cultural de Espa\u00f1a Juan de Salazar | \u00a0Herrera 834 c\/ Tacuary<\/p>\n<p>&nbsp;<\/p>\n<p><strong>Mehr Informationen \u00fcber die Filmreihe:<\/strong><\/p>\n<p><a href=\"https:\/\/www.instagram.com\/ueenparaguay\/?hl=es-la\">UE Paraguay auf Instagram<\/a><\/p>\n<p><a href=\"https:\/\/www.facebook.com\/UnionEuropeaenParaguay\">UE Paraguay auf Facebook<\/a><\/p>\n","protected":false},"excerpt":{"rendered":"<p>Die 16. Europ\u00e4ische Filmsaison findet vom 22. bis 30. Mai statt. Wir erwarten Sie, um alle Filme zu sehen, die<\/p>\n","protected":false},"author":1,"featured_media":41086,"template":"","meta":{"colormag_page_container_layout":"default_layout","colormag_page_sidebar_layout":"default_layout","_tribe_events_status":"","_tribe_events_status_reason":"","_joinchat":[],"footnotes":""},"tags":[],"tribe_events_cat":[67,73,39,50,51,77],"class_list":["post-41079","tribe_events","type-tribe_events","status-publish","has-post-thumbnail","hentry","tribe_events_cat-europa-monat","tribe_events_cat-europaisches-filmfestival-in-paraguay","tribe_events_cat-filmtheater","tribe_events_cat-kultur","tribe_events_cat-kunst","tribe_events_cat-prasenzveranstaltung","cat_europa-monat","cat_europaisches-filmfestival-in-paraguay","cat_filmtheater","cat_kultur","cat_kunst","cat_prasenzveranstaltung"],"_links":{"self":[{"href":"https:\/\/www.icpa-gz.org.py\/DE\/wp-json\/wp\/v2\/tribe_events\/41079","targetHints":{"allow":["GET"]}}],"collection":[{"href":"https:\/\/www.icpa-gz.org.py\/DE\/wp-json\/wp\/v2\/tribe_events"}],"about":[{"href":"https:\/\/www.icpa-gz.org.py\/DE\/wp-json\/wp\/v2\/types\/tribe_events"}],"author":[{"embeddable":true,"href":"https:\/\/www.icpa-gz.org.py\/DE\/wp-json\/wp\/v2\/users\/1"}],"version-history":[{"count":2,"href":"https:\/\/www.icpa-gz.org.py\/DE\/wp-json\/wp\/v2\/tribe_events\/41079\/revisions"}],"predecessor-version":[{"id":41094,"href":"https:\/\/www.icpa-gz.org.py\/DE\/wp-json\/wp\/v2\/tribe_events\/41079\/revisions\/41094"}],"wp:featuredmedia":[{"embeddable":true,"href":"https:\/\/www.icpa-gz.org.py\/DE\/wp-json\/wp\/v2\/media\/41086"}],"wp:attachment":[{"href":"https:\/\/www.icpa-gz.org.py\/DE\/wp-json\/wp\/v2\/media?parent=41079"}],"wp:term":[{"taxonomy":"post_tag","embeddable":true,"href":"https:\/\/www.icpa-gz.org.py\/DE\/wp-json\/wp\/v2\/tags?post=41079"},{"taxonomy":"tribe_events_cat","embeddable":true,"href":"https:\/\/www.icpa-gz.org.py\/DE\/wp-json\/wp\/v2\/tribe_events_cat?post=41079"}],"curies":[{"name":"wp","href":"https:\/\/api.w.org\/{rel}","templated":true}]}}

Mariposas Negras | XVI Europäisches Filmfestival

<p>Die 16. Europäische Filmsaison findet vom 22. bis 30. Mai statt. Wir erwarten Sie, um alle Filme zu sehen, die wir für Sie bereithalten, mit freiem Zugang.</p>
<p>Mariposas Negras</p>
<p>Der Klimawandel wirkt sich auf das Leben von Tanit, Valeria und Shaila aus. Drei Frauen aus sehr unterschiedlichen Teilen der Welt, die jedoch etwas gemeinsam haben: Sie verlieren alles und sind gezwungen, auszuwandern. Inspiriert von realen Frauen, bietet der Film eine Reise durch Afrika, die Karibik und Asien in eine ungewisse Zukunft für die Menschheit.</p>
<p><strong>Datum:</strong> Samstag, 24. Mai 2025</p>
<p><strong>Uhrzeit: 17</strong>:00 Uhr Hs.</p>
<p><strong>Veranstaltungsort:</strong> Centro Cultural de España Juan de Salazar |  Herrera 834 c/ Tacuary</p>
<p>&nbsp;</p>
<p><strong>Mehr Informationen über die Filmreihe:</strong></p>
<p><a href="https://www.instagram.com/ueenparaguay/?hl=es-la">UE Paraguay auf Instagram</a></p>
<p><a href="https://www.facebook.com/UnionEuropeaenParaguay">UE Paraguay auf Facebook</a></p>

<p>Die 16. Europäische Filmsaison findet vom 22. bis 30. Mai statt. Wir erwarten Sie, um alle Filme zu sehen, die</p>
