{"id":41040,"date":"2025-05-20T15:27:32","date_gmt":"2025-05-20T19:27:32","guid":{"rendered":"https:\/\/www.icpa-gz.org.py\/DE\/?post_type=tribe_events&#038;p=41040"},"modified":"2025-05-20T15:27:32","modified_gmt":"2025-05-20T19:27:32","slug":"ufo-schweden-ufo-jager-xvi-europaische-filmreihe","status":"publish","type":"tribe_events","link":"https:\/\/www.icpa-gz.org.py\/DE\/evento\/ufo-schweden-ufo-jager-xvi-europaische-filmreihe\/","title":{"rendered":"UFO Schweden: UFO-J\u00e4ger | XVI Europ\u00e4ische Filmreihe"},"content":{"rendered":"<p>Die 16. Europ\u00e4ische Filmsaison findet vom 22. bis 30. Mai statt. Wir erwarten Sie, um alle Filme zu sehen, die wir f\u00fcr Sie bereithalten, mit freiem Zugang.<\/p>\n<p><strong>UFO Schweden: UFO-J\u00e4ger<\/strong><\/p>\n<p>Eine rebellische Teenagerin, die in einer Pflegefamilie untergebracht ist, vermutet, dass ihr Vater nicht gestorben ist, sondern entf\u00fchrt wurde. Sie ist entschlossen, mit Hilfe einer UFO-Vereinigung die Wahrheit herauszufinden.<\/p>\n<p><strong>Datum:<\/strong> Donnerstag, 22. Mai 2025<\/p>\n<p><strong>Zeit:<\/strong> 19:30 Hs.<\/p>\n<p><strong>Veranstaltungsort:<\/strong> Villamorra Cinemas | S\u00e4le 5 und 6<\/p>\n<p>&nbsp;<\/p>\n<p><strong>Mehr Informationen \u00fcber die Filmreihe:<\/strong><\/p>\n<p><a href=\"https:\/\/www.instagram.com\/ueenparaguay\/?hl=es-la\">UE Paraguay auf Instagram<\/a><\/p>\n<p><a href=\"https:\/\/www.facebook.com\/UnionEuropeaenParaguay\">UE Paraguay auf Facebook<\/a><\/p>\n<p>&nbsp;<\/p>\n","protected":false},"excerpt":{"rendered":"<p>Die 16. Europ\u00e4ische Filmsaison findet vom 22. bis 30. Mai statt. Wir erwarten Sie, um alle Filme zu sehen, die<\/p>\n","protected":false},"author":1,"featured_media":41047,"template":"","meta":{"colormag_page_container_layout":"default_layout","colormag_page_sidebar_layout":"default_layout","_tribe_events_status":"","_tribe_events_status_reason":"","_joinchat":[],"footnotes":""},"tags":[],"tribe_events_cat":[73,39,50,51,77],"class_list":["post-41040","tribe_events","type-tribe_events","status-publish","has-post-thumbnail","hentry","tribe_events_cat-europaisches-filmfestival-in-paraguay","tribe_events_cat-filmtheater","tribe_events_cat-kultur","tribe_events_cat-kunst","tribe_events_cat-prasenzveranstaltung","cat_europaisches-filmfestival-in-paraguay","cat_filmtheater","cat_kultur","cat_kunst","cat_prasenzveranstaltung"],"_links":{"self":[{"href":"https:\/\/www.icpa-gz.org.py\/DE\/wp-json\/wp\/v2\/tribe_events\/41040","targetHints":{"allow":["GET"]}}],"collection":[{"href":"https:\/\/www.icpa-gz.org.py\/DE\/wp-json\/wp\/v2\/tribe_events"}],"about":[{"href":"https:\/\/www.icpa-gz.org.py\/DE\/wp-json\/wp\/v2\/types\/tribe_events"}],"author":[{"embeddable":true,"href":"https:\/\/www.icpa-gz.org.py\/DE\/wp-json\/wp\/v2\/users\/1"}],"version-history":[{"count":2,"href":"https:\/\/www.icpa-gz.org.py\/DE\/wp-json\/wp\/v2\/tribe_events\/41040\/revisions"}],"predecessor-version":[{"id":41055,"href":"https:\/\/www.icpa-gz.org.py\/DE\/wp-json\/wp\/v2\/tribe_events\/41040\/revisions\/41055"}],"wp:featuredmedia":[{"embeddable":true,"href":"https:\/\/www.icpa-gz.org.py\/DE\/wp-json\/wp\/v2\/media\/41047"}],"wp:attachment":[{"href":"https:\/\/www.icpa-gz.org.py\/DE\/wp-json\/wp\/v2\/media?parent=41040"}],"wp:term":[{"taxonomy":"post_tag","embeddable":true,"href":"https:\/\/www.icpa-gz.org.py\/DE\/wp-json\/wp\/v2\/tags?post=41040"},{"taxonomy":"tribe_events_cat","embeddable":true,"href":"https:\/\/www.icpa-gz.org.py\/DE\/wp-json\/wp\/v2\/tribe_events_cat?post=41040"}],"curies":[{"name":"wp","href":"https:\/\/api.w.org\/{rel}","templated":true}]}}

UFO Schweden: UFO-Jäger | XVI Europäische Filmreihe

<p>Die 16. Europäische Filmsaison findet vom 22. bis 30. Mai statt. Wir erwarten Sie, um alle Filme zu sehen, die wir für Sie bereithalten, mit freiem Zugang.</p>
<p><strong>UFO Schweden: UFO-Jäger</strong></p>
<p>Eine rebellische Teenagerin, die in einer Pflegefamilie untergebracht ist, vermutet, dass ihr Vater nicht gestorben ist, sondern entführt wurde. Sie ist entschlossen, mit Hilfe einer UFO-Vereinigung die Wahrheit herauszufinden.</p>
<p><strong>Datum:</strong> Donnerstag, 22. Mai 2025</p>
<p><strong>Zeit:</strong> 19:30 Hs.</p>
<p><strong>Veranstaltungsort:</strong> Villamorra Cinemas | Säle 5 und 6</p>
<p>&nbsp;</p>
<p><strong>Mehr Informationen über die Filmreihe:</strong></p>
<p><a href="https://www.instagram.com/ueenparaguay/?hl=es-la">UE Paraguay auf Instagram</a></p>
<p><a href="https://www.facebook.com/UnionEuropeaenParaguay">UE Paraguay auf Facebook</a></p>
<p>&nbsp;</p>

<p>Die 16. Europäische Filmsaison findet vom 22. bis 30. Mai statt. Wir erwarten Sie, um alle Filme zu sehen, die</p>
