{"id":3857,"date":"2022-04-20T18:28:29","date_gmt":"2022-04-20T21:28:29","guid":{"rendered":"http:\/\/www.icpa-gz.org.py\/DE\/?post_type=tribe_events&#038;p=3857"},"modified":"2022-04-20T18:59:09","modified_gmt":"2022-04-20T21:59:09","slug":"the-road-to-chiquitos-de-ysanne-gayet-veroffentlichung-des-reisetagebuches","status":"publish","type":"tribe_events","link":"https:\/\/www.icpa-gz.org.py\/DE\/evento\/the-road-to-chiquitos-de-ysanne-gayet-veroffentlichung-des-reisetagebuches\/","title":{"rendered":"The Road to Chiquitos von Ysanne Gayet | Ver\u00f6ffentlichung des Reisetagebuches [esp]"},"content":{"rendered":"<p>El Instituto Cultural Paraguayo-Alem\u00e1n (ICPA) y el Centro Cultural del Lago (CCDL) invitan al lanzamiento del diario de viaje The Road to Chiquitos, de Ysanne Gayet, el jueves 28 de abril de 2022 a las 19:00 h en el local del ICPA, ubicado en Juan de Salazar 310 casi Artigas.<\/p>\n<p>La presentaci\u00f3n del libro estar\u00e1 a cargo de la historiadora Beatriz Gonz\u00e1lez de Bosio, la poetisa Gloria Espa\u00f1a, el arquitecto Oscar Centuri\u00f3n (presidente ICOM Paraguay) y el maestro Luis Szar\u00e1n.<\/p>\n<p>El inicio del evento contar\u00e1 con la presentaci\u00f3n del grupo vocal e instrumental Sonidos de Paraqvaria. Nos deleitar\u00e1 con la interpretaci\u00f3n de m\u00fasica barroca que, hace un poco m\u00e1s de 250 a\u00f1os hasta hoy d\u00eda, forma parte del repertorio religioso de la poblaci\u00f3n ind\u00edgena de las misiones jesu\u00edticas de Chiquitos.<\/p>\n<p><strong>Sobre The Road to Chiquitos<\/strong><br \/>\nCon mi compa\u00f1ero de viajes, en 1995 me embarqu\u00e9 en una aventura de 12 d\u00edas aproximadamente, que nos llev\u00f3 por el pantanal de Brasil, la Chiquitan\u00eda de Bolivia, regresando por el norte del Chaco paraguayo a Asunci\u00f3n. En aquel entonces, la mayor\u00eda de las rutas eran caminos de tierra, lo que nos marc\u00f3 el ritmo y nos dej\u00f3 muchas an\u00e9cdotas inolvidables.<\/p>\n<p>The road to Chiquitos se enfoca principalmente en la visita de la Chiquitan\u00eda: su gente, la arquitectura de los pueblos y sus templos, que fueron restaurados en muchos casos gracias a la labor del arquitecto suizo Hans Roth, que pas\u00f3 a\u00f1os de su vida ocup\u00e1ndose de la restauraci\u00f3n de las iglesias desde su llegada en Bolivia en el a\u00f1o 1972. Fue tambi\u00e9n gracias a \u00e9l que antiguas partituras muy importantes para la m\u00fasica barroca fueron encontradas en San Rafael y Santa Ana de Velasco y posteriormente dadas a conocer mundialmente. Estas partituras eran las mismas que fueron utilizadas en las parroquias durante las ceremonias lit\u00fargicas, antes de la expulsi\u00f3n de los jesuitas en 1767. Lamentablemente, en a\u00f1os posteriores, \u00a1hasta fueron utilizadas como papel hig\u00e9nico por el padre encargado de una de las parroquias! Gracias al descubrimiento de Hans Roth, actualmente, en la Chiquitan\u00eda se realizan cada dos a\u00f1os festivales de m\u00fasica barroca con m\u00fasicos locales e internacionales.<\/p>\n<p>Ciertamente, nuestro viaje tuvo sus altibajos, por el mal estado de los caminos, el intenso calor y tambi\u00e9n por fallas mec\u00e1nicas de nuestra camioneta, que m\u00e1s de una vez nos dej\u00f3 en el medio de la nada, \u00a1con pocas posibilidades de ayuda!<\/p>\n<p>El texto est\u00e1 principalmente en ingl\u00e9s, sin embargo, como se trata de notas escritas espont\u00e1neamente por m\u00ed durante el viaje, cuando mi mente funcionaba en castellano, tambi\u00e9n hay partes del diario de viaje relatadas en espa\u00f1ol. Adem\u00e1s, hay palabras en guaran\u00ed, en ayoreo, en portugu\u00e9s y t\u00e9rminos propios de la zona de la Chiquitan\u00eda. Tambi\u00e9n, al final del libro est\u00e1n incluidas unas notas en castellano y en ingl\u00e9s para entender mejor la zona, su gente y las misiones desde la llegada de los jesuitas. Las fotograf\u00edas permiten visualizar aun mejor las an\u00e9cdotas y descripciones del viaje. \u00a1Espero que me acompa\u00f1en y lo disfruten!<\/p>\n<p>Ysanne Gayet, marzo de 2022<\/p>\n","protected":false},"excerpt":{"rendered":"<p>El Instituto Cultural Paraguayo-Alem\u00e1n (ICPA) y el Centro Cultural del Lago (CCDL) invitan al lanzamiento del diario de viaje The<\/p>\n","protected":false},"author":1,"featured_media":3865,"template":"","meta":{"colormag_page_container_layout":"default_layout","colormag_page_sidebar_layout":"default_layout","_tribe_events_status":"","_tribe_events_status_reason":"","_joinchat":[],"footnotes":""},"tags":[],"tribe_events_cat":[],"class_list":["post-3857","tribe_events","type-tribe_events","status-publish","has-post-thumbnail","hentry"],"_links":{"self":[{"href":"https:\/\/www.icpa-gz.org.py\/DE\/wp-json\/wp\/v2\/tribe_events\/3857","targetHints":{"allow":["GET"]}}],"collection":[{"href":"https:\/\/www.icpa-gz.org.py\/DE\/wp-json\/wp\/v2\/tribe_events"}],"about":[{"href":"https:\/\/www.icpa-gz.org.py\/DE\/wp-json\/wp\/v2\/types\/tribe_events"}],"author":[{"embeddable":true,"href":"https:\/\/www.icpa-gz.org.py\/DE\/wp-json\/wp\/v2\/users\/1"}],"version-history":[{"count":5,"href":"https:\/\/www.icpa-gz.org.py\/DE\/wp-json\/wp\/v2\/tribe_events\/3857\/revisions"}],"predecessor-version":[{"id":3864,"href":"https:\/\/www.icpa-gz.org.py\/DE\/wp-json\/wp\/v2\/tribe_events\/3857\/revisions\/3864"}],"wp:featuredmedia":[{"embeddable":true,"href":"https:\/\/www.icpa-gz.org.py\/DE\/wp-json\/wp\/v2\/media\/3865"}],"wp:attachment":[{"href":"https:\/\/www.icpa-gz.org.py\/DE\/wp-json\/wp\/v2\/media?parent=3857"}],"wp:term":[{"taxonomy":"post_tag","embeddable":true,"href":"https:\/\/www.icpa-gz.org.py\/DE\/wp-json\/wp\/v2\/tags?post=3857"},{"taxonomy":"tribe_events_cat","embeddable":true,"href":"https:\/\/www.icpa-gz.org.py\/DE\/wp-json\/wp\/v2\/tribe_events_cat?post=3857"}],"curies":[{"name":"wp","href":"https:\/\/api.w.org\/{rel}","templated":true}]}}

The Road to Chiquitos von Ysanne Gayet | Veröffentlichung des Reisetagebuches [esp]

<p>El Instituto Cultural Paraguayo-Alemán (ICPA) y el Centro Cultural del Lago (CCDL) invitan al lanzamiento del diario de viaje The Road to Chiquitos, de Ysanne Gayet, el jueves 28 de abril de 2022 a las 19:00 h en el local del ICPA, ubicado en Juan de Salazar 310 casi Artigas.</p>
<p>La presentación del libro estará a cargo de la historiadora Beatriz González de Bosio, la poetisa Gloria España, el arquitecto Oscar Centurión (presidente ICOM Paraguay) y el maestro Luis Szarán.</p>
<p>El inicio del evento contará con la presentación del grupo vocal e instrumental Sonidos de Paraqvaria. Nos deleitará con la interpretación de música barroca que, hace un poco más de 250 años hasta hoy día, forma parte del repertorio religioso de la población indígena de las misiones jesuíticas de Chiquitos.</p>
<p><strong>Sobre The Road to Chiquitos</strong><br />
Con mi compañero de viajes, en 1995 me embarqué en una aventura de 12 días aproximadamente, que nos llevó por el pantanal de Brasil, la Chiquitanía de Bolivia, regresando por el norte del Chaco paraguayo a Asunción. En aquel entonces, la mayoría de las rutas eran caminos de tierra, lo que nos marcó el ritmo y nos dejó muchas anécdotas inolvidables.</p>
<p>The road to Chiquitos se enfoca principalmente en la visita de la Chiquitanía: su gente, la arquitectura de los pueblos y sus templos, que fueron restaurados en muchos casos gracias a la labor del arquitecto suizo Hans Roth, que pasó años de su vida ocupándose de la restauración de las iglesias desde su llegada en Bolivia en el año 1972. Fue también gracias a él que antiguas partituras muy importantes para la música barroca fueron encontradas en San Rafael y Santa Ana de Velasco y posteriormente dadas a conocer mundialmente. Estas partituras eran las mismas que fueron utilizadas en las parroquias durante las ceremonias litúrgicas, antes de la expulsión de los jesuitas en 1767. Lamentablemente, en años posteriores, ¡hasta fueron utilizadas como papel higénico por el padre encargado de una de las parroquias! Gracias al descubrimiento de Hans Roth, actualmente, en la Chiquitanía se realizan cada dos años festivales de música barroca con músicos locales e internacionales.</p>
<p>Ciertamente, nuestro viaje tuvo sus altibajos, por el mal estado de los caminos, el intenso calor y también por fallas mecánicas de nuestra camioneta, que más de una vez nos dejó en el medio de la nada, ¡con pocas posibilidades de ayuda!</p>
<p>El texto está principalmente en inglés, sin embargo, como se trata de notas escritas espontáneamente por mí durante el viaje, cuando mi mente funcionaba en castellano, también hay partes del diario de viaje relatadas en español. Además, hay palabras en guaraní, en ayoreo, en portugués y términos propios de la zona de la Chiquitanía. También, al final del libro están incluidas unas notas en castellano y en inglés para entender mejor la zona, su gente y las misiones desde la llegada de los jesuitas. Las fotografías permiten visualizar aun mejor las anécdotas y descripciones del viaje. ¡Espero que me acompañen y lo disfruten!</p>
<p>Ysanne Gayet, marzo de 2022</p>

<p>El Instituto Cultural Paraguayo-Alemán (ICPA) y el Centro Cultural del Lago (CCDL) invitan al lanzamiento del diario de viaje The</p>
