{"id":3842,"date":"2022-04-08T16:02:18","date_gmt":"2022-04-08T19:02:18","guid":{"rendered":"http:\/\/www.icpa-gz.org.py\/DE\/?post_type=tribe_events&#038;p=3842"},"modified":"2022-04-08T16:02:18","modified_gmt":"2022-04-08T19:02:18","slug":"ordentliche-generalversammlung-instituto-cultural-paraguayo-aleman-goethe-zentrum","status":"publish","type":"tribe_events","link":"https:\/\/www.icpa-gz.org.py\/DE\/evento\/ordentliche-generalversammlung-instituto-cultural-paraguayo-aleman-goethe-zentrum\/","title":{"rendered":"Ordentliche Generalversammlung | Instituto Cultural Paraguayo-Alem\u00e1n \u2013 Goethe-Zentrum"},"content":{"rendered":"<p>Estimado Socio:<\/p>\n<p>El consejo Directivo, en uso de sus facultades, ha resuelto en sesion ordinaria de fecha 22 de marzo de 2022, convocar a Asamblea General Ordinaria de conformidad a lo dispuesto en el Art N\u00b0 25, 28, 29, 30, 31 y 32 de los Estatutos Sociales.<br \/>\nDicha Asamblea General Extraordinaria se realizara el dia miercoles 27 de abril de 2022, en la sede del ICPA, Juan de Salazar N\u00b0 310 c\/ Artigas,de forma presencial para dar tratamiento al sgte Orden del Dia:<br \/>\n1. Designaci\u00f3n del Presidente y Secretario de Asamblea.<br \/>\n2. Lectura y consideraci\u00f3n de la Memoria anual del Consejo Directivo (a cargo del Presidente), Blance General y Cuadro de Resultados del ejercicio 2021 (a cargo del Tesorero).<br \/>\n3. Elecci\u00f3n de miembros para integrar el consejo Directivo, periodo 2022.<br \/>\n4. Designaci\u00f3n de dos Socios para suscribir el Acta de Asamblea.<br \/>\nLa primera convocatoria es a las 18:00 horas, en caso de que en dicha hora no se re\u00fana el quorum legal previsto en el Art. 29 de los Estatutos Sociales, la segunda convocatoria ser\u00e1 a las 19:00 horas, en cuyo caso la Asamblea podr\u00e1 reunirse v\u00e1lidamente con cualquier n\u00famero de socios que estuvieren presentes.<br \/>\nLes recordamos que nuestros Estatutos Sociales disponen en su Art. 17 que \u2018\u2019 para tener derecho a voto, los socios deben estar al d\u00eda con el pago de sus cuotas sociales\u00b4\u00b4.<br \/>\nEsperando contar con su distinguida presencia de manera que contribuya al fortalecimiento de la vida Institucional de nuestro Instituto cultural Paraguayo Alem\u00e1n, nos despedimos muy atentamente.<\/p>\n<p>Karola Rieder | Presidente\u00a0 \u00a0 \u00a0y\u00a0 \u00a0 \u00a0Oscar Centuri\u00f3n | Secretario<\/p>\n<p>&nbsp;<\/p>\n<p><a href=\"https:\/\/www.icpa-gz.org.py\/DE\/wp-content\/uploads\/2022\/04\/NOTA-CONVOCATORIA-PARA-ASAMBLEA-GENERAL-ORDINARIA-ICPA-2022.pdf\">Einberufung der Ordentlichen Generalversammlung (esp.) | pdf<\/a><\/p>\n","protected":false},"excerpt":{"rendered":"<p>Estimado Socio: El consejo Directivo, en uso de sus facultades, ha resuelto en sesion ordinaria de fecha 22 de marzo<\/p>\n","protected":false},"author":1,"featured_media":0,"template":"","meta":{"colormag_page_container_layout":"default_layout","colormag_page_sidebar_layout":"default_layout","_tribe_events_status":"","_tribe_events_status_reason":"","_joinchat":[],"footnotes":""},"tags":[],"tribe_events_cat":[],"class_list":["post-3842","tribe_events","type-tribe_events","status-publish","hentry"],"_links":{"self":[{"href":"https:\/\/www.icpa-gz.org.py\/DE\/wp-json\/wp\/v2\/tribe_events\/3842","targetHints":{"allow":["GET"]}}],"collection":[{"href":"https:\/\/www.icpa-gz.org.py\/DE\/wp-json\/wp\/v2\/tribe_events"}],"about":[{"href":"https:\/\/www.icpa-gz.org.py\/DE\/wp-json\/wp\/v2\/types\/tribe_events"}],"author":[{"embeddable":true,"href":"https:\/\/www.icpa-gz.org.py\/DE\/wp-json\/wp\/v2\/users\/1"}],"version-history":[{"count":2,"href":"https:\/\/www.icpa-gz.org.py\/DE\/wp-json\/wp\/v2\/tribe_events\/3842\/revisions"}],"predecessor-version":[{"id":3845,"href":"https:\/\/www.icpa-gz.org.py\/DE\/wp-json\/wp\/v2\/tribe_events\/3842\/revisions\/3845"}],"wp:attachment":[{"href":"https:\/\/www.icpa-gz.org.py\/DE\/wp-json\/wp\/v2\/media?parent=3842"}],"wp:term":[{"taxonomy":"post_tag","embeddable":true,"href":"https:\/\/www.icpa-gz.org.py\/DE\/wp-json\/wp\/v2\/tags?post=3842"},{"taxonomy":"tribe_events_cat","embeddable":true,"href":"https:\/\/www.icpa-gz.org.py\/DE\/wp-json\/wp\/v2\/tribe_events_cat?post=3842"}],"curies":[{"name":"wp","href":"https:\/\/api.w.org\/{rel}","templated":true}]}}

Ordentliche Generalversammlung | Instituto Cultural Paraguayo-Alemán – Goethe-Zentrum

<p>Estimado Socio:</p>
<p>El consejo Directivo, en uso de sus facultades, ha resuelto en sesion ordinaria de fecha 22 de marzo de 2022, convocar a Asamblea General Ordinaria de conformidad a lo dispuesto en el Art N° 25, 28, 29, 30, 31 y 32 de los Estatutos Sociales.<br />
Dicha Asamblea General Extraordinaria se realizara el dia miercoles 27 de abril de 2022, en la sede del ICPA, Juan de Salazar N° 310 c/ Artigas,de forma presencial para dar tratamiento al sgte Orden del Dia:<br />
1. Designación del Presidente y Secretario de Asamblea.<br />
2. Lectura y consideración de la Memoria anual del Consejo Directivo (a cargo del Presidente), Blance General y Cuadro de Resultados del ejercicio 2021 (a cargo del Tesorero).<br />
3. Elección de miembros para integrar el consejo Directivo, periodo 2022.<br />
4. Designación de dos Socios para suscribir el Acta de Asamblea.<br />
La primera convocatoria es a las 18:00 horas, en caso de que en dicha hora no se reúna el quorum legal previsto en el Art. 29 de los Estatutos Sociales, la segunda convocatoria será a las 19:00 horas, en cuyo caso la Asamblea podrá reunirse válidamente con cualquier número de socios que estuvieren presentes.<br />
Les recordamos que nuestros Estatutos Sociales disponen en su Art. 17 que ‘’ para tener derecho a voto, los socios deben estar al día con el pago de sus cuotas sociales´´.<br />
Esperando contar con su distinguida presencia de manera que contribuya al fortalecimiento de la vida Institucional de nuestro Instituto cultural Paraguayo Alemán, nos despedimos muy atentamente.</p>
<p>Karola Rieder | Presidente     y     Oscar Centurión | Secretario</p>
<p>&nbsp;</p>
<p><a href="https://www.icpa-gz.org.py/DE/wp-content/uploads/2022/04/NOTA-CONVOCATORIA-PARA-ASAMBLEA-GENERAL-ORDINARIA-ICPA-2022.pdf">Einberufung der Ordentlichen Generalversammlung (esp.) | pdf</a></p>
