{"id":37934,"date":"2024-12-17T17:29:25","date_gmt":"2024-12-17T20:29:25","guid":{"rendered":"https:\/\/www.icpa-gz.org.py\/DE\/?post_type=tribe_events&#038;p=37934"},"modified":"2024-12-17T17:32:35","modified_gmt":"2024-12-17T20:32:35","slug":"konzert-von-fabian-zeller-festival-guitarras-del-lago","status":"publish","type":"tribe_events","link":"https:\/\/www.icpa-gz.org.py\/DE\/evento\/konzert-von-fabian-zeller-festival-guitarras-del-lago\/","title":{"rendered":"Konzert von Fabian Zeller | Festival Guitarras del Lago"},"content":{"rendered":"<p>Diesen Donnerstag, den 19. Dezember ab 19:00 Uhr, wird der deutsche Gitarrist Fabian Zeller beim Festival Guitarras del Lago auftreten. Es findet im Bahnhof von Ypacarai statt. Mit der Unterst\u00fctzung des Deutsch-Paraguayischen Kulturinstituts-Goethe-Zentrums.<\/p>\n<p>Das Festival Internacional Guitarras del Lago, offizieller Austragungsort des von der Unesco und der Internationalen Kunstakademie anerkannten Weltgitarrentages in Paraguay, findet vom 18. bis 20. Dezember in der Stadt Ypacara\u00ed statt, wobei der Eintritt zu allen Aktivit\u00e4ten frei ist.<\/p>\n<p>Diese sechste Ausgabe des Internationalen Festivals Guitarras del Lago ist eine posthume Hommage an Agust\u00edn Barrios Mangor\u00e9. Der deutsche Gitarrist Fabia Zeller, der sich auf einer S\u00fcdamerika-Tournee befindet, wird am zentralen Abend auftreten. Erm\u00f6glicht wird dieser Besuch durch die Unterst\u00fctzung des Deutsch-Paraguayischen Kulturinstituts &#8211; Goethe Zentrum.<\/p>\n<p>Namhafte nationale und internationale K\u00fcnstler wie Camila Vera aus Argentinien, Maestro Harold Beizaga aus Bolivien und aus Paraguay das Gitarrentrio Mbaraka Trio und die renommierte Maestro Luz Mar\u00eda Bobadilla stehen ebenfalls auf dem Programm.<\/p>\n<p>Diese Ausgabe findet am 19. Dezember statt, dem Tag, an dem der 100. Jahrestag des letzten Konzerts von Maestro Agust\u00edn Barrios in der Stadt Ypacara\u00ed begangen wird.<\/p>\n<p><a href=\"https:\/\/www.facebook.com\/festivalinternacionalguitarrasdellago\">Festival Guitarras del Lago | Facebook<\/a><\/p>\n<p><a href=\"https:\/\/www.instagram.com\/guitarras.del.lago\/?hl=es-la\">Festival Guitarras del Lago | Instagram<\/a><\/p>\n","protected":false},"excerpt":{"rendered":"<p>Diesen Donnerstag, den 19. Dezember ab 19:00 Uhr, wird der deutsche Gitarrist Fabian Zeller beim Festival Guitarras del Lago auftreten.<\/p>\n","protected":false},"author":1,"featured_media":37941,"template":"","meta":{"colormag_page_container_layout":"default_layout","colormag_page_sidebar_layout":"default_layout","_tribe_events_status":"","_tribe_events_status_reason":"","_joinchat":[],"footnotes":""},"tags":[],"tribe_events_cat":[89,49,35,50,51,45,77],"class_list":["post-37934","tribe_events","type-tribe_events","status-publish","has-post-thumbnail","hentry","tribe_events_cat-festival","tribe_events_cat-gefordert-vom-icpa-gz","tribe_events_cat-konzert","tribe_events_cat-kultur","tribe_events_cat-kunst","tribe_events_cat-musik","tribe_events_cat-prasenzveranstaltung","cat_festival","cat_gefordert-vom-icpa-gz","cat_konzert","cat_kultur","cat_kunst","cat_musik","cat_prasenzveranstaltung"],"_links":{"self":[{"href":"https:\/\/www.icpa-gz.org.py\/DE\/wp-json\/wp\/v2\/tribe_events\/37934","targetHints":{"allow":["GET"]}}],"collection":[{"href":"https:\/\/www.icpa-gz.org.py\/DE\/wp-json\/wp\/v2\/tribe_events"}],"about":[{"href":"https:\/\/www.icpa-gz.org.py\/DE\/wp-json\/wp\/v2\/types\/tribe_events"}],"author":[{"embeddable":true,"href":"https:\/\/www.icpa-gz.org.py\/DE\/wp-json\/wp\/v2\/users\/1"}],"version-history":[{"count":2,"href":"https:\/\/www.icpa-gz.org.py\/DE\/wp-json\/wp\/v2\/tribe_events\/37934\/revisions"}],"predecessor-version":[{"id":37951,"href":"https:\/\/www.icpa-gz.org.py\/DE\/wp-json\/wp\/v2\/tribe_events\/37934\/revisions\/37951"}],"wp:featuredmedia":[{"embeddable":true,"href":"https:\/\/www.icpa-gz.org.py\/DE\/wp-json\/wp\/v2\/media\/37941"}],"wp:attachment":[{"href":"https:\/\/www.icpa-gz.org.py\/DE\/wp-json\/wp\/v2\/media?parent=37934"}],"wp:term":[{"taxonomy":"post_tag","embeddable":true,"href":"https:\/\/www.icpa-gz.org.py\/DE\/wp-json\/wp\/v2\/tags?post=37934"},{"taxonomy":"tribe_events_cat","embeddable":true,"href":"https:\/\/www.icpa-gz.org.py\/DE\/wp-json\/wp\/v2\/tribe_events_cat?post=37934"}],"curies":[{"name":"wp","href":"https:\/\/api.w.org\/{rel}","templated":true}]}}

<p>Diesen Donnerstag, den 19. Dezember ab 19:00 Uhr, wird der deutsche Gitarrist Fabian Zeller beim Festival Guitarras del Lago auftreten. Es findet im Bahnhof von Ypacarai statt. Mit der Unterstützung des Deutsch-Paraguayischen Kulturinstituts-Goethe-Zentrums.</p>
<p>Das Festival Internacional Guitarras del Lago, offizieller Austragungsort des von der Unesco und der Internationalen Kunstakademie anerkannten Weltgitarrentages in Paraguay, findet vom 18. bis 20. Dezember in der Stadt Ypacaraí statt, wobei der Eintritt zu allen Aktivitäten frei ist.</p>
<p>Diese sechste Ausgabe des Internationalen Festivals Guitarras del Lago ist eine posthume Hommage an Agustín Barrios Mangoré. Der deutsche Gitarrist Fabia Zeller, der sich auf einer Südamerika-Tournee befindet, wird am zentralen Abend auftreten. Ermöglicht wird dieser Besuch durch die Unterstützung des Deutsch-Paraguayischen Kulturinstituts &#8211; Goethe Zentrum.</p>
<p>Namhafte nationale und internationale Künstler wie Camila Vera aus Argentinien, Maestro Harold Beizaga aus Bolivien und aus Paraguay das Gitarrentrio Mbaraka Trio und die renommierte Maestro Luz María Bobadilla stehen ebenfalls auf dem Programm.</p>
<p>Diese Ausgabe findet am 19. Dezember statt, dem Tag, an dem der 100. Jahrestag des letzten Konzerts von Maestro Agustín Barrios in der Stadt Ypacaraí begangen wird.</p>
<p><a href="https://www.facebook.com/festivalinternacionalguitarrasdellago">Festival Guitarras del Lago | Facebook</a></p>
<p><a href="https://www.instagram.com/guitarras.del.lago/?hl=es-la">Festival Guitarras del Lago | Instagram</a></p>
