{"id":37720,"date":"2024-12-06T16:58:35","date_gmt":"2024-12-06T19:58:35","guid":{"rendered":"https:\/\/www.icpa-gz.org.py\/DE\/?post_type=tribe_events&#038;p=37720"},"modified":"2024-12-06T16:58:35","modified_gmt":"2024-12-06T19:58:35","slug":"ausstellung-como-queremos-vivir-juntxs-goethe-institut-buenos-aires","status":"publish","type":"tribe_events","link":"https:\/\/www.icpa-gz.org.py\/DE\/evento\/ausstellung-como-queremos-vivir-juntxs-goethe-institut-buenos-aires\/","title":{"rendered":"Ausstellung \u00bfC\u00f3mo queremos vivir juntxs? | Goethe Institut Buenos Aires"},"content":{"rendered":"<p>Das Instituto Cultural Paraguayo-Alem\u00e1n-Goethe Zentrum und die Alianza Francesa de Asunci\u00f3n laden zur Ausstellung des Ausbildungsprogramms &#8220;\u00bfC\u00f3mo queremos vivir juntxs?&#8221; ein, das den Dialog und die Reflexion unter Videok\u00fcnstlern f\u00f6rdern soll.<\/p>\n<p>Das Videokunst-Schulungsprogramm Wie wollen wir zusammenleben? brachte mehr als 21 junge K\u00fcnstler zusammen, um aus k\u00fcnstlerischer Sicht \u00fcber die Herausforderungen nachzudenken, denen sich die Zivilgesellschaft in diesem Bereich gegen\u00fcbersieht, und gipfelte in der Er\u00f6ffnung ihrer gemeinsamen Ausstellung am Donnerstag, den 14. November 2024 in der Alliance Fran\u00e7aise in Buenos Aires.<\/p>\n<p>Die Ausstellung war auf Tournee und wird schlie\u00dflich in Asunci\u00f3n im ICPA-GZ Container pr\u00e4sentiert. Die Programmteilnehmer Cecilia Avati <a href=\"https:\/\/www.instagram.com\/avatidaa\/?hl=es-la\">@avatidaa<\/a>, <a href=\"https:\/\/www.instagram.com\/joaquim_pedretti\/?hl=es-la\">@joaquim_pedretti<\/a> und Alegr\u00eda Gonz\u00e1lez <a href=\"https:\/\/www.instagram.com\/archivosdesentimiento\/?hl=es-la\">@archivosdesentimiento<\/a> werden bei der Er\u00f6ffnung anwesend sein.<\/p>\n<p>Datum: Dienstag, 10. Dezember 2024<br \/>\nZeit: 18:00 Hs.<br \/>\nVeranstaltungsort: Container : ICPA-GZ Garten<br \/>\nJuan de Salazar N\u00b0 310 c\/Artigas<\/p>\n<p>Die Pr\u00e4sentation der Ausstellung in Paraguay ist das Ergebnis eines Projekts, das von drei Tutoren geleitet wurde: Regina de Miguel &#8211; wohnhaft in Berlin -, Enrique Ram\u00edrez &#8211; der zwischen Santiago de Chile und Paris lebt und arbeitet &#8211; und Ariel Nah\u00f3n &#8211; argentinischer Film- und Videomacher und Lehrer -.<\/p>\n<p>Ausgestellt werden die im Rahmen des Projekts entstandenen Werke der 21 jungen Videok\u00fcnstler: Alegr\u00eda Gonz\u00e1lez, Alejandro Ismael L\u00f3pez, Anah\u00ed Mariluan, Carlos Lescano, Cecilia Fern\u00e1ndez L\u00f3pez, Dalia Desamor, Dario Exequiel, Emilia Di Pascuale, Eugenia L\u00f3pez Romero, Florencia Mamani, Floriana Lazzaneo, Joaquin Pedretti, Lisandro Ricardo, Manuel Rossi, Mariana Lombard, Martina Comaschi, Nadia Erica Salvatierra, Tam Pain\u00e9 Ciai, Victoria Robledo, Violeta Alvarez und Zulema Guadalupe Romero Meneses.<\/p>\n","protected":false},"excerpt":{"rendered":"<p>Das Instituto Cultural Paraguayo-Alem\u00e1n-Goethe Zentrum und die Alianza Francesa de Asunci\u00f3n laden zur Ausstellung des Ausbildungsprogramms &#8220;\u00bfC\u00f3mo queremos vivir juntxs?&#8221;<\/p>\n","protected":false},"author":1,"featured_media":37727,"template":"","meta":{"colormag_page_container_layout":"default_layout","colormag_page_sidebar_layout":"default_layout","_tribe_events_status":"","_tribe_events_status_reason":"","_joinchat":[],"footnotes":""},"tags":[],"tribe_events_cat":[43,49,97,50,51,77,95],"class_list":["post-37720","tribe_events","type-tribe_events","status-publish","has-post-thumbnail","hentry","tribe_events_cat-ausstellung","tribe_events_cat-gefordert-vom-icpa-gz","tribe_events_cat-goethe-institut","tribe_events_cat-kultur","tribe_events_cat-kunst","tribe_events_cat-prasenzveranstaltung","tribe_events_cat-videokunst","cat_ausstellung","cat_gefordert-vom-icpa-gz","cat_goethe-institut","cat_kultur","cat_kunst","cat_prasenzveranstaltung","cat_videokunst"],"_links":{"self":[{"href":"https:\/\/www.icpa-gz.org.py\/DE\/wp-json\/wp\/v2\/tribe_events\/37720","targetHints":{"allow":["GET"]}}],"collection":[{"href":"https:\/\/www.icpa-gz.org.py\/DE\/wp-json\/wp\/v2\/tribe_events"}],"about":[{"href":"https:\/\/www.icpa-gz.org.py\/DE\/wp-json\/wp\/v2\/types\/tribe_events"}],"author":[{"embeddable":true,"href":"https:\/\/www.icpa-gz.org.py\/DE\/wp-json\/wp\/v2\/users\/1"}],"version-history":[{"count":2,"href":"https:\/\/www.icpa-gz.org.py\/DE\/wp-json\/wp\/v2\/tribe_events\/37720\/revisions"}],"predecessor-version":[{"id":37735,"href":"https:\/\/www.icpa-gz.org.py\/DE\/wp-json\/wp\/v2\/tribe_events\/37720\/revisions\/37735"}],"wp:featuredmedia":[{"embeddable":true,"href":"https:\/\/www.icpa-gz.org.py\/DE\/wp-json\/wp\/v2\/media\/37727"}],"wp:attachment":[{"href":"https:\/\/www.icpa-gz.org.py\/DE\/wp-json\/wp\/v2\/media?parent=37720"}],"wp:term":[{"taxonomy":"post_tag","embeddable":true,"href":"https:\/\/www.icpa-gz.org.py\/DE\/wp-json\/wp\/v2\/tags?post=37720"},{"taxonomy":"tribe_events_cat","embeddable":true,"href":"https:\/\/www.icpa-gz.org.py\/DE\/wp-json\/wp\/v2\/tribe_events_cat?post=37720"}],"curies":[{"name":"wp","href":"https:\/\/api.w.org\/{rel}","templated":true}]}}

Ausstellung ¿Cómo queremos vivir juntxs? | Goethe Institut Buenos Aires

<p>Das Instituto Cultural Paraguayo-Alemán-Goethe Zentrum und die Alianza Francesa de Asunción laden zur Ausstellung des Ausbildungsprogramms &#8220;¿Cómo queremos vivir juntxs?&#8221; ein, das den Dialog und die Reflexion unter Videokünstlern fördern soll.</p>
<p>Das Videokunst-Schulungsprogramm Wie wollen wir zusammenleben? brachte mehr als 21 junge Künstler zusammen, um aus künstlerischer Sicht über die Herausforderungen nachzudenken, denen sich die Zivilgesellschaft in diesem Bereich gegenübersieht, und gipfelte in der Eröffnung ihrer gemeinsamen Ausstellung am Donnerstag, den 14. November 2024 in der Alliance Française in Buenos Aires.</p>
<p>Die Ausstellung war auf Tournee und wird schließlich in Asunción im ICPA-GZ Container präsentiert. Die Programmteilnehmer Cecilia Avati <a href="https://www.instagram.com/avatidaa/?hl=es-la">@avatidaa</a>, <a href="https://www.instagram.com/joaquim_pedretti/?hl=es-la">@joaquim_pedretti</a> und Alegría González <a href="https://www.instagram.com/archivosdesentimiento/?hl=es-la">@archivosdesentimiento</a> werden bei der Eröffnung anwesend sein.</p>
<p>Datum: Dienstag, 10. Dezember 2024<br />
Zeit: 18:00 Hs.<br />
Veranstaltungsort: Container : ICPA-GZ Garten<br />
Juan de Salazar N° 310 c/Artigas</p>
<p>Die Präsentation der Ausstellung in Paraguay ist das Ergebnis eines Projekts, das von drei Tutoren geleitet wurde: Regina de Miguel &#8211; wohnhaft in Berlin -, Enrique Ramírez &#8211; der zwischen Santiago de Chile und Paris lebt und arbeitet &#8211; und Ariel Nahón &#8211; argentinischer Film- und Videomacher und Lehrer -.</p>
<p>Ausgestellt werden die im Rahmen des Projekts entstandenen Werke der 21 jungen Videokünstler: Alegría González, Alejandro Ismael López, Anahí Mariluan, Carlos Lescano, Cecilia Fernández López, Dalia Desamor, Dario Exequiel, Emilia Di Pascuale, Eugenia López Romero, Florencia Mamani, Floriana Lazzaneo, Joaquin Pedretti, Lisandro Ricardo, Manuel Rossi, Mariana Lombard, Martina Comaschi, Nadia Erica Salvatierra, Tam Painé Ciai, Victoria Robledo, Violeta Alvarez und Zulema Guadalupe Romero Meneses.</p>

<p>Das Instituto Cultural Paraguayo-Alemán-Goethe Zentrum und die Alianza Francesa de Asunción laden zur Ausstellung des Ausbildungsprogramms &#8220;¿Cómo queremos vivir juntxs?&#8221;</p>
