{"id":36770,"date":"2024-11-07T18:14:18","date_gmt":"2024-11-07T21:14:18","guid":{"rendered":"https:\/\/www.icpa-gz.org.py\/DE\/?post_type=tribe_events&#038;p=36770"},"modified":"2024-11-07T18:14:41","modified_gmt":"2024-11-07T21:14:41","slug":"ausstellung-la-violencia-en-el-espacio","status":"publish","type":"tribe_events","link":"https:\/\/www.icpa-gz.org.py\/DE\/evento\/ausstellung-la-violencia-en-el-espacio\/","title":{"rendered":"Ausstellung &#8220;La Violencia en el Espacio&#8221;"},"content":{"rendered":"<p>Die autorit\u00e4re Herrschaft von Alfredo Stroessner fand in Paraguay zwischen 1954 und 1989 statt. Die territorialen und urbanen Transformationen, die in diesen Jahren stattfanden, sind noch nicht eingehend erforscht worden. Die Plattform \u201eLa Violencia en el Espacio\u201c (Gewalt im Raum) m\u00f6chte einen Dialog initiieren, der auf der Darstellung der territorialen und st\u00e4dtischen Transformationspolitik der letzten zivil-milit\u00e4rischen Diktatur in Argentinien basiert.<\/p>\n<p>Organisiert von: <span data-offset-key=\"a2odl-0-0\">La Fabrica Mem\u00e9tica | CONICET &#8211; UBA. Plataforma La Violencia en el Espacio | CODEHUPY | ICPA-GZ<\/span><\/p>\n<p>Zeit: 19:00 Uhr Hs.<\/p>\n<p>Veranstaltungsort: Instituto Cultural Paraguayo-Alem\u00e1n \u2013 Goethe-Zentrum | ICPA-GZ<br \/>\nJuan de Salazar y Espinoza 310 c\/Artigas<br \/>\nBarrio Ricardo Brugada, Asunci\u00f3n.<\/p>\n<p>Die Ausstellung wird ge\u00f6ffnet sein: Vom 11. bis 21. November 2024.<br \/>\n\u00d6ffnungszeiten: Montag bis Freitag von 10:00 bis 19:00 Uhr | Samstag von 10:00 bis 13:00 Uhr.<\/p>\n","protected":false},"excerpt":{"rendered":"<p>Die autorit\u00e4re Herrschaft von Alfredo Stroessner fand in Paraguay zwischen 1954 und 1989 statt. Die territorialen und urbanen Transformationen, die<\/p>\n","protected":false},"author":1,"featured_media":36777,"template":"","meta":{"colormag_page_container_layout":"default_layout","colormag_page_sidebar_layout":"default_layout","_tribe_events_status":"","_tribe_events_status_reason":"","_joinchat":[],"footnotes":""},"tags":[],"tribe_events_cat":[43,101,49,103,50,77],"class_list":["post-36770","tribe_events","type-tribe_events","status-publish","has-post-thumbnail","hentry","tribe_events_cat-ausstellung","tribe_events_cat-forum","tribe_events_cat-gefordert-vom-icpa-gz","tribe_events_cat-konferenz","tribe_events_cat-kultur","tribe_events_cat-prasenzveranstaltung","cat_ausstellung","cat_forum","cat_gefordert-vom-icpa-gz","cat_konferenz","cat_kultur","cat_prasenzveranstaltung"],"_links":{"self":[{"href":"https:\/\/www.icpa-gz.org.py\/DE\/wp-json\/wp\/v2\/tribe_events\/36770","targetHints":{"allow":["GET"]}}],"collection":[{"href":"https:\/\/www.icpa-gz.org.py\/DE\/wp-json\/wp\/v2\/tribe_events"}],"about":[{"href":"https:\/\/www.icpa-gz.org.py\/DE\/wp-json\/wp\/v2\/types\/tribe_events"}],"author":[{"embeddable":true,"href":"https:\/\/www.icpa-gz.org.py\/DE\/wp-json\/wp\/v2\/users\/1"}],"version-history":[{"count":2,"href":"https:\/\/www.icpa-gz.org.py\/DE\/wp-json\/wp\/v2\/tribe_events\/36770\/revisions"}],"predecessor-version":[{"id":36785,"href":"https:\/\/www.icpa-gz.org.py\/DE\/wp-json\/wp\/v2\/tribe_events\/36770\/revisions\/36785"}],"wp:featuredmedia":[{"embeddable":true,"href":"https:\/\/www.icpa-gz.org.py\/DE\/wp-json\/wp\/v2\/media\/36777"}],"wp:attachment":[{"href":"https:\/\/www.icpa-gz.org.py\/DE\/wp-json\/wp\/v2\/media?parent=36770"}],"wp:term":[{"taxonomy":"post_tag","embeddable":true,"href":"https:\/\/www.icpa-gz.org.py\/DE\/wp-json\/wp\/v2\/tags?post=36770"},{"taxonomy":"tribe_events_cat","embeddable":true,"href":"https:\/\/www.icpa-gz.org.py\/DE\/wp-json\/wp\/v2\/tribe_events_cat?post=36770"}],"curies":[{"name":"wp","href":"https:\/\/api.w.org\/{rel}","templated":true}]}}

<p>Die autoritäre Herrschaft von Alfredo Stroessner fand in Paraguay zwischen 1954 und 1989 statt. Die territorialen und urbanen Transformationen, die in diesen Jahren stattfanden, sind noch nicht eingehend erforscht worden. Die Plattform „La Violencia en el Espacio“ (Gewalt im Raum) möchte einen Dialog initiieren, der auf der Darstellung der territorialen und städtischen Transformationspolitik der letzten zivil-militärischen Diktatur in Argentinien basiert.</p>
<p>Organisiert von: <span data-offset-key="a2odl-0-0">La Fabrica Memética | CONICET &#8211; UBA. Plataforma La Violencia en el Espacio | CODEHUPY | ICPA-GZ</span></p>
<p>Zeit: 19:00 Uhr Hs.</p>
<p>Veranstaltungsort: Instituto Cultural Paraguayo-Alemán – Goethe-Zentrum | ICPA-GZ<br />
Juan de Salazar y Espinoza 310 c/Artigas<br />
Barrio Ricardo Brugada, Asunción.</p>
<p>Die Ausstellung wird geöffnet sein: Vom 11. bis 21. November 2024.<br />
Öffnungszeiten: Montag bis Freitag von 10:00 bis 19:00 Uhr | Samstag von 10:00 bis 13:00 Uhr.</p>

<p>Die autoritäre Herrschaft von Alfredo Stroessner fand in Paraguay zwischen 1954 und 1989 statt. Die territorialen und urbanen Transformationen, die</p>
