{"id":36341,"date":"2024-10-30T17:06:15","date_gmt":"2024-10-30T20:06:15","guid":{"rendered":"https:\/\/www.icpa-gz.org.py\/DE\/?post_type=tribe_events&#038;p=36341"},"modified":"2024-11-07T18:52:43","modified_gmt":"2024-11-07T21:52:43","slug":"buch-la-sed-del-caminante-giuliano-fasanello","status":"publish","type":"tribe_events","link":"https:\/\/www.icpa-gz.org.py\/DE\/evento\/buch-la-sed-del-caminante-giuliano-fasanello\/","title":{"rendered":"Buch &#8220;La Sed del Caminante&#8221; | Giuliano Fasanello"},"content":{"rendered":"<p>Der Schriftsteller Giuliano Fasanello, l\u00e4dt zur Pr\u00e4sentation seines Gedichtbandes \u201eLa Sed del Caminante\u201c ein. Die Schriftstellerin Irina Rafols, wird \u00fcber das Werk sprechen. Das Werk besteht aus Gedichten und subtil reflektierender Prosa, die einem bestimmten roten Faden folgen und eine innovative Perspektive auf die besondere Natur des Chaco bieten.<\/p>\n<p><strong>Giuliano Fasanello Estigarribia<\/strong> wurde in Asuncion geboren, lebt aber derzeit mit seiner Frau in Philadelphia. Er ist Absolvent des Notariatsstudiums an der UNA und gewann 2016 den ersten Platz bei der nationalen Meisterschaft im \u00f6ffentlichen Reden. Er war Teil des Teams des Start-ups, das 2017 den LATAM Fintech Innovation Award gewann. Seit 2010 arbeitet er an verschiedenen Kultur- und Universit\u00e4tszeitungen mit und hat an mehreren Workshops f\u00fcr kreatives Schreiben teilgenommen, darunter die Workshops des ber\u00fchmten Dichters Jacobo Rauskin, den er als seinen st\u00e4rksten k\u00fcnstlerischen Einfluss betrachtet. Seit 2017 widmet sich Giuliano der Betriebswirtschaftslehre und ist ein kleiner Investor in technologiebasierte Unternehmen.<\/p>\n<p><strong>Datum:<\/strong> Freitag, 22. November 2024<\/p>\n<p><strong>Zeit:<\/strong> 19:30 Hs.<\/p>\n<p><strong>Ort:<\/strong> Instituto Cultural Paraguayo-Alem\u00e1n \u2013 Goethe-Zentrum | ICPA-GZ<br \/>\nJuan de Salazar y Espinoza 310 c\/Artigas<\/p>\n","protected":false},"excerpt":{"rendered":"<p>Der Schriftsteller Giuliano Fasanello, l\u00e4dt zur Pr\u00e4sentation seines Gedichtbandes \u201eLa Sed del Caminante\u201c ein. Die Schriftstellerin Irina Rafols, wird \u00fcber<\/p>\n","protected":false},"author":1,"featured_media":36348,"template":"","meta":{"colormag_page_container_layout":"default_layout","colormag_page_sidebar_layout":"default_layout","_tribe_events_status":"","_tribe_events_status_reason":"","_joinchat":[],"footnotes":""},"tags":[],"tribe_events_cat":[60,101,103,50,51,77],"class_list":["post-36341","tribe_events","type-tribe_events","status-publish","has-post-thumbnail","hentry","tribe_events_cat-buchprasentation","tribe_events_cat-forum","tribe_events_cat-konferenz","tribe_events_cat-kultur","tribe_events_cat-kunst","tribe_events_cat-prasenzveranstaltung","cat_buchprasentation","cat_forum","cat_konferenz","cat_kultur","cat_kunst","cat_prasenzveranstaltung"],"_links":{"self":[{"href":"https:\/\/www.icpa-gz.org.py\/DE\/wp-json\/wp\/v2\/tribe_events\/36341","targetHints":{"allow":["GET"]}}],"collection":[{"href":"https:\/\/www.icpa-gz.org.py\/DE\/wp-json\/wp\/v2\/tribe_events"}],"about":[{"href":"https:\/\/www.icpa-gz.org.py\/DE\/wp-json\/wp\/v2\/types\/tribe_events"}],"author":[{"embeddable":true,"href":"https:\/\/www.icpa-gz.org.py\/DE\/wp-json\/wp\/v2\/users\/1"}],"version-history":[{"count":3,"href":"https:\/\/www.icpa-gz.org.py\/DE\/wp-json\/wp\/v2\/tribe_events\/36341\/revisions"}],"predecessor-version":[{"id":36356,"href":"https:\/\/www.icpa-gz.org.py\/DE\/wp-json\/wp\/v2\/tribe_events\/36341\/revisions\/36356"}],"wp:featuredmedia":[{"embeddable":true,"href":"https:\/\/www.icpa-gz.org.py\/DE\/wp-json\/wp\/v2\/media\/36348"}],"wp:attachment":[{"href":"https:\/\/www.icpa-gz.org.py\/DE\/wp-json\/wp\/v2\/media?parent=36341"}],"wp:term":[{"taxonomy":"post_tag","embeddable":true,"href":"https:\/\/www.icpa-gz.org.py\/DE\/wp-json\/wp\/v2\/tags?post=36341"},{"taxonomy":"tribe_events_cat","embeddable":true,"href":"https:\/\/www.icpa-gz.org.py\/DE\/wp-json\/wp\/v2\/tribe_events_cat?post=36341"}],"curies":[{"name":"wp","href":"https:\/\/api.w.org\/{rel}","templated":true}]}}

<p>Der Schriftsteller Giuliano Fasanello, lädt zur Präsentation seines Gedichtbandes „La Sed del Caminante“ ein. Die Schriftstellerin Irina Rafols, wird über das Werk sprechen. Das Werk besteht aus Gedichten und subtil reflektierender Prosa, die einem bestimmten roten Faden folgen und eine innovative Perspektive auf die besondere Natur des Chaco bieten.</p>
<p><strong>Giuliano Fasanello Estigarribia</strong> wurde in Asuncion geboren, lebt aber derzeit mit seiner Frau in Philadelphia. Er ist Absolvent des Notariatsstudiums an der UNA und gewann 2016 den ersten Platz bei der nationalen Meisterschaft im öffentlichen Reden. Er war Teil des Teams des Start-ups, das 2017 den LATAM Fintech Innovation Award gewann. Seit 2010 arbeitet er an verschiedenen Kultur- und Universitätszeitungen mit und hat an mehreren Workshops für kreatives Schreiben teilgenommen, darunter die Workshops des berühmten Dichters Jacobo Rauskin, den er als seinen stärksten künstlerischen Einfluss betrachtet. Seit 2017 widmet sich Giuliano der Betriebswirtschaftslehre und ist ein kleiner Investor in technologiebasierte Unternehmen.</p>
<p><strong>Datum:</strong> Freitag, 22. November 2024</p>
<p><strong>Zeit:</strong> 19:30 Hs.</p>
<p><strong>Ort:</strong> Instituto Cultural Paraguayo-Alemán – Goethe-Zentrum | ICPA-GZ<br />
Juan de Salazar y Espinoza 310 c/Artigas</p>

<p>Der Schriftsteller Giuliano Fasanello, lädt zur Präsentation seines Gedichtbandes „La Sed del Caminante“ ein. Die Schriftstellerin Irina Rafols, wird über</p>
