{"id":36093,"date":"2024-10-25T18:15:32","date_gmt":"2024-10-25T21:15:32","guid":{"rendered":"https:\/\/www.icpa-gz.org.py\/DE\/?post_type=tribe_events&#038;p=36093"},"modified":"2024-10-30T16:09:14","modified_gmt":"2024-10-30T19:09:14","slug":"purape-festival-1-2","status":"publish","type":"tribe_events","link":"https:\/\/www.icpa-gz.org.py\/DE\/evento\/purape-festival-1-2\/","title":{"rendered":"Purape Festival 1\/2 | Productora Cuarto Mundo"},"content":{"rendered":"<p>Wir laden Sie ein, an der zweiten Ausgabe von Purape teilzunehmen, dem ersten Podcast- und Klangkunstfestival in Paraguay, das am 15. und 16. November im Deutsch-Paraguayischen Kulturzentrum (ICPA) stattfinden wird. Purape ist ein Treffpunkt f\u00fcr Macher, H\u00f6rer und Klangkunstliebhaber, mit Aktivit\u00e4ten wie H\u00f6rgemeinschaften, Workshops, Ausstellungen und immersiven Erfahrungen, die den Reichtum und die Vielfalt auditiver Erz\u00e4hlungen feiern.<\/p>\n<p>Datum: Freitag, 15. und Samstag, 16. November 2024<\/p>\n<p>Zeit: Wird noch best\u00e4tigt<\/p>\n<p>Instituto Cultural Paraguayo-Alem\u00e1n \u2013 Goethe-Zentrum<br \/>\nJuan de Salazar 310 c\/Artigas<br \/>\nRicardo Brugada, Asunci\u00f3n<\/p>\n<p><a href=\"https:\/\/www.instagram.com\/purape.4m\/?hl=es-la\">@purape.4m<\/a>\u00a0| Instagram<\/p>\n","protected":false},"excerpt":{"rendered":"<p>Wir laden Sie ein, an der zweiten Ausgabe von Purape teilzunehmen, dem ersten Podcast- und Klangkunstfestival in Paraguay, das am<\/p>\n","protected":false},"author":1,"featured_media":36154,"template":"","meta":{"colormag_page_container_layout":"default_layout","colormag_page_sidebar_layout":"default_layout","_tribe_events_status":"","_tribe_events_status_reason":"","_joinchat":[],"footnotes":""},"tags":[],"tribe_events_cat":[89,101,49,103,50,26,77,52,34],"class_list":["post-36093","tribe_events","type-tribe_events","status-publish","has-post-thumbnail","hentry","tribe_events_cat-festival","tribe_events_cat-forum","tribe_events_cat-gefordert-vom-icpa-gz","tribe_events_cat-konferenz","tribe_events_cat-kultur","tribe_events_cat-podcast","tribe_events_cat-prasenzveranstaltung","tribe_events_cat-vortrag","tribe_events_cat-workshop","cat_festival","cat_forum","cat_gefordert-vom-icpa-gz","cat_konferenz","cat_kultur","cat_podcast","cat_prasenzveranstaltung","cat_vortrag","cat_workshop"],"_links":{"self":[{"href":"https:\/\/www.icpa-gz.org.py\/DE\/wp-json\/wp\/v2\/tribe_events\/36093","targetHints":{"allow":["GET"]}}],"collection":[{"href":"https:\/\/www.icpa-gz.org.py\/DE\/wp-json\/wp\/v2\/tribe_events"}],"about":[{"href":"https:\/\/www.icpa-gz.org.py\/DE\/wp-json\/wp\/v2\/types\/tribe_events"}],"author":[{"embeddable":true,"href":"https:\/\/www.icpa-gz.org.py\/DE\/wp-json\/wp\/v2\/users\/1"}],"version-history":[{"count":3,"href":"https:\/\/www.icpa-gz.org.py\/DE\/wp-json\/wp\/v2\/tribe_events\/36093\/revisions"}],"predecessor-version":[{"id":36153,"href":"https:\/\/www.icpa-gz.org.py\/DE\/wp-json\/wp\/v2\/tribe_events\/36093\/revisions\/36153"}],"wp:featuredmedia":[{"embeddable":true,"href":"https:\/\/www.icpa-gz.org.py\/DE\/wp-json\/wp\/v2\/media\/36154"}],"wp:attachment":[{"href":"https:\/\/www.icpa-gz.org.py\/DE\/wp-json\/wp\/v2\/media?parent=36093"}],"wp:term":[{"taxonomy":"post_tag","embeddable":true,"href":"https:\/\/www.icpa-gz.org.py\/DE\/wp-json\/wp\/v2\/tags?post=36093"},{"taxonomy":"tribe_events_cat","embeddable":true,"href":"https:\/\/www.icpa-gz.org.py\/DE\/wp-json\/wp\/v2\/tribe_events_cat?post=36093"}],"curies":[{"name":"wp","href":"https:\/\/api.w.org\/{rel}","templated":true}]}}

<p>Wir laden Sie ein, an der zweiten Ausgabe von Purape teilzunehmen, dem ersten Podcast- und Klangkunstfestival in Paraguay, das am 15. und 16. November im Deutsch-Paraguayischen Kulturzentrum (ICPA) stattfinden wird. Purape ist ein Treffpunkt für Macher, Hörer und Klangkunstliebhaber, mit Aktivitäten wie Hörgemeinschaften, Workshops, Ausstellungen und immersiven Erfahrungen, die den Reichtum und die Vielfalt auditiver Erzählungen feiern.</p>
<p>Datum: Freitag, 15. und Samstag, 16. November 2024</p>
<p>Zeit: Wird noch bestätigt</p>
<p>Instituto Cultural Paraguayo-Alemán – Goethe-Zentrum<br />
Juan de Salazar 310 c/Artigas<br />
Ricardo Brugada, Asunción</p>
<p><a href="https://www.instagram.com/purape.4m/?hl=es-la">@purape.4m</a> | Instagram</p>
