{"id":27407,"date":"2024-05-23T16:35:46","date_gmt":"2024-05-23T20:35:46","guid":{"rendered":"https:\/\/www.icpa-gz.org.py\/DE\/?post_type=tribe_events&#038;p=27407"},"modified":"2024-10-21T17:18:38","modified_gmt":"2024-10-21T20:18:38","slug":"forum-base-investigaciones-sociales-6","status":"publish","type":"tribe_events","link":"https:\/\/www.icpa-gz.org.py\/DE\/evento\/forum-base-investigaciones-sociales-6\/","title":{"rendered":"Gespr\u00e4ch \u201eDie K\u00e4mpfe des Volkslagers\u201c.  | BASE Investigaciones Sociales"},"content":{"rendered":"<div data-offset-key=\"5se1c-0-0\">\n<p>Base Is, l\u00e4dt am Mittwoch, den 23. Oktober ab 18 Uhr zum \u201eLuchas del Campo Popular\u201c ins ICPA-GZ ein. An der Veranstaltung, die kostenlos und \u00f6ffentlich ist, nehmen die Politikwissenschaftler Sara Mabel Villalba und Juan Carlos Yuste teil, die einen Dialog mit den Anwesenden er\u00f6ffnen werden. Die Reihe wird von der Rosa-Luxemburg-Stiftung unterst\u00fctzt.<\/p>\n<p>Die Gespr\u00e4chsreihe 2024 will einen Beitrag zur Debatte \u00fcber die Situation des b\u00fcrgerlichen Lagers leisten, indem sie die neuen Ausdrucksformen des Konservatismus und die Bedeutung der feministischen Bewegung f\u00fcr den Aufbau des emanzipatorischen Projekts analysiert.<\/p>\n<p>Sara Mabel Villalba Portillo hat einen Doktortitel in zeitgen\u00f6ssischen politischen Prozessen und einen Master-Abschluss in Politikwissenschaft (Universit\u00e4t Salamanca, Spanien). Sie hat einen Abschluss in Kommunikationswissenschaften (Nationale Universit\u00e4t von Asunci\u00f3n). Aktive Forscherin f\u00fcr den Nationalen Rat f\u00fcr Wissenschaft und Technologie (CONACYT), Ebene II, Paraguay. Professorin an der Katholischen Universit\u00e4t (UCA) und Mitglied der Vereinigung der Politikwissenschaftler Paraguays (ACIPP) sowie Gr\u00fcndungsmitglied der Vereinigung der wissenschaftlichen Forscher Paraguays (ADICIP). Sie ist Autorin von Artikeln, B\u00fcchern und Buchkapiteln. Ihre Forschungsinteressen sind: Wahlprozesse und politische Beteiligung, politische Rechte und indigene V\u00f6lker, kollektives Handeln und soziale Mobilisierung.<\/p>\n<p>Juan Carlos Yuste hat an der Universit\u00e4t des Baskenlandes in Politikwissenschaften promoviert. Er hat einen Abschluss in Soziologie von der UNED Spanien. Er hat einen Master-Abschluss in partizipativer Aktionsforschung von der Universit\u00e4t Complutense in Madrid und arbeitet seit vielen Jahren mit Volksorganisationen und -bewegungen in Paraguay zusammen.<\/p>\n<\/div>\n<div class=\"\" data-block=\"true\" data-editor=\"jh57\" data-offset-key=\"5se1c-0-0\">\n<div class=\"_1mf _1mj\" data-offset-key=\"5se1c-0-0\"><strong>Organisiert von BASE Investigaciones Sociales | BASE-IS<\/strong><\/div>\n<div class=\"_1mf _1mj\" data-offset-key=\"5se1c-0-0\"><span data-offset-key=\"en3do-0-0\"><a href=\"https:\/\/www.baseis.org.py\">Webseite<\/a>\u00a0|\u00a0<a href=\"https:\/\/www.facebook.com\/baseispy\">Facebook<\/a> | <a href=\"https:\/\/www.instagram.com\/baseisparaguay\/\">Instagram<\/a> | <a href=\"https:\/\/twitter.com\/baseispy\">X<\/a> | <a href=\"https:\/\/www.youtube.com\/channel\/UCMScZ2hKm9EwTEaLefe4cKA\">YouTube<\/a><\/span><\/div>\n<\/div>\n<div class=\"\" data-block=\"true\" data-editor=\"jh57\" data-offset-key=\"kd65-0-0\">\n<div class=\"_1mf _1mj\" data-offset-key=\"kd65-0-0\"><span data-offset-key=\"kd65-0-0\">\u00a0<\/span><\/div>\n<\/div>\n<div class=\"\" data-block=\"true\" data-editor=\"jh57\" data-offset-key=\"evh6p-0-0\">\n<div class=\"_1mf _1mj\" data-offset-key=\"evh6p-0-0\"><strong>Mittwoch, 23. Oktober 2024<\/strong><\/div>\n<div class=\"_1mf _1mj\" data-offset-key=\"evh6p-0-0\"><span data-offset-key=\"evh6p-0-0\">18:00 Uhr<\/span><\/div>\n<\/div>\n<div class=\"\" data-block=\"true\" data-editor=\"jh57\" data-offset-key=\"6nnkf-0-0\">\n<div class=\"_1mf _1mj\" data-offset-key=\"6nnkf-0-0\"><span data-offset-key=\"6nnkf-0-0\">Eintritt frei<\/span><\/div>\n<\/div>\n<div class=\"\" data-block=\"true\" data-editor=\"jh57\" data-offset-key=\"15k2t-0-0\">\n<div data-offset-key=\"15k2t-0-0\">.<\/div>\n<div class=\"_1mf _1mj\" data-offset-key=\"15k2t-0-0\"><strong>Sal\u00f3n Rolando Rasmussen<\/strong><\/div>\n<\/div>\n<div class=\"\" data-block=\"true\" data-editor=\"jh57\" data-offset-key=\"30ug0-0-0\">\n<div class=\"_1mf _1mj\" data-offset-key=\"30ug0-0-0\"><span data-offset-key=\"30ug0-0-0\">Instituto Cultural Paraguayo-Alem\u00e1n &#8211; Goethe-Zentrum<\/span><\/div>\n<\/div>\n<div class=\"\" data-block=\"true\" data-editor=\"jh57\" data-offset-key=\"2hvkk-0-0\">\n<div class=\"_1mf _1mj\" data-offset-key=\"2hvkk-0-0\"><span data-offset-key=\"2hvkk-0-0\">Juan de Salazar 310 c\/Artigas<\/span><\/div>\n<\/div>\n<div class=\"\" data-block=\"true\" data-editor=\"jh57\" data-offset-key=\"d6qqh-0-0\">\n<div class=\"_1mf _1mj\" data-offset-key=\"d6qqh-0-0\"><span data-offset-key=\"d6qqh-0-0\">Ricardo Brugada, <\/span>Asunci\u00f3n<\/div>\n<\/div>\n<div class=\"\" data-block=\"true\" data-editor=\"jh57\" data-offset-key=\"apage-0-0\">\n<div class=\"_1mf _1mj\" data-offset-key=\"apage-0-0\"><span data-offset-key=\"apage-0-0\">\u00a0<\/span><\/div>\n<\/div>\n<div class=\"\" data-block=\"true\" data-editor=\"jh57\" data-offset-key=\"966jv-0-0\">\n<div class=\"_1mf _1mj\" data-offset-key=\"966jv-0-0\"><strong>Gef\u00f6rdert vom ICPA-GZ<\/strong><\/div>\n<\/div>\n","protected":false},"excerpt":{"rendered":"<p>Base Is, l\u00e4dt am Mittwoch, den 23. Oktober ab 18 Uhr zum \u201eLuchas del Campo Popular\u201c ins ICPA-GZ ein. An<\/p>\n","protected":false},"author":1,"featured_media":35914,"template":"","meta":{"colormag_page_container_layout":"default_layout","colormag_page_sidebar_layout":"default_layout","_tribe_events_status":"","_tribe_events_status_reason":"","_joinchat":[],"footnotes":""},"tags":[],"tribe_events_cat":[101,49,103,77,52],"class_list":["post-27407","tribe_events","type-tribe_events","status-publish","has-post-thumbnail","hentry","tribe_events_cat-forum","tribe_events_cat-gefordert-vom-icpa-gz","tribe_events_cat-konferenz","tribe_events_cat-prasenzveranstaltung","tribe_events_cat-vortrag","cat_forum","cat_gefordert-vom-icpa-gz","cat_konferenz","cat_prasenzveranstaltung","cat_vortrag"],"_links":{"self":[{"href":"https:\/\/www.icpa-gz.org.py\/DE\/wp-json\/wp\/v2\/tribe_events\/27407","targetHints":{"allow":["GET"]}}],"collection":[{"href":"https:\/\/www.icpa-gz.org.py\/DE\/wp-json\/wp\/v2\/tribe_events"}],"about":[{"href":"https:\/\/www.icpa-gz.org.py\/DE\/wp-json\/wp\/v2\/types\/tribe_events"}],"author":[{"embeddable":true,"href":"https:\/\/www.icpa-gz.org.py\/DE\/wp-json\/wp\/v2\/users\/1"}],"version-history":[{"count":5,"href":"https:\/\/www.icpa-gz.org.py\/DE\/wp-json\/wp\/v2\/tribe_events\/27407\/revisions"}],"predecessor-version":[{"id":35913,"href":"https:\/\/www.icpa-gz.org.py\/DE\/wp-json\/wp\/v2\/tribe_events\/27407\/revisions\/35913"}],"wp:featuredmedia":[{"embeddable":true,"href":"https:\/\/www.icpa-gz.org.py\/DE\/wp-json\/wp\/v2\/media\/35914"}],"wp:attachment":[{"href":"https:\/\/www.icpa-gz.org.py\/DE\/wp-json\/wp\/v2\/media?parent=27407"}],"wp:term":[{"taxonomy":"post_tag","embeddable":true,"href":"https:\/\/www.icpa-gz.org.py\/DE\/wp-json\/wp\/v2\/tags?post=27407"},{"taxonomy":"tribe_events_cat","embeddable":true,"href":"https:\/\/www.icpa-gz.org.py\/DE\/wp-json\/wp\/v2\/tribe_events_cat?post=27407"}],"curies":[{"name":"wp","href":"https:\/\/api.w.org\/{rel}","templated":true}]}}

Gespräch „Die Kämpfe des Volkslagers“.  | BASE Investigaciones Sociales

<div data-offset-key="5se1c-0-0">
<p>Base Is, lädt am Mittwoch, den 23. Oktober ab 18 Uhr zum „Luchas del Campo Popular“ ins ICPA-GZ ein. An der Veranstaltung, die kostenlos und öffentlich ist, nehmen die Politikwissenschaftler Sara Mabel Villalba und Juan Carlos Yuste teil, die einen Dialog mit den Anwesenden eröffnen werden. Die Reihe wird von der Rosa-Luxemburg-Stiftung unterstützt.</p>
<p>Die Gesprächsreihe 2024 will einen Beitrag zur Debatte über die Situation des bürgerlichen Lagers leisten, indem sie die neuen Ausdrucksformen des Konservatismus und die Bedeutung der feministischen Bewegung für den Aufbau des emanzipatorischen Projekts analysiert.</p>
<p>Sara Mabel Villalba Portillo hat einen Doktortitel in zeitgenössischen politischen Prozessen und einen Master-Abschluss in Politikwissenschaft (Universität Salamanca, Spanien). Sie hat einen Abschluss in Kommunikationswissenschaften (Nationale Universität von Asunción). Aktive Forscherin für den Nationalen Rat für Wissenschaft und Technologie (CONACYT), Ebene II, Paraguay. Professorin an der Katholischen Universität (UCA) und Mitglied der Vereinigung der Politikwissenschaftler Paraguays (ACIPP) sowie Gründungsmitglied der Vereinigung der wissenschaftlichen Forscher Paraguays (ADICIP). Sie ist Autorin von Artikeln, Büchern und Buchkapiteln. Ihre Forschungsinteressen sind: Wahlprozesse und politische Beteiligung, politische Rechte und indigene Völker, kollektives Handeln und soziale Mobilisierung.</p>
<p>Juan Carlos Yuste hat an der Universität des Baskenlandes in Politikwissenschaften promoviert. Er hat einen Abschluss in Soziologie von der UNED Spanien. Er hat einen Master-Abschluss in partizipativer Aktionsforschung von der Universität Complutense in Madrid und arbeitet seit vielen Jahren mit Volksorganisationen und -bewegungen in Paraguay zusammen.</p>
</div>
<div class="" data-block="true" data-editor="jh57" data-offset-key="5se1c-0-0">
<div class="_1mf _1mj" data-offset-key="5se1c-0-0"><strong>Organisiert von BASE Investigaciones Sociales | BASE-IS</strong></div>
<div class="_1mf _1mj" data-offset-key="5se1c-0-0"><span data-offset-key="en3do-0-0"><a href="https://www.baseis.org.py">Webseite</a> | <a href="https://www.facebook.com/baseispy">Facebook</a> | <a href="https://www.instagram.com/baseisparaguay/">Instagram</a> | <a href="https://twitter.com/baseispy">X</a> | <a href="https://www.youtube.com/channel/UCMScZ2hKm9EwTEaLefe4cKA">YouTube</a></span></div>
</div>
<div class="" data-block="true" data-editor="jh57" data-offset-key="kd65-0-0">
<div class="_1mf _1mj" data-offset-key="kd65-0-0"><span data-offset-key="kd65-0-0"> </span></div>
</div>
<div class="" data-block="true" data-editor="jh57" data-offset-key="evh6p-0-0">
<div class="_1mf _1mj" data-offset-key="evh6p-0-0"><strong>Mittwoch, 23. Oktober 2024</strong></div>
<div class="_1mf _1mj" data-offset-key="evh6p-0-0"><span data-offset-key="evh6p-0-0">18:00 Uhr</span></div>
</div>
<div class="" data-block="true" data-editor="jh57" data-offset-key="6nnkf-0-0">
<div class="_1mf _1mj" data-offset-key="6nnkf-0-0"><span data-offset-key="6nnkf-0-0">Eintritt frei</span></div>
</div>
<div class="" data-block="true" data-editor="jh57" data-offset-key="15k2t-0-0">
<div data-offset-key="15k2t-0-0">.</div>
<div class="_1mf _1mj" data-offset-key="15k2t-0-0"><strong>Salón Rolando Rasmussen</strong></div>
</div>
<div class="" data-block="true" data-editor="jh57" data-offset-key="30ug0-0-0">
<div class="_1mf _1mj" data-offset-key="30ug0-0-0"><span data-offset-key="30ug0-0-0">Instituto Cultural Paraguayo-Alemán &#8211; Goethe-Zentrum</span></div>
</div>
<div class="" data-block="true" data-editor="jh57" data-offset-key="2hvkk-0-0">
<div class="_1mf _1mj" data-offset-key="2hvkk-0-0"><span data-offset-key="2hvkk-0-0">Juan de Salazar 310 c/Artigas</span></div>
</div>
<div class="" data-block="true" data-editor="jh57" data-offset-key="d6qqh-0-0">
<div class="_1mf _1mj" data-offset-key="d6qqh-0-0"><span data-offset-key="d6qqh-0-0">Ricardo Brugada, </span>Asunción</div>
</div>
<div class="" data-block="true" data-editor="jh57" data-offset-key="apage-0-0">
<div class="_1mf _1mj" data-offset-key="apage-0-0"><span data-offset-key="apage-0-0"> </span></div>
</div>
<div class="" data-block="true" data-editor="jh57" data-offset-key="966jv-0-0">
<div class="_1mf _1mj" data-offset-key="966jv-0-0"><strong>Gefördert vom ICPA-GZ</strong></div>
</div>

<p>Base Is, lädt am Mittwoch, den 23. Oktober ab 18 Uhr zum „Luchas del Campo Popular“ ins ICPA-GZ ein. An</p>
