{"id":2462,"date":"2021-09-24T17:41:48","date_gmt":"2021-09-24T20:41:48","guid":{"rendered":"http:\/\/www.icpa-gz.org.py\/DE\/?post_type=tribe_events&#038;p=2462"},"modified":"2021-10-01T11:58:00","modified_gmt":"2021-10-01T14:58:00","slug":"feierlichkeiten-zum-tag-der-deutschen-einheit-deutsche-woche-2021","status":"publish","type":"tribe_events","link":"https:\/\/www.icpa-gz.org.py\/DE\/evento\/feierlichkeiten-zum-tag-der-deutschen-einheit-deutsche-woche-2021\/","title":{"rendered":"FEIERLICHKEITEN ZUM TAG DER DEUTSCHEN EINHEIT | DEUTSCHE WOCHE 2021"},"content":{"rendered":"<p><strong>Sonntag, 3. Oktober | 10:00 Uhr &amp; 16:00 Uhr &amp; 17:00 Uhr &#8211; Feierlichkeiten zum Tag der Deutschen Einheit<\/strong><\/p>\n<p>Auch in diesem Jahr wird der Tag der Deutschen Einheit wieder virtuell gefeiert. \u00dcber die sozialen Medien kann die \u00d6ffentlichkeit den Botschafter und seine Frau ab <strong>10:00 Uhr<\/strong> in ihrer Residenz begleiten, um gemeinsam mit dem Yotuber und Koch Peta R\u00fcger (En el horno con Peta) eine der traditionellsten S\u00fc\u00dfspeisen Deutschlands, die Schwarzw\u00e4lder Kirschtorte, zuzubereiten.<\/p>\n<p>Um <strong>16:00 Uhr<\/strong> ist auf den Social-Media-Kan\u00e4len der Botschaft die Premiere des fiktionalen Dokumentarfilms &#8220;Historia Viva: Deutschland in Paraguay&#8221;, ein Gemeinschaftsprojekt der Deutschen Botschaft und der Produktionsfirma Amamos Cine, geplant.\u00a0 Der Dokumentarfilm l\u00e4dt dazu ein, die Urspr\u00fcnge der deutschen Migration in Paraguay und ihre aktuellen Aspekte aus der Sicht eines der ersten Europ\u00e4er, die in Paraguay ankamen, Ulrich Schmidl, kennenzulernen.<\/p>\n<p>Um <strong>17:00 Uhr<\/strong> wird der Tag mit einem virtuellen Toast in der Residenz des Botschafters und dem Gru\u00dfwort des deutschen Bundesministers Heiko Maas, gefolgt von einem Konzert des West-Eastern Divan Orchestra beendet.<\/p>\n<p>&nbsp;<\/p>\n<p><strong><a href=\"https:\/\/www.icpa-gz.org.py\/DE\/wp-content\/uploads\/2021\/09\/SemanaAlemana_DeutscheWoche_2021.pdf\">Programm der Deutschen Woche 2021 | spanisch<\/a><\/strong><\/p>\n","protected":false},"excerpt":{"rendered":"<p>Sonntag, 3. Oktober | 10:00 Uhr &amp; 16:00 Uhr &amp; 17:00 Uhr &#8211; Feierlichkeiten zum Tag der Deutschen Einheit Auch<\/p>\n","protected":false},"author":1,"featured_media":2547,"template":"","meta":{"colormag_page_container_layout":"default_layout","colormag_page_sidebar_layout":"default_layout","_tribe_events_status":"","_tribe_events_status_reason":"","_joinchat":[],"footnotes":""},"tags":[],"tribe_events_cat":[],"class_list":["post-2462","tribe_events","type-tribe_events","status-publish","has-post-thumbnail","hentry"],"_links":{"self":[{"href":"https:\/\/www.icpa-gz.org.py\/DE\/wp-json\/wp\/v2\/tribe_events\/2462","targetHints":{"allow":["GET"]}}],"collection":[{"href":"https:\/\/www.icpa-gz.org.py\/DE\/wp-json\/wp\/v2\/tribe_events"}],"about":[{"href":"https:\/\/www.icpa-gz.org.py\/DE\/wp-json\/wp\/v2\/types\/tribe_events"}],"author":[{"embeddable":true,"href":"https:\/\/www.icpa-gz.org.py\/DE\/wp-json\/wp\/v2\/users\/1"}],"version-history":[{"count":1,"href":"https:\/\/www.icpa-gz.org.py\/DE\/wp-json\/wp\/v2\/tribe_events\/2462\/revisions"}],"predecessor-version":[{"id":2463,"href":"https:\/\/www.icpa-gz.org.py\/DE\/wp-json\/wp\/v2\/tribe_events\/2462\/revisions\/2463"}],"wp:featuredmedia":[{"embeddable":true,"href":"https:\/\/www.icpa-gz.org.py\/DE\/wp-json\/wp\/v2\/media\/2547"}],"wp:attachment":[{"href":"https:\/\/www.icpa-gz.org.py\/DE\/wp-json\/wp\/v2\/media?parent=2462"}],"wp:term":[{"taxonomy":"post_tag","embeddable":true,"href":"https:\/\/www.icpa-gz.org.py\/DE\/wp-json\/wp\/v2\/tags?post=2462"},{"taxonomy":"tribe_events_cat","embeddable":true,"href":"https:\/\/www.icpa-gz.org.py\/DE\/wp-json\/wp\/v2\/tribe_events_cat?post=2462"}],"curies":[{"name":"wp","href":"https:\/\/api.w.org\/{rel}","templated":true}]}}

<p><strong>Sonntag, 3. Oktober | 10:00 Uhr &amp; 16:00 Uhr &amp; 17:00 Uhr &#8211; Feierlichkeiten zum Tag der Deutschen Einheit</strong></p>
<p>Auch in diesem Jahr wird der Tag der Deutschen Einheit wieder virtuell gefeiert. Über die sozialen Medien kann die Öffentlichkeit den Botschafter und seine Frau ab <strong>10:00 Uhr</strong> in ihrer Residenz begleiten, um gemeinsam mit dem Yotuber und Koch Peta Rüger (En el horno con Peta) eine der traditionellsten Süßspeisen Deutschlands, die Schwarzwälder Kirschtorte, zuzubereiten.</p>
<p>Um <strong>16:00 Uhr</strong> ist auf den Social-Media-Kanälen der Botschaft die Premiere des fiktionalen Dokumentarfilms &#8220;Historia Viva: Deutschland in Paraguay&#8221;, ein Gemeinschaftsprojekt der Deutschen Botschaft und der Produktionsfirma Amamos Cine, geplant.  Der Dokumentarfilm lädt dazu ein, die Ursprünge der deutschen Migration in Paraguay und ihre aktuellen Aspekte aus der Sicht eines der ersten Europäer, die in Paraguay ankamen, Ulrich Schmidl, kennenzulernen.</p>
<p>Um <strong>17:00 Uhr</strong> wird der Tag mit einem virtuellen Toast in der Residenz des Botschafters und dem Grußwort des deutschen Bundesministers Heiko Maas, gefolgt von einem Konzert des West-Eastern Divan Orchestra beendet.</p>
<p>&nbsp;</p>
<p><strong><a href="https://www.icpa-gz.org.py/DE/wp-content/uploads/2021/09/SemanaAlemana_DeutscheWoche_2021.pdf">Programm der Deutschen Woche 2021 | spanisch</a></strong></p>
