{"id":2382,"date":"2021-08-26T17:36:39","date_gmt":"2021-08-26T20:36:39","guid":{"rendered":"http:\/\/www.icpa-gz.org.py\/DE\/?post_type=tribe_events&#038;p=2382"},"modified":"2021-08-31T15:41:27","modified_gmt":"2021-08-31T18:41:27","slug":"haus-kino-atlas","status":"publish","type":"tribe_events","link":"https:\/\/www.icpa-gz.org.py\/DE\/evento\/haus-kino-atlas\/","title":{"rendered":"HAUS-KINO | ATLAS"},"content":{"rendered":"<div class=\"dossier-top-teaser-container ganze-breite Mb(64px)\">\n<div class=\"dossier-top-teaser-inner hellGrau\">\n<div class=\"dossier-top-teaser-text-c w(719px) m-lr-a\">\n<div class=\"dossier-top-teaser-text\">\n<div class=\"dossier-top-teaser-container ganze-breite Mb(64px)\">\n<div class=\"dossier-top-teaser-inner hellGrau\">\n<div class=\"dossier-top-teaser-text-c w(719px) m-lr-a\">\n<div class=\"dossier-top-teaser-text\">\n<div class=\"dossier-infotext-header-text-c Fs(18px) Lh(1.556)\"><strong>Dienstag, 7. September | 18h bis Freitag, 10. September | 18h<\/strong><br \/>\n<strong>Nach der Reservierung im genannten Zeitraum steht der Film 48 Stunden zur Verf\u00fcgung<\/strong><\/div>\n<div class=\"dossier-infotext-header-text-c Fs(18px) Lh(1.556)\"><a href=\"http:\/\/haus-kino.goethe-on-demand.de\/\"><strong>&gt;&gt;zum Film<\/strong><\/a><\/div>\n<div class=\"dossier-infotext-header-text-c Fs(18px) Lh(1.556)\">\n<p>&nbsp;<\/p>\n<p>David Navrath, 2017, 100 Min.<br \/>\nDrehbuch: David Nawrath, Paul Salisbury<br \/>\nKamara: Tobias von dem Borne<br \/>\nSchnitt: Stefan Oliveira-Pita<br \/>\nMusik: Enis Rotthoff<br \/>\nProduzenten: Britta Kn\u00f6ller, Hans-Christian Schmid<br \/>\nMit Rainer Bock, Thorsten Merten, Uwe Preuss, Albrecht Schuch, Friederike Bellstedt, Roman Kanonik, Johanna Bronkalla, Z\u00fcbeyde Bulut, Nina Gummich, Nikolay Sidorenko, Mohammed-Ali Behboudi, Marlene-Sophie Haagen, Johannes Gevers<\/p>\n<\/div>\n<\/div>\n<\/div>\n<\/div>\n<\/div>\n<div class=\"dossier-infotext w(719px) m-lr-a Mb(50px)\">\n<h2 class=\"dossier M(0) Mb(20px) Fs(34px) Lh(1.17) C-gi-grau-7\"><\/h2>\n<p>Der 60-j\u00e4hrige Walter ist M\u00f6belpacker f\u00fcr Zwangsr\u00e4umungen. Er ist der treueste Schlepper, den Walters Chef Roland Grone in seiner Spedition hat. Walter ignoriert die Schmerzen, die ihm der Knochenjob bereitet, ebenso wie das Leid der Menschen, in deren Privatsph\u00e4re er t\u00e4glich eindringt. Grone plant mit Hilfe des zwielichtigen Familienklans der Afsaris ein riskantes Immobiliengesch\u00e4ft, das dazu dient, schmutziges Geld zu waschen. Nur: Ein letzter Mieter weigert sich auszuziehen. Walter glaubt in dem jungen Mann seinen Sohn Jan wiederzuerkennen, den er vor Jahrzehnten im Stich gelassen und seitdem nie wieder gesehen hat. Das ist der Anfang einer vorsichtigen Ann\u00e4herung, ein Versuch, die Familie vor einer drohenden Gefahr zu retten und endlich die Verantwortung zu \u00fcbernehmen, vor der er sich viele Jahre lang gedr\u00fcckt hat.<\/p>\n<p>&nbsp;<\/p>\n<h2 class=\"zwischenueberschrift\">KRITIKEN UND EMPFEHLUNGEN<\/h2>\n<p>\u00ab\u201eAtlas\u201c erz\u00e4hlt seine dunkle, gewaltt\u00e4tige, fast schicksalhafte Geschichte von Schuld und S\u00fchne in einer Manier, die an die Romane von Clemens Meyer denken l\u00e4sst. Dazu passt das erratische Spiel von Rainer Bock, dessen Potenzial mit sprachlos machender Wucht abgerufen wird. \u00bb &#8211; Filmdienst<\/p>\n<p>\u00abEs ist vielleicht die Rolle seines Lebens f\u00fcr den fabelhaften Rainer Bock, und David Nawraths Deb\u00fct spielt alle St\u00e4rken voll aus, die ein gef\u00f6rderter Film haben kann: eine koh\u00e4rente Geschichte, ein dichtes Stimmungsgem\u00e4lde, exzellente Darsteller.\u00bb &#8211; Die Welt<\/p>\n<p>\u00abFesselnd gelingt dem Spielfilm-Deb\u00fctanten David Nawrath das Paradox, sich einen undurchschaubaren Charakter aufs Genaueste anzuschauen: Ein Mann mit verheimlichter Vergangenheit bekommt die Chance, einmal ein &#8220;guter Mensch&#8221; zu sein &#8211; indem er etwas B\u00f6ses tut. Walter mag maulfaul bis zur Stummheit scheinen; doch Rainer Bock, der ihm, mit einem Gesicht wie eine Landkarte, einsame Gr\u00f6\u00dfe verleiht, zelebriert ein Schweigen, das in den Ohren dr\u00f6hnt.\u00bb &#8211; Frankenpost<\/p>\n<\/div>\n<div class=\"dossier-infotext w(719px) m-lr-a Mb(50px)\">\n<h2><\/h2>\n<h2 class=\"zwischenueberschrift\">FESTIVALS UND PREISE<\/h2>\n<ul>\n<li class=\"zwischenueberschrift\">2015 Emdener Drehbuchpreis.<\/li>\n<li class=\"zwischenueberschrift\">2016 Nominierung f\u00fcr den Deutschen Drehbuchpreis.<\/li>\n<li class=\"zwischenueberschrift\">2018 Preis der \u201eFondazione Sandretto Re Rebaudengo\u201c beim Film Festival Torino\/Italien.\u00a0 Preis Bester Hauptdarsteller (ex-aequo) f\u00fcr Rainer Bock.<\/li>\n<li class=\"zwischenueberschrift\">2018 Nominierung f\u00fcr den Hessischen Filmpreis<\/li>\n<\/ul>\n<p>&nbsp;<\/p>\n<\/div>\n<\/div>\n<\/div>\n<\/div>\n<\/div>\n<div class=\"dossier-infotext w(719px) m-lr-a Mb(50px)\">\n<h2 class=\"zwischenueberschrift\">REGISSEUR\u00a0&#8211;\u00a0\u200bDAVID NAWRATH<\/h2>\n<\/div>\n<div><img decoding=\"async\" src=\"https:\/\/www.goethe.de\/resources\/files\/jpg1059\/david-nawrath_copyright-david-nawrath---kopie1-formatkey-jpg-default.jpg\" alt=\"David Nawrath\" \/><\/div>\n<div class=\"dossier-infotext w(719px) m-lr-a Mb(50px)\"><strong>\u00a9\u00a0<\/strong>David Nawrath<\/div>\n<div><\/div>\n<div class=\"dossier-infotext w(719px) m-lr-a Mb(50px)\">David Nawrath (1980, Berlin), wuchs wechselweise in Deutschland und dem Iran auf. 2005 realisierte er zusammen mit\u00a0Florian Schewe\u00a0seine erste Regiearbeit, den abendfu\u0308llenden Dokumentarfilm\u00a0<i>Moharram &#8211; Jugend der ewigen Morgenr\u00f6te<\/i>, ein Portr\u00e4t moderner Jugendlicher im restriktiven Teheran. Noch im gleichen Jahr nahm Nawrath ein Regie-Studium an der Deutschen Film- und Fernsehakademie Berlin (dffb) auf. Sein Kurzfilm\u00a0<i>Was bleibt<\/i>\u00a0war fu\u0308r den Deutschen Kurzfilmpreis und f\u00fcr den Europa\u0308ischen Kurzfilmpreis nominiert. 2011 wurde Nawrath als einer von sechs internationalen Filmemachern fu\u0308r die Re\u0301sidence du Festival de Cannes in Paris ausgewa\u0308hlt. Zur\u00fcck in Deutschland drehte er f\u00fcr den Kulturkanal Arte mehrere Doku-Reihen mit der K\u00f6chin\u00a0Sarah Wiener. Auch f\u00fcr den RBB realisierte er eine Reihe von Reportagen. Parallel zu diesen Auftragsarbeiten schrieb Nawrath zusammen mit\u00a0Paul Salisbury\u00a0das Drehbuch zu dem Kinofilm\u00a0<i>Atlas<\/i>. Das Drama feierte bei den Hofer Filmtagen 2018 Premiere. Beim Turin Film Festival erhielt der Film einen Spezialpreis der Jury und den Preis f\u00fcr den besten Hauptdarsteller (Rainer Bock). Beim Deutschen Filmpreis 2019 erhielt\u00a0<i>Atlas\u00a0<\/i>Nominierungen in den Kategorien Bestes Drehbuch und Bester Hauptdarsteller.<\/div>\n<div><\/div>\n","protected":false},"excerpt":{"rendered":"<p>Dienstag, 7. September | 18h bis Freitag, 10. September | 18h Nach der Reservierung im genannten Zeitraum steht der Film<\/p>\n","protected":false},"author":1,"featured_media":2430,"template":"","meta":{"colormag_page_container_layout":"default_layout","colormag_page_sidebar_layout":"default_layout","_tribe_events_status":"","_tribe_events_status_reason":"","_joinchat":[],"footnotes":""},"tags":[],"tribe_events_cat":[],"class_list":["post-2382","tribe_events","type-tribe_events","status-publish","has-post-thumbnail","hentry"],"_links":{"self":[{"href":"https:\/\/www.icpa-gz.org.py\/DE\/wp-json\/wp\/v2\/tribe_events\/2382","targetHints":{"allow":["GET"]}}],"collection":[{"href":"https:\/\/www.icpa-gz.org.py\/DE\/wp-json\/wp\/v2\/tribe_events"}],"about":[{"href":"https:\/\/www.icpa-gz.org.py\/DE\/wp-json\/wp\/v2\/types\/tribe_events"}],"author":[{"embeddable":true,"href":"https:\/\/www.icpa-gz.org.py\/DE\/wp-json\/wp\/v2\/users\/1"}],"version-history":[{"count":17,"href":"https:\/\/www.icpa-gz.org.py\/DE\/wp-json\/wp\/v2\/tribe_events\/2382\/revisions"}],"predecessor-version":[{"id":2410,"href":"https:\/\/www.icpa-gz.org.py\/DE\/wp-json\/wp\/v2\/tribe_events\/2382\/revisions\/2410"}],"wp:featuredmedia":[{"embeddable":true,"href":"https:\/\/www.icpa-gz.org.py\/DE\/wp-json\/wp\/v2\/media\/2430"}],"wp:attachment":[{"href":"https:\/\/www.icpa-gz.org.py\/DE\/wp-json\/wp\/v2\/media?parent=2382"}],"wp:term":[{"taxonomy":"post_tag","embeddable":true,"href":"https:\/\/www.icpa-gz.org.py\/DE\/wp-json\/wp\/v2\/tags?post=2382"},{"taxonomy":"tribe_events_cat","embeddable":true,"href":"https:\/\/www.icpa-gz.org.py\/DE\/wp-json\/wp\/v2\/tribe_events_cat?post=2382"}],"curies":[{"name":"wp","href":"https:\/\/api.w.org\/{rel}","templated":true}]}}

<div class="dossier-top-teaser-container ganze-breite Mb(64px)">
<div class="dossier-top-teaser-inner hellGrau">
<div class="dossier-top-teaser-text-c w(719px) m-lr-a">
<div class="dossier-top-teaser-text">
<div class="dossier-top-teaser-container ganze-breite Mb(64px)">
<div class="dossier-top-teaser-inner hellGrau">
<div class="dossier-top-teaser-text-c w(719px) m-lr-a">
<div class="dossier-top-teaser-text">
<div class="dossier-infotext-header-text-c Fs(18px) Lh(1.556)"><strong>Dienstag, 7. September | 18h bis Freitag, 10. September | 18h</strong><br />
<strong>Nach der Reservierung im genannten Zeitraum steht der Film 48 Stunden zur Verfügung</strong></div>
<div class="dossier-infotext-header-text-c Fs(18px) Lh(1.556)"><a href="http://haus-kino.goethe-on-demand.de/"><strong>&gt;&gt;zum Film</strong></a></div>
<div class="dossier-infotext-header-text-c Fs(18px) Lh(1.556)">
<p>&nbsp;</p>
<p>David Navrath, 2017, 100 Min.<br />
Drehbuch: David Nawrath, Paul Salisbury<br />
Kamara: Tobias von dem Borne<br />
Schnitt: Stefan Oliveira-Pita<br />
Musik: Enis Rotthoff<br />
Produzenten: Britta Knöller, Hans-Christian Schmid<br />
Mit Rainer Bock, Thorsten Merten, Uwe Preuss, Albrecht Schuch, Friederike Bellstedt, Roman Kanonik, Johanna Bronkalla, Zübeyde Bulut, Nina Gummich, Nikolay Sidorenko, Mohammed-Ali Behboudi, Marlene-Sophie Haagen, Johannes Gevers</p>
</div>
</div>
</div>
</div>
</div>
<div class="dossier-infotext w(719px) m-lr-a Mb(50px)">
<h2 class="dossier M(0) Mb(20px) Fs(34px) Lh(1.17) C-gi-grau-7"></h2>
<p>Der 60-jährige Walter ist Möbelpacker für Zwangsräumungen. Er ist der treueste Schlepper, den Walters Chef Roland Grone in seiner Spedition hat. Walter ignoriert die Schmerzen, die ihm der Knochenjob bereitet, ebenso wie das Leid der Menschen, in deren Privatsphäre er täglich eindringt. Grone plant mit Hilfe des zwielichtigen Familienklans der Afsaris ein riskantes Immobiliengeschäft, das dazu dient, schmutziges Geld zu waschen. Nur: Ein letzter Mieter weigert sich auszuziehen. Walter glaubt in dem jungen Mann seinen Sohn Jan wiederzuerkennen, den er vor Jahrzehnten im Stich gelassen und seitdem nie wieder gesehen hat. Das ist der Anfang einer vorsichtigen Annäherung, ein Versuch, die Familie vor einer drohenden Gefahr zu retten und endlich die Verantwortung zu übernehmen, vor der er sich viele Jahre lang gedrückt hat.</p>
<p>&nbsp;</p>
<h2 class="zwischenueberschrift">KRITIKEN UND EMPFEHLUNGEN</h2>
<p>«„Atlas“ erzählt seine dunkle, gewalttätige, fast schicksalhafte Geschichte von Schuld und Sühne in einer Manier, die an die Romane von Clemens Meyer denken lässt. Dazu passt das erratische Spiel von Rainer Bock, dessen Potenzial mit sprachlos machender Wucht abgerufen wird. » &#8211; Filmdienst</p>
<p>«Es ist vielleicht die Rolle seines Lebens für den fabelhaften Rainer Bock, und David Nawraths Debüt spielt alle Stärken voll aus, die ein geförderter Film haben kann: eine kohärente Geschichte, ein dichtes Stimmungsgemälde, exzellente Darsteller.» &#8211; Die Welt</p>
<p>«Fesselnd gelingt dem Spielfilm-Debütanten David Nawrath das Paradox, sich einen undurchschaubaren Charakter aufs Genaueste anzuschauen: Ein Mann mit verheimlichter Vergangenheit bekommt die Chance, einmal ein &#8220;guter Mensch&#8221; zu sein &#8211; indem er etwas Böses tut. Walter mag maulfaul bis zur Stummheit scheinen; doch Rainer Bock, der ihm, mit einem Gesicht wie eine Landkarte, einsame Größe verleiht, zelebriert ein Schweigen, das in den Ohren dröhnt.» &#8211; Frankenpost</p>
</div>
<div class="dossier-infotext w(719px) m-lr-a Mb(50px)">
<h2></h2>
<h2 class="zwischenueberschrift">FESTIVALS UND PREISE</h2>
<ul>
<li class="zwischenueberschrift">2015 Emdener Drehbuchpreis.</li>
<li class="zwischenueberschrift">2016 Nominierung für den Deutschen Drehbuchpreis.</li>
<li class="zwischenueberschrift">2018 Preis der „Fondazione Sandretto Re Rebaudengo“ beim Film Festival Torino/Italien.  Preis Bester Hauptdarsteller (ex-aequo) für Rainer Bock.</li>
<li class="zwischenueberschrift">2018 Nominierung für den Hessischen Filmpreis</li>
</ul>
<p>&nbsp;</p>
</div>
</div>
</div>
</div>
</div>
<div class="dossier-infotext w(719px) m-lr-a Mb(50px)">
<h2 class="zwischenueberschrift">REGISSEUR &#8211; ​DAVID NAWRATH</h2>
</div>
<div><img decoding="async" src="https://www.goethe.de/resources/files/jpg1059/david-nawrath_copyright-david-nawrath---kopie1-formatkey-jpg-default.jpg" alt="David Nawrath" /></div>
<div class="dossier-infotext w(719px) m-lr-a Mb(50px)"><strong>© </strong>David Nawrath</div>
<div></div>
<div class="dossier-infotext w(719px) m-lr-a Mb(50px)">David Nawrath (1980, Berlin), wuchs wechselweise in Deutschland und dem Iran auf. 2005 realisierte er zusammen mit Florian Schewe seine erste Regiearbeit, den abendfüllenden Dokumentarfilm <i>Moharram &#8211; Jugend der ewigen Morgenröte</i>, ein Porträt moderner Jugendlicher im restriktiven Teheran. Noch im gleichen Jahr nahm Nawrath ein Regie-Studium an der Deutschen Film- und Fernsehakademie Berlin (dffb) auf. Sein Kurzfilm <i>Was bleibt</i> war für den Deutschen Kurzfilmpreis und für den Europäischen Kurzfilmpreis nominiert. 2011 wurde Nawrath als einer von sechs internationalen Filmemachern für die Résidence du Festival de Cannes in Paris ausgewählt. Zurück in Deutschland drehte er für den Kulturkanal Arte mehrere Doku-Reihen mit der Köchin Sarah Wiener. Auch für den RBB realisierte er eine Reihe von Reportagen. Parallel zu diesen Auftragsarbeiten schrieb Nawrath zusammen mit Paul Salisbury das Drehbuch zu dem Kinofilm <i>Atlas</i>. Das Drama feierte bei den Hofer Filmtagen 2018 Premiere. Beim Turin Film Festival erhielt der Film einen Spezialpreis der Jury und den Preis für den besten Hauptdarsteller (Rainer Bock). Beim Deutschen Filmpreis 2019 erhielt <i>Atlas </i>Nominierungen in den Kategorien Bestes Drehbuch und Bester Hauptdarsteller.</div>
<div></div>
