{"id":2178,"date":"2021-07-22T13:08:24","date_gmt":"2021-07-22T16:08:24","guid":{"rendered":"http:\/\/www.icpa-gz.org.py\/DE\/?post_type=tribe_events&#038;p=2178"},"modified":"2021-07-22T13:08:24","modified_gmt":"2021-07-22T16:08:24","slug":"grune-insel","status":"publish","type":"tribe_events","link":"https:\/\/www.icpa-gz.org.py\/DE\/evento\/grune-insel\/","title":{"rendered":"GR\u00dcNE INSEL"},"content":{"rendered":"<p><strong><span style=\"font-family: Calibri Light, serif;\"><span style=\"font-size: small;\"><span lang=\"de-DE\">Das Ferienfreizeit des ICPA Goethe-Zentrum<\/span><\/span><\/span><\/strong><\/p>\n<p><span style=\"font-family: Calibri Light, serif;\"><span style=\"font-size: small;\"><span lang=\"de-DE\">Die Gr\u00fcne Insel kehrt ins ICPA zur\u00fcck in einer Form, die unserer neuen Realit\u00e4t angepasst ist, wir laden Sie ein, an den verschiedenen Workshops teilzunehmen. <\/span><\/span><\/span><\/p>\n<p><span style=\"font-family: Calibri Light, serif;\"><span style=\"font-size: small;\"><span lang=\"de-DE\">Die Teilnahme an den Workshops ist kostenlos und findet von Montag bis Freitag, 19. bis 30. Juli, statt. Die Workshops beginnen zwischen 9.00 und 15.00 Uhr.<\/span><\/span><\/span><\/p>\n<p><span style=\"font-family: Calibri Light, serif;\"><span style=\"font-size: small;\"><span lang=\"de-DE\">Mit Ausnahme eines einzigen Workshops, der im virtuellen Modus durchgef\u00fchrt wird, stehen f\u00fcr jeden Workshop zehn Pl\u00e4tze zur Verf\u00fcgung, um das lokale Sanit\u00e4rprotokolle einzuhalten.<\/span><\/span><\/span><\/p>\n<p><span style=\"font-family: Calibri Light, serif;\"><span style=\"font-size: small;\"><span lang=\"de-DE\">Weitere Informationen und Anmeldungen finden Sie unter (021) 224455 oder 0983 307150 \u00fcber WhatsApp. <\/span><\/span><\/span><\/p>\n<p><strong><span style=\"font-family: Calibri Light, serif;\"><span style=\"font-size: small;\"><span lang=\"de-DE\">1. Fotografieworkshop mit Francene Keery (ab 12 Jahren).<\/span><\/span><\/span><\/strong><\/p>\n<p><span style=\"font-family: Calibri Light, serif;\"><span style=\"font-size: small;\"><span lang=\"de-DE\">Montag &#8211; Mittwoch &#8211; Freitag von 10: 00 bis 12: 00 Uhr.<\/span><\/span><\/span><\/p>\n<p><span style=\"font-family: Calibri Light, serif;\"><span style=\"font-size: small;\"><span lang=\"de-DE\">AUSSEN \/ INNEN Bilder, die Geschichten erz\u00e4hlen: &#8220;Wir sind Teil der Natur, wir verbinden uns mit unseren Essenzen.&#8221; Francene Keery <\/span><\/span><\/span><\/p>\n<p><strong><span style=\"font-family: Calibri Light, serif;\"><span style=\"font-size: small;\"><span lang=\"de-DE\">2. Sticken mit Xiomara.<\/span><\/span><\/span><\/strong><\/p>\n<p><span style=\"font-family: Calibri Light, serif;\"><span style=\"font-size: small;\"><span lang=\"de-DE\">Montag &#8211; Mittwoch &#8211; Freitag von 13.00 bis 14.30 Uhr. <\/span><\/span><\/span><\/p>\n<p><span style=\"font-family: Calibri Light, serif;\"><span style=\"font-size: small;\"><span lang=\"de-DE\">Fadenzeichnungen. Kreativit\u00e4t kennt keine Grenzen.<\/span><\/span><\/span><\/p>\n<p><strong><span style=\"font-family: Calibri Light, serif;\"><span style=\"font-size: small;\"><span lang=\"de-DE\">3. Aquarellwerkstatt mit Monika Schuchardt <\/span><\/span><\/span><\/strong><\/p>\n<p><span style=\"font-family: Calibri Light, serif;\"><span style=\"font-size: small;\"><span lang=\"de-DE\">Dienstag und Donnerstag von 10.30 bis 13.00 Uhr.<\/span><\/span><\/span><\/p>\n<p><span style=\"font-family: Calibri Light, serif;\"><span style=\"font-size: small;\"><span lang=\"de-DE\">Wir lassen die Farben flie\u00dfen und diese sich wiederfinden.<\/span><\/span><\/span><\/p>\n<p><strong><span style=\"font-family: Calibri Light, serif;\"><span style=\"font-size: small;\"><span lang=\"de-DE\">4. Yoga-Workshop mit Atha Yoga Analia Marchi.<\/span><\/span><\/span><\/strong><\/p>\n<p><span style=\"font-family: Calibri Light, serif;\"><span style=\"font-size: small;\"><span lang=\"de-DE\">Dienstag und Donnerstag von 9.00 bis 10.00 Uhr<\/span><\/span><\/span><\/p>\n<p><span style=\"font-family: Calibri Light, serif;\"><span style=\"font-size: small;\"><span lang=\"de-DE\">Wir verw\u00f6hnen unseren K\u00f6rper mit heilende Bewegungen. <\/span><\/span><\/span><\/p>\n<p><strong><span style=\"font-family: Calibri Light, serif;\"><span style=\"font-size: small;\"><span lang=\"de-DE\">5. Kerzenwerkstatt mit Mariela Fatecha de Las Naranjitas (ab 13 Jahren).<\/span><\/span><\/span><\/strong><\/p>\n<p><span style=\"font-family: Calibri Light, serif;\"><span style=\"font-size: small;\"><span lang=\"de-DE\">Ein Licht, das in den Wintern\u00e4chten leuchtet.<\/span><\/span><\/span><\/p>\n<p><span style=\"font-family: Calibri Light, serif;\"><span style=\"font-size: small;\"><span lang=\"de-DE\">Donnerstag, 22. Juli 15.00 Uhr<\/span><\/span><\/span><\/p>\n<p><strong><span style=\"font-family: Calibri Light, serif;\"><span style=\"font-size: small;\">6.Kr\u00e4uteralben-Workshop mit Mariela Fatecha de Las Naranjitas.<\/span><\/span><\/strong><\/p>\n<p><span style=\"font-family: Calibri Light, serif;\"><span style=\"font-size: small;\"><span lang=\"de-DE\">Donnerstag, 29. Juli 15.00 Uhr<\/span><\/span><\/span><\/p>\n<p><span style=\"font-family: Calibri Light, serif;\"><span style=\"font-size: small;\"><span lang=\"de-DE\">Die Natur gibt uns Freude, Gesundheit und Sch\u00f6nheit.<\/span><\/span><\/span><\/p>\n<p><strong><span style=\"font-family: Calibri Light, serif;\"><span style=\"font-size: small;\"><span lang=\"de-DE\">7.Virtueller Workshop f\u00fcr Hausreinigungsmittel mit Mariela Fatecha de Las Naranjitas.<\/span><\/span><\/span><\/strong><\/p>\n<p><span style=\"font-family: Calibri Light, serif;\"><span style=\"font-size: small;\"><span lang=\"de-DE\">Komm und schreib Dich ein!<\/span><\/span><\/span><\/p>\n","protected":false},"excerpt":{"rendered":"<p>Das Ferienfreizeit des ICPA Goethe-Zentrum Die Gr\u00fcne Insel kehrt ins ICPA zur\u00fcck in einer Form, die unserer neuen Realit\u00e4t angepasst<\/p>\n","protected":false},"author":1,"featured_media":2179,"template":"","meta":{"colormag_page_container_layout":"default_layout","colormag_page_sidebar_layout":"default_layout","_tribe_events_status":"","_tribe_events_status_reason":"","_joinchat":[],"footnotes":""},"tags":[],"tribe_events_cat":[],"class_list":["post-2178","tribe_events","type-tribe_events","status-publish","has-post-thumbnail","hentry"],"_links":{"self":[{"href":"https:\/\/www.icpa-gz.org.py\/DE\/wp-json\/wp\/v2\/tribe_events\/2178","targetHints":{"allow":["GET"]}}],"collection":[{"href":"https:\/\/www.icpa-gz.org.py\/DE\/wp-json\/wp\/v2\/tribe_events"}],"about":[{"href":"https:\/\/www.icpa-gz.org.py\/DE\/wp-json\/wp\/v2\/types\/tribe_events"}],"author":[{"embeddable":true,"href":"https:\/\/www.icpa-gz.org.py\/DE\/wp-json\/wp\/v2\/users\/1"}],"version-history":[{"count":1,"href":"https:\/\/www.icpa-gz.org.py\/DE\/wp-json\/wp\/v2\/tribe_events\/2178\/revisions"}],"predecessor-version":[{"id":2180,"href":"https:\/\/www.icpa-gz.org.py\/DE\/wp-json\/wp\/v2\/tribe_events\/2178\/revisions\/2180"}],"wp:featuredmedia":[{"embeddable":true,"href":"https:\/\/www.icpa-gz.org.py\/DE\/wp-json\/wp\/v2\/media\/2179"}],"wp:attachment":[{"href":"https:\/\/www.icpa-gz.org.py\/DE\/wp-json\/wp\/v2\/media?parent=2178"}],"wp:term":[{"taxonomy":"post_tag","embeddable":true,"href":"https:\/\/www.icpa-gz.org.py\/DE\/wp-json\/wp\/v2\/tags?post=2178"},{"taxonomy":"tribe_events_cat","embeddable":true,"href":"https:\/\/www.icpa-gz.org.py\/DE\/wp-json\/wp\/v2\/tribe_events_cat?post=2178"}],"curies":[{"name":"wp","href":"https:\/\/api.w.org\/{rel}","templated":true}]}}

GRÜNE INSEL

<p><strong><span style="font-family: Calibri Light, serif;"><span style="font-size: small;"><span lang="de-DE">Das Ferienfreizeit des ICPA Goethe-Zentrum</span></span></span></strong></p>
<p><span style="font-family: Calibri Light, serif;"><span style="font-size: small;"><span lang="de-DE">Die Grüne Insel kehrt ins ICPA zurück in einer Form, die unserer neuen Realität angepasst ist, wir laden Sie ein, an den verschiedenen Workshops teilzunehmen. </span></span></span></p>
<p><span style="font-family: Calibri Light, serif;"><span style="font-size: small;"><span lang="de-DE">Die Teilnahme an den Workshops ist kostenlos und findet von Montag bis Freitag, 19. bis 30. Juli, statt. Die Workshops beginnen zwischen 9.00 und 15.00 Uhr.</span></span></span></p>
<p><span style="font-family: Calibri Light, serif;"><span style="font-size: small;"><span lang="de-DE">Mit Ausnahme eines einzigen Workshops, der im virtuellen Modus durchgeführt wird, stehen für jeden Workshop zehn Plätze zur Verfügung, um das lokale Sanitärprotokolle einzuhalten.</span></span></span></p>
<p><span style="font-family: Calibri Light, serif;"><span style="font-size: small;"><span lang="de-DE">Weitere Informationen und Anmeldungen finden Sie unter (021) 224455 oder 0983 307150 über WhatsApp. </span></span></span></p>
<p><strong><span style="font-family: Calibri Light, serif;"><span style="font-size: small;"><span lang="de-DE">1. Fotografieworkshop mit Francene Keery (ab 12 Jahren).</span></span></span></strong></p>
<p><span style="font-family: Calibri Light, serif;"><span style="font-size: small;"><span lang="de-DE">Montag &#8211; Mittwoch &#8211; Freitag von 10: 00 bis 12: 00 Uhr.</span></span></span></p>
<p><span style="font-family: Calibri Light, serif;"><span style="font-size: small;"><span lang="de-DE">AUSSEN / INNEN Bilder, die Geschichten erzählen: &#8220;Wir sind Teil der Natur, wir verbinden uns mit unseren Essenzen.&#8221; Francene Keery </span></span></span></p>
<p><strong><span style="font-family: Calibri Light, serif;"><span style="font-size: small;"><span lang="de-DE">2. Sticken mit Xiomara.</span></span></span></strong></p>
<p><span style="font-family: Calibri Light, serif;"><span style="font-size: small;"><span lang="de-DE">Montag &#8211; Mittwoch &#8211; Freitag von 13.00 bis 14.30 Uhr. </span></span></span></p>
<p><span style="font-family: Calibri Light, serif;"><span style="font-size: small;"><span lang="de-DE">Fadenzeichnungen. Kreativität kennt keine Grenzen.</span></span></span></p>
<p><strong><span style="font-family: Calibri Light, serif;"><span style="font-size: small;"><span lang="de-DE">3. Aquarellwerkstatt mit Monika Schuchardt </span></span></span></strong></p>
<p><span style="font-family: Calibri Light, serif;"><span style="font-size: small;"><span lang="de-DE">Dienstag und Donnerstag von 10.30 bis 13.00 Uhr.</span></span></span></p>
<p><span style="font-family: Calibri Light, serif;"><span style="font-size: small;"><span lang="de-DE">Wir lassen die Farben fließen und diese sich wiederfinden.</span></span></span></p>
<p><strong><span style="font-family: Calibri Light, serif;"><span style="font-size: small;"><span lang="de-DE">4. Yoga-Workshop mit Atha Yoga Analia Marchi.</span></span></span></strong></p>
<p><span style="font-family: Calibri Light, serif;"><span style="font-size: small;"><span lang="de-DE">Dienstag und Donnerstag von 9.00 bis 10.00 Uhr</span></span></span></p>
<p><span style="font-family: Calibri Light, serif;"><span style="font-size: small;"><span lang="de-DE">Wir verwöhnen unseren Körper mit heilende Bewegungen. </span></span></span></p>
<p><strong><span style="font-family: Calibri Light, serif;"><span style="font-size: small;"><span lang="de-DE">5. Kerzenwerkstatt mit Mariela Fatecha de Las Naranjitas (ab 13 Jahren).</span></span></span></strong></p>
<p><span style="font-family: Calibri Light, serif;"><span style="font-size: small;"><span lang="de-DE">Ein Licht, das in den Winternächten leuchtet.</span></span></span></p>
<p><span style="font-family: Calibri Light, serif;"><span style="font-size: small;"><span lang="de-DE">Donnerstag, 22. Juli 15.00 Uhr</span></span></span></p>
<p><strong><span style="font-family: Calibri Light, serif;"><span style="font-size: small;">6.Kräuteralben-Workshop mit Mariela Fatecha de Las Naranjitas.</span></span></strong></p>
<p><span style="font-family: Calibri Light, serif;"><span style="font-size: small;"><span lang="de-DE">Donnerstag, 29. Juli 15.00 Uhr</span></span></span></p>
<p><span style="font-family: Calibri Light, serif;"><span style="font-size: small;"><span lang="de-DE">Die Natur gibt uns Freude, Gesundheit und Schönheit.</span></span></span></p>
<p><strong><span style="font-family: Calibri Light, serif;"><span style="font-size: small;"><span lang="de-DE">7.Virtueller Workshop für Hausreinigungsmittel mit Mariela Fatecha de Las Naranjitas.</span></span></span></strong></p>
<p><span style="font-family: Calibri Light, serif;"><span style="font-size: small;"><span lang="de-DE">Komm und schreib Dich ein!</span></span></span></p>

<p>Das Ferienfreizeit des ICPA Goethe-Zentrum Die Grüne Insel kehrt ins ICPA zurück in einer Form, die unserer neuen Realität angepasst</p>
