{"id":1850,"date":"2021-06-07T22:06:04","date_gmt":"2021-06-08T01:06:04","guid":{"rendered":"http:\/\/www.icpa-gz.org.py\/DE\/?post_type=tribe_events&#038;p=1850"},"modified":"2021-07-22T13:05:32","modified_gmt":"2021-07-22T16:05:32","slug":"become-an-influencer-for-ecological-change","status":"publish","type":"tribe_events","link":"https:\/\/www.icpa-gz.org.py\/DE\/evento\/become-an-influencer-for-ecological-change\/","title":{"rendered":"BECOME AN INFLUENCER FOR ECOLOGICAL CHANGE!"},"content":{"rendered":"<p><strong>Bist du Teil der L\u00f6sung der globalen Umweltkrise?<\/strong><\/p>\n<p>Engagierst du dich f\u00fcr die Umwelt? Bist du es leid, dass zu wenig gegen die Klimakrise getan wird?<br \/>\nSuchst du nach positiven Ideen und Ausdrucksformen, um Leute von einem nachhaltigen Lebensstil zu \u00fcberzeugen?<br \/>\nM\u00f6chtest du \u00f6kologisches Engagement und Aktivismus auf Social Media verbinden?<br \/>\nWenn du alle diese Fragen mit &#8220;Ja&#8221; beantwortest und zwischen\u00a0<strong>18 und 25 Jahre<\/strong>\u00a0alt bist, ist dies deine Chance!<\/p>\n<p>&nbsp;<\/p>\n<p><strong>Bewerbe dich f\u00fcr das Projekt &#8220;Become an influencer for ecological change!&#8221;<\/strong><\/p>\n<p>Ab September 2021 startet das Goethe-Institut in Zusammenarbeit mit der Green European Foundation und anderen Organisationen das Projekt &#8220;Become an influencer for ecological change!&#8221;.<\/p>\n<p>Parallel trainieren mehr als hundert \u00f6kologische Aktivist*innen aus Deutschland, Spanien, Frankreich, Italien, Argentinien, Bolivien und Paraguay in dezentralen digitalen Workshops.<\/p>\n<p>In einer Mischung aus Inputs von Expert*innen, \u00dcbungen in Gruppen und der Entwicklung individueller Ideen werden innovative Formen der Kommunikation trainiert. Einige Einf\u00fchrungen sind auf Englisch und Spanisch mit Simultan\u00fcbersetzung. Die dezentralen Workshops finden in der jeweiligen Landessprache statt.<\/p>\n<p>Nach Ende der dezentralen Workshops im Februar 2022 werden zwei Personen aus jedem Land gew\u00e4hlt, die Ende April\/ Anfang Mai zu dem zentralen Workshop nach Barcelona und zu der internationalen Konferenz zur digitalen Gesellschaft re:publica nach Berlin reisen.<\/p>\n<p>&nbsp;<\/p>\n<p><strong>Wer kann sich bewerben?<\/strong><\/p>\n<p>Wir suchen Umweltaktivist*innen im Alter zwischen\u00a0<strong>18 und 25 Jahren<\/strong>,<\/p>\n<ul>\n<li>die ihre Kommunikationsf\u00e4higkeiten im audiovisuellen Bereich verbessern m\u00f6chten<\/li>\n<li>Die trainieren m\u00f6chten, wie sie Geschichten spannend und eindrucksvoll erz\u00e4hlen<\/li>\n<li>Die wissen m\u00f6chten, wie sie Social Media-Posts oder Videos so konzipieren, dass neue Zielgruppen angesprochen werden<\/li>\n<li>Die Teil eines lebendigen, dynamischen Netzwerks von Umwelt- und Medienaktivist*innen aus sieben L\u00e4ndern Europas und S\u00fcdamerika werden m\u00f6chten.<\/li>\n<\/ul>\n<p>Wenn du Teil dieses Projekt sein m\u00f6chtest und in einem der genannten L\u00e4nder lebst, bewerbe dich bitte bis zum\u00a0<strong>30. Juli 2021<\/strong> bei dem <strong>ICPA-GZ<\/strong> vor Ort.<\/p>\n<p><a href=\"http:\/\/icpa-gz.org.py\/formularios\/\" target=\"_blank\" rel=\"noopener noreferrer\"><strong>Anmeldeformular<\/strong><\/a><\/p>\n<p>&nbsp;<\/p>\n<p><iframe title=\"YouTube video player\" src=\"https:\/\/www.youtube.com\/embed\/g3NZcWcSI1A\" width=\"560\" height=\"315\" frameborder=\"0\" allowfullscreen=\"allowfullscreen\"><\/iframe><\/p>\n","protected":false},"excerpt":{"rendered":"<p>Bist du Teil der L\u00f6sung der globalen Umweltkrise? Engagierst du dich f\u00fcr die Umwelt? Bist du es leid, dass zu<\/p>\n","protected":false},"author":1,"featured_media":1851,"template":"","meta":{"colormag_page_container_layout":"default_layout","colormag_page_sidebar_layout":"default_layout","_tribe_events_status":"","_tribe_events_status_reason":"","_joinchat":[],"footnotes":""},"tags":[],"tribe_events_cat":[],"class_list":["post-1850","tribe_events","type-tribe_events","status-publish","has-post-thumbnail","hentry"],"_links":{"self":[{"href":"https:\/\/www.icpa-gz.org.py\/DE\/wp-json\/wp\/v2\/tribe_events\/1850","targetHints":{"allow":["GET"]}}],"collection":[{"href":"https:\/\/www.icpa-gz.org.py\/DE\/wp-json\/wp\/v2\/tribe_events"}],"about":[{"href":"https:\/\/www.icpa-gz.org.py\/DE\/wp-json\/wp\/v2\/types\/tribe_events"}],"author":[{"embeddable":true,"href":"https:\/\/www.icpa-gz.org.py\/DE\/wp-json\/wp\/v2\/users\/1"}],"version-history":[{"count":4,"href":"https:\/\/www.icpa-gz.org.py\/DE\/wp-json\/wp\/v2\/tribe_events\/1850\/revisions"}],"predecessor-version":[{"id":2177,"href":"https:\/\/www.icpa-gz.org.py\/DE\/wp-json\/wp\/v2\/tribe_events\/1850\/revisions\/2177"}],"wp:featuredmedia":[{"embeddable":true,"href":"https:\/\/www.icpa-gz.org.py\/DE\/wp-json\/wp\/v2\/media\/1851"}],"wp:attachment":[{"href":"https:\/\/www.icpa-gz.org.py\/DE\/wp-json\/wp\/v2\/media?parent=1850"}],"wp:term":[{"taxonomy":"post_tag","embeddable":true,"href":"https:\/\/www.icpa-gz.org.py\/DE\/wp-json\/wp\/v2\/tags?post=1850"},{"taxonomy":"tribe_events_cat","embeddable":true,"href":"https:\/\/www.icpa-gz.org.py\/DE\/wp-json\/wp\/v2\/tribe_events_cat?post=1850"}],"curies":[{"name":"wp","href":"https:\/\/api.w.org\/{rel}","templated":true}]}}

<p><strong>Bist du Teil der Lösung der globalen Umweltkrise?</strong></p>
<p>Engagierst du dich für die Umwelt? Bist du es leid, dass zu wenig gegen die Klimakrise getan wird?<br />
Suchst du nach positiven Ideen und Ausdrucksformen, um Leute von einem nachhaltigen Lebensstil zu überzeugen?<br />
Möchtest du ökologisches Engagement und Aktivismus auf Social Media verbinden?<br />
Wenn du alle diese Fragen mit &#8220;Ja&#8221; beantwortest und zwischen <strong>18 und 25 Jahre</strong> alt bist, ist dies deine Chance!</p>
<p>&nbsp;</p>
<p><strong>Bewerbe dich für das Projekt &#8220;Become an influencer for ecological change!&#8221;</strong></p>
<p>Ab September 2021 startet das Goethe-Institut in Zusammenarbeit mit der Green European Foundation und anderen Organisationen das Projekt &#8220;Become an influencer for ecological change!&#8221;.</p>
<p>Parallel trainieren mehr als hundert ökologische Aktivist*innen aus Deutschland, Spanien, Frankreich, Italien, Argentinien, Bolivien und Paraguay in dezentralen digitalen Workshops.</p>
<p>In einer Mischung aus Inputs von Expert*innen, Übungen in Gruppen und der Entwicklung individueller Ideen werden innovative Formen der Kommunikation trainiert. Einige Einführungen sind auf Englisch und Spanisch mit Simultanübersetzung. Die dezentralen Workshops finden in der jeweiligen Landessprache statt.</p>
<p>Nach Ende der dezentralen Workshops im Februar 2022 werden zwei Personen aus jedem Land gewählt, die Ende April/ Anfang Mai zu dem zentralen Workshop nach Barcelona und zu der internationalen Konferenz zur digitalen Gesellschaft re:publica nach Berlin reisen.</p>
<p>&nbsp;</p>
<p><strong>Wer kann sich bewerben?</strong></p>
<p>Wir suchen Umweltaktivist*innen im Alter zwischen <strong>18 und 25 Jahren</strong>,</p>
<ul>
<li>die ihre Kommunikationsfähigkeiten im audiovisuellen Bereich verbessern möchten</li>
<li>Die trainieren möchten, wie sie Geschichten spannend und eindrucksvoll erzählen</li>
<li>Die wissen möchten, wie sie Social Media-Posts oder Videos so konzipieren, dass neue Zielgruppen angesprochen werden</li>
<li>Die Teil eines lebendigen, dynamischen Netzwerks von Umwelt- und Medienaktivist*innen aus sieben Ländern Europas und Südamerika werden möchten.</li>
</ul>
<p>Wenn du Teil dieses Projekt sein möchtest und in einem der genannten Länder lebst, bewerbe dich bitte bis zum <strong>30. Juli 2021</strong> bei dem <strong>ICPA-GZ</strong> vor Ort.</p>
<p><a href="http://icpa-gz.org.py/formularios/" target="_blank" rel="noopener noreferrer"><strong>Anmeldeformular</strong></a></p>
<p>&nbsp;</p>
<p><iframe title="YouTube video player" src="https://www.youtube.com/embed/g3NZcWcSI1A" width="560" height="315" frameborder="0" allowfullscreen="allowfullscreen"></iframe></p>

<p>Bist du Teil der Lösung der globalen Umweltkrise? Engagierst du dich für die Umwelt? Bist du es leid, dass zu</p>
