{"id":1748,"date":"2021-05-05T07:50:24","date_gmt":"2021-05-05T10:50:24","guid":{"rendered":"http:\/\/161.35.14.149\/DE\/?post_type=tribe_events&#038;p=1748"},"modified":"2021-05-05T07:50:24","modified_gmt":"2021-05-05T10:50:24","slug":"freiluftkino-2","status":"publish","type":"tribe_events","link":"https:\/\/www.icpa-gz.org.py\/DE\/evento\/freiluftkino-2\/","title":{"rendered":"Freiluftkino"},"content":{"rendered":"<p><span lang=\"de-DE\">Das Deutsche Paraguayische Kulturinstitut l\u00e4dt mit Unterst\u00fctzung des Goethe-Instituts und im Rahmen der Feierlichkeiten des Europ\u00e4ischen Monats alle interessierten Zuschauer zum Freiluft-Filmzyklus ein, der am Dienstag, 4. und 11. Mai, im ICPA-GZ (Juan de Salazar 310 c\/ Artigas) stattfindet.<\/span><\/p>\n<p><span lang=\"de-DE\">Der Eintritt ist frei, die Pl\u00e4tze sind begrenzt. Um Pl\u00e4tze zu buchen, kontaktieren Sie bitte WhatsApp unter 0983307150, rufen Sie 021224455 an oder senden Sie eine E-Mail <a href=\"mailto:informacion@icpa-gz.org.py\">informacion@icpa-gz.org.py<\/a>.<\/span><\/p>\n<p><span style=\"font-size: medium;\"><span lang=\"de-DE\"><b>Beuys <\/b><\/span><\/span><\/p>\n<p><span lang=\"de-DE\">Regie: Andres Veiel, Farbe und Schwarzwei\u00df, 107 Min, 2015-17 <\/span><\/p>\n<p><span lang=\"de-DE\">Der Film basiert auf einer guten Dokumentation, die die weitere Untersuchung des Einflusses des K\u00fcnstlers f\u00f6rdert (in diesem Fall nehmen wir ihn f\u00fcr selbstverst\u00e4ndlich) und l\u00e4dt die \u00d6ffentlichkeit ein, sich an die Bedeutung von Beuys&#8217; Werk zu erinnern und uns dennoch einen tieferen Einblick in die Arbeit eines v\u00f6llig unkonformen Geistes zu begeben.<\/span><\/p>\n<p><span lang=\"de-DE\">Das ikonische Beuys 7000 Eiche-Projekt monopolisiert den ersten Teil des Films, extrem lustig, bevor der Regisseur in die Zeit zur\u00fcckreist, um uns wieder \u00fcber das Leben des K\u00fcnstlers zu erz\u00e4hlen: In eine b\u00fcrgerliche Familie hineingeboren, zerlegte er ihn schlie\u00dflich mit seinem subversiven Werk. Sein abrupter \u00dcbergang ins Erwachsenenalter als Soldat bei der Luftwaffe rechtfertigt seine sp\u00f6ttische und leichte Herangehensweise an das Leben, w\u00e4hrend die Genesung seiner Werke und \u00f6ffentlichen Auftritte die Wirkung des K\u00fcnstlers auf seine Kollegen, die seine Vision mit Reaktionen von \u00dcberraschung bis Emp\u00f6rung begr\u00fc\u00dften, rechnungstelle.<\/span><\/p>\n<p><span lang=\"de-DE\">Der Film mischt Bilder aus eklektischen Interviewarchiven, Ausstellungser\u00f6ffnungen und Veranstaltungen mit Beuys und aktuelle Analysen und Beitr\u00e4ge von Kunstwissenschaftlern, ehemaligen Erm\u00fcdungspartnern, Studenten und Bewunderern und bildet damit einen Ansatz zu Beuys&#8217; einzigartigem Werk.<\/span><\/p>\n<p><img fetchpriority=\"high\" decoding=\"async\" class=\"alignnone size-medium wp-image-1749\" src=\"http:\/\/161.35.14.149\/DE\/wp-content\/uploads\/2021\/05\/new_ev2-203x300.png\" alt=\"\" width=\"203\" height=\"300\" srcset=\"https:\/\/www.icpa-gz.org.py\/DE\/wp-content\/uploads\/2021\/05\/new_ev2-203x300.png 203w, https:\/\/www.icpa-gz.org.py\/DE\/wp-content\/uploads\/2021\/05\/new_ev2.png 245w\" sizes=\"(max-width: 203px) 100vw, 203px\" \/><\/p>\n","protected":false},"excerpt":{"rendered":"<p>Das Deutsche Paraguayische Kulturinstitut l\u00e4dt mit Unterst\u00fctzung des Goethe-Instituts und im Rahmen der Feierlichkeiten des Europ\u00e4ischen Monats alle interessierten Zuschauer<\/p>\n","protected":false},"author":1,"featured_media":1749,"template":"","meta":{"colormag_page_container_layout":"default_layout","colormag_page_sidebar_layout":"default_layout","_tribe_events_status":"","_tribe_events_status_reason":"","_joinchat":[],"footnotes":""},"tags":[],"tribe_events_cat":[],"class_list":["post-1748","tribe_events","type-tribe_events","status-publish","has-post-thumbnail","hentry"],"_links":{"self":[{"href":"https:\/\/www.icpa-gz.org.py\/DE\/wp-json\/wp\/v2\/tribe_events\/1748","targetHints":{"allow":["GET"]}}],"collection":[{"href":"https:\/\/www.icpa-gz.org.py\/DE\/wp-json\/wp\/v2\/tribe_events"}],"about":[{"href":"https:\/\/www.icpa-gz.org.py\/DE\/wp-json\/wp\/v2\/types\/tribe_events"}],"author":[{"embeddable":true,"href":"https:\/\/www.icpa-gz.org.py\/DE\/wp-json\/wp\/v2\/users\/1"}],"version-history":[{"count":1,"href":"https:\/\/www.icpa-gz.org.py\/DE\/wp-json\/wp\/v2\/tribe_events\/1748\/revisions"}],"predecessor-version":[{"id":1750,"href":"https:\/\/www.icpa-gz.org.py\/DE\/wp-json\/wp\/v2\/tribe_events\/1748\/revisions\/1750"}],"wp:featuredmedia":[{"embeddable":true,"href":"https:\/\/www.icpa-gz.org.py\/DE\/wp-json\/wp\/v2\/media\/1749"}],"wp:attachment":[{"href":"https:\/\/www.icpa-gz.org.py\/DE\/wp-json\/wp\/v2\/media?parent=1748"}],"wp:term":[{"taxonomy":"post_tag","embeddable":true,"href":"https:\/\/www.icpa-gz.org.py\/DE\/wp-json\/wp\/v2\/tags?post=1748"},{"taxonomy":"tribe_events_cat","embeddable":true,"href":"https:\/\/www.icpa-gz.org.py\/DE\/wp-json\/wp\/v2\/tribe_events_cat?post=1748"}],"curies":[{"name":"wp","href":"https:\/\/api.w.org\/{rel}","templated":true}]}}

<p><span lang="de-DE">Das Deutsche Paraguayische Kulturinstitut lädt mit Unterstützung des Goethe-Instituts und im Rahmen der Feierlichkeiten des Europäischen Monats alle interessierten Zuschauer zum Freiluft-Filmzyklus ein, der am Dienstag, 4. und 11. Mai, im ICPA-GZ (Juan de Salazar 310 c/ Artigas) stattfindet.</span></p>
<p><span lang="de-DE">Der Eintritt ist frei, die Plätze sind begrenzt. Um Plätze zu buchen, kontaktieren Sie bitte WhatsApp unter 0983307150, rufen Sie 021224455 an oder senden Sie eine E-Mail <a href="mailto:informacion@icpa-gz.org.py">informacion@icpa-gz.org.py</a>.</span></p>
<p><span style="font-size: medium;"><span lang="de-DE"><b>Beuys </b></span></span></p>
<p><span lang="de-DE">Regie: Andres Veiel, Farbe und Schwarzweiß, 107 Min, 2015-17 </span></p>
<p><span lang="de-DE">Der Film basiert auf einer guten Dokumentation, die die weitere Untersuchung des Einflusses des Künstlers fördert (in diesem Fall nehmen wir ihn für selbstverständlich) und lädt die Öffentlichkeit ein, sich an die Bedeutung von Beuys&#8217; Werk zu erinnern und uns dennoch einen tieferen Einblick in die Arbeit eines völlig unkonformen Geistes zu begeben.</span></p>
<p><span lang="de-DE">Das ikonische Beuys 7000 Eiche-Projekt monopolisiert den ersten Teil des Films, extrem lustig, bevor der Regisseur in die Zeit zurückreist, um uns wieder über das Leben des Künstlers zu erzählen: In eine bürgerliche Familie hineingeboren, zerlegte er ihn schließlich mit seinem subversiven Werk. Sein abrupter Übergang ins Erwachsenenalter als Soldat bei der Luftwaffe rechtfertigt seine spöttische und leichte Herangehensweise an das Leben, während die Genesung seiner Werke und öffentlichen Auftritte die Wirkung des Künstlers auf seine Kollegen, die seine Vision mit Reaktionen von Überraschung bis Empörung begrüßten, rechnungstelle.</span></p>
<p><span lang="de-DE">Der Film mischt Bilder aus eklektischen Interviewarchiven, Ausstellungseröffnungen und Veranstaltungen mit Beuys und aktuelle Analysen und Beiträge von Kunstwissenschaftlern, ehemaligen Ermüdungspartnern, Studenten und Bewunderern und bildet damit einen Ansatz zu Beuys&#8217; einzigartigem Werk.</span></p>
<p><img fetchpriority="high" decoding="async" class="alignnone size-medium wp-image-1749" src="http://161.35.14.149/DE/wp-content/uploads/2021/05/new_ev2-203x300.png" alt="" width="203" height="300" srcset="https://www.icpa-gz.org.py/DE/wp-content/uploads/2021/05/new_ev2-203x300.png 203w, https://www.icpa-gz.org.py/DE/wp-content/uploads/2021/05/new_ev2.png 245w" sizes="(max-width: 203px) 100vw, 203px" /></p>

<p>Das Deutsche Paraguayische Kulturinstitut lädt mit Unterstützung des Goethe-Instituts und im Rahmen der Feierlichkeiten des Europäischen Monats alle interessierten Zuschauer</p>
