{"id":1383,"date":"2021-04-13T16:17:48","date_gmt":"2021-04-13T19:17:48","guid":{"rendered":"http:\/\/161.35.14.149\/DE\/?post_type=tribe_events&#038;p=1383"},"modified":"2021-05-04T15:36:21","modified_gmt":"2021-05-04T18:36:21","slug":"lanzamiento-del-libro-de-fotografia-memorias-de-la-pandemia-organizado-por-elojosalvaje","status":"publish","type":"tribe_events","link":"https:\/\/www.icpa-gz.org.py\/DE\/evento\/lanzamiento-del-libro-de-fotografia-memorias-de-la-pandemia-organizado-por-elojosalvaje\/","title":{"rendered":"Buchvorstellung : \u201cMemorias de la Pandemia\u201d"},"content":{"rendered":"<p><img decoding=\"async\" class=\"alignnone size-medium wp-image-1409\" src=\"http:\/\/161.35.14.149\/DE\/wp-content\/uploads\/2021\/04\/Nr-1-Libro-de-las-memorias-300x157.png\" alt=\"\" width=\"300\" height=\"157\" srcset=\"https:\/\/www.icpa-gz.org.py\/DE\/wp-content\/uploads\/2021\/04\/Nr-1-Libro-de-las-memorias-300x157.png 300w, https:\/\/www.icpa-gz.org.py\/DE\/wp-content\/uploads\/2021\/04\/Nr-1-Libro-de-las-memorias-1024x537.png 1024w, https:\/\/www.icpa-gz.org.py\/DE\/wp-content\/uploads\/2021\/04\/Nr-1-Libro-de-las-memorias-768x403.png 768w, https:\/\/www.icpa-gz.org.py\/DE\/wp-content\/uploads\/2021\/04\/Nr-1-Libro-de-las-memorias-1536x806.png 1536w, https:\/\/www.icpa-gz.org.py\/DE\/wp-content\/uploads\/2021\/04\/Nr-1-Libro-de-las-memorias-390x205.png 390w, https:\/\/www.icpa-gz.org.py\/DE\/wp-content\/uploads\/2021\/04\/Nr-1-Libro-de-las-memorias.png 2048w\" sizes=\"(max-width: 300px) 100vw, 300px\" \/><\/p>\n<p><span lang=\"de-DE\">Das individuelle und kollektive Ged\u00e4chtnis wird sich f\u00fcr immer an die Pandemiezeit erinnern, die in diesem Jahr 2020 erlebt wurde, vor allem dank der enormen Menge an Bildern, die \u00fcber Telefone, Kameras und andere Ger\u00e4te in Netzwerken und Medien zirkuliert und sich vervielfacht haben.<\/span><\/p>\n<p><span lang=\"de-DE\">Der Verein der Fotografen und Fotografinnen El Ojo Salvaje machte sich daran, Inhalte aus dieser Erinnerung zu sammeln, mit dem Ziel, die verschiedenen Blicke des Corona-Jahres in einem Buch zu ver\u00f6ffentliche. Von 125 Teilnehmer wurden mehr als sich dem Aufruf vom 350 Fotografien eingereicht. Das Redaktionskomitee, das f\u00fcr die Auswahl verantwortlich war, bestehend aus Juana Barreto, Leonor de Blas und Jorge S\u00e9enz, w\u00e4hlte 71 Bilder aus.<\/span><\/p>\n<p><span lang=\"de-DE\">Diese Ver\u00f6ffentlichung von El Ojo Salvaje, die in K\u00fcrze erscheinen wird, tr\u00e4gt den Titel Memorias de la Pandemia und wird von FONDEC, Memetic Media und dem Deutsch-Paraguayischen Kulturinstitut (ICPA) unterst\u00fctzt.<\/span><\/p>\n<p>Fotograf*innen: Ana Ivanova \/ Deolinda Aquino \/ Marcelo David Sandoval \/ Alfredo Quiroz \/ Rut Ort\u00edz Montenegro \/ Cristian Palacios Feltes \/ Juanjo Ivaldi \/ Jessica Insfr\u00e1n \/ William Costa \/ Ver\u00f3nica Bernal \/ Rosa Palaz\u00f3n Faraone \/ Mar\u00eda Paula Paredes \/ Hugo Cataldo \/ Adriana Gonz\u00e1lez Brun \/ M\u00f3nica Matiauda \/ David Duarte Chilavert \/ Sara Alfonso \/ Juan Carlos Flecha \/ Bernardo Puente Olivera \/ Andrea Mar\u00eda Gonz\u00e1lez \/ Baro Brizuela \/ Juan Carlos Meza \/ Luis Vera \/ Vivian Carolina Bord\u00f3n \/ Sebasti\u00e1n Sorera \/ Fernando Allen \/ Jorge Daniel Quintana \/ Mariluz Martin \/ Gerardo Mor\u00ednigo \/ Adine Diana Peralta \/ Ver\u00f3nica Esp\u00ednola \/ Francisco Javier Mendoza \/ Diego Fernando Peralbo \/ Alexis Arzamendia \/ Fernando Luis Romero \/ Mar\u00eda Jos\u00e9 Lacarruba \/ Alejandra G\u00f3mez \/ Marta Escurra \/ Desire\u00e9 Esquivel \/ Mike Kunz \/ Fredi Casco \/ Michi Gamarra \/ Felipe Rom\u00e1n Sitjar \/ Marcelo Encina \/ El\u00edas Cantero \/ Jimena Rom\u00e1n Pe\u00f1a \/ David F. Paredes \/ Fernando Franceschelli \/ Jorge Dancuart \/ Philippe R\u00e9gniez \/ Gerardo Jara \/ Rebeca Mendieta \/ Ren\u00e9 Gonz\u00e1lez \/ Jos\u00e9 Mar\u00eda Bogado Romero \/ Paz Oviedo. (Texto y Copyright: Libro \u201cMemorias de la Pandemia\u201d ya tiene lista de seleccionados\/as \u2022 El Nacional)<\/p>\n<p><span lang=\"de-DE\">Wir danken den Autoren daf\u00fcr, dass sie ihren Blick teilen. Und denen, die diese Sonderedition m\u00f6glich gemacht haben: Fondec ICPA Goethe Zentrum und Memetic Media.<\/span><\/p>\n<p><b>#elojosalvaje #memoriasdelapandemia #libro<\/b><\/p>\n<p><a href=\"https:\/\/www.youtube.com\/watch?v=w39MnqHnaD0\">Libro Memorias de la Pandemia &#8211; YouTube<\/a><\/p>\n","protected":false},"excerpt":{"rendered":"<p>Das individuelle und kollektive Ged\u00e4chtnis wird sich f\u00fcr immer an die Pandemiezeit erinnern, die in diesem Jahr 2020 erlebt wurde,<\/p>\n","protected":false},"author":1,"featured_media":1409,"template":"","meta":{"colormag_page_container_layout":"default_layout","colormag_page_sidebar_layout":"default_layout","_tribe_events_status":"","_tribe_events_status_reason":"","_joinchat":[],"footnotes":""},"tags":[],"tribe_events_cat":[],"class_list":["post-1383","tribe_events","type-tribe_events","status-publish","has-post-thumbnail","hentry"],"_links":{"self":[{"href":"https:\/\/www.icpa-gz.org.py\/DE\/wp-json\/wp\/v2\/tribe_events\/1383","targetHints":{"allow":["GET"]}}],"collection":[{"href":"https:\/\/www.icpa-gz.org.py\/DE\/wp-json\/wp\/v2\/tribe_events"}],"about":[{"href":"https:\/\/www.icpa-gz.org.py\/DE\/wp-json\/wp\/v2\/types\/tribe_events"}],"author":[{"embeddable":true,"href":"https:\/\/www.icpa-gz.org.py\/DE\/wp-json\/wp\/v2\/users\/1"}],"version-history":[{"count":4,"href":"https:\/\/www.icpa-gz.org.py\/DE\/wp-json\/wp\/v2\/tribe_events\/1383\/revisions"}],"predecessor-version":[{"id":1732,"href":"https:\/\/www.icpa-gz.org.py\/DE\/wp-json\/wp\/v2\/tribe_events\/1383\/revisions\/1732"}],"wp:featuredmedia":[{"embeddable":true,"href":"https:\/\/www.icpa-gz.org.py\/DE\/wp-json\/wp\/v2\/media\/1409"}],"wp:attachment":[{"href":"https:\/\/www.icpa-gz.org.py\/DE\/wp-json\/wp\/v2\/media?parent=1383"}],"wp:term":[{"taxonomy":"post_tag","embeddable":true,"href":"https:\/\/www.icpa-gz.org.py\/DE\/wp-json\/wp\/v2\/tags?post=1383"},{"taxonomy":"tribe_events_cat","embeddable":true,"href":"https:\/\/www.icpa-gz.org.py\/DE\/wp-json\/wp\/v2\/tribe_events_cat?post=1383"}],"curies":[{"name":"wp","href":"https:\/\/api.w.org\/{rel}","templated":true}]}}

<p><img decoding="async" class="alignnone size-medium wp-image-1409" src="http://161.35.14.149/DE/wp-content/uploads/2021/04/Nr-1-Libro-de-las-memorias-300x157.png" alt="" width="300" height="157" srcset="https://www.icpa-gz.org.py/DE/wp-content/uploads/2021/04/Nr-1-Libro-de-las-memorias-300x157.png 300w, https://www.icpa-gz.org.py/DE/wp-content/uploads/2021/04/Nr-1-Libro-de-las-memorias-1024x537.png 1024w, https://www.icpa-gz.org.py/DE/wp-content/uploads/2021/04/Nr-1-Libro-de-las-memorias-768x403.png 768w, https://www.icpa-gz.org.py/DE/wp-content/uploads/2021/04/Nr-1-Libro-de-las-memorias-1536x806.png 1536w, https://www.icpa-gz.org.py/DE/wp-content/uploads/2021/04/Nr-1-Libro-de-las-memorias-390x205.png 390w, https://www.icpa-gz.org.py/DE/wp-content/uploads/2021/04/Nr-1-Libro-de-las-memorias.png 2048w" sizes="(max-width: 300px) 100vw, 300px" /></p>
<p><span lang="de-DE">Das individuelle und kollektive Gedächtnis wird sich für immer an die Pandemiezeit erinnern, die in diesem Jahr 2020 erlebt wurde, vor allem dank der enormen Menge an Bildern, die über Telefone, Kameras und andere Geräte in Netzwerken und Medien zirkuliert und sich vervielfacht haben.</span></p>
<p><span lang="de-DE">Der Verein der Fotografen und Fotografinnen El Ojo Salvaje machte sich daran, Inhalte aus dieser Erinnerung zu sammeln, mit dem Ziel, die verschiedenen Blicke des Corona-Jahres in einem Buch zu veröffentliche. Von 125 Teilnehmer wurden mehr als sich dem Aufruf vom 350 Fotografien eingereicht. Das Redaktionskomitee, das für die Auswahl verantwortlich war, bestehend aus Juana Barreto, Leonor de Blas und Jorge Séenz, wählte 71 Bilder aus.</span></p>
<p><span lang="de-DE">Diese Veröffentlichung von El Ojo Salvaje, die in Kürze erscheinen wird, trägt den Titel Memorias de la Pandemia und wird von FONDEC, Memetic Media und dem Deutsch-Paraguayischen Kulturinstitut (ICPA) unterstützt.</span></p>
<p>Fotograf*innen: Ana Ivanova / Deolinda Aquino / Marcelo David Sandoval / Alfredo Quiroz / Rut Ortíz Montenegro / Cristian Palacios Feltes / Juanjo Ivaldi / Jessica Insfrán / William Costa / Verónica Bernal / Rosa Palazón Faraone / María Paula Paredes / Hugo Cataldo / Adriana González Brun / Mónica Matiauda / David Duarte Chilavert / Sara Alfonso / Juan Carlos Flecha / Bernardo Puente Olivera / Andrea María González / Baro Brizuela / Juan Carlos Meza / Luis Vera / Vivian Carolina Bordón / Sebastián Sorera / Fernando Allen / Jorge Daniel Quintana / Mariluz Martin / Gerardo Morínigo / Adine Diana Peralta / Verónica Espínola / Francisco Javier Mendoza / Diego Fernando Peralbo / Alexis Arzamendia / Fernando Luis Romero / María José Lacarruba / Alejandra Gómez / Marta Escurra / Desireé Esquivel / Mike Kunz / Fredi Casco / Michi Gamarra / Felipe Román Sitjar / Marcelo Encina / Elías Cantero / Jimena Román Peña / David F. Paredes / Fernando Franceschelli / Jorge Dancuart / Philippe Régniez / Gerardo Jara / Rebeca Mendieta / René González / José María Bogado Romero / Paz Oviedo. (Texto y Copyright: Libro “Memorias de la Pandemia” ya tiene lista de seleccionados/as • El Nacional)</p>
<p><span lang="de-DE">Wir danken den Autoren dafür, dass sie ihren Blick teilen. Und denen, die diese Sonderedition möglich gemacht haben: Fondec ICPA Goethe Zentrum und Memetic Media.</span></p>
<p><b>#elojosalvaje #memoriasdelapandemia #libro</b></p>
<p><a href="https://www.youtube.com/watch?v=w39MnqHnaD0">Libro Memorias de la Pandemia &#8211; YouTube</a></p>

<p>Das individuelle und kollektive Gedächtnis wird sich für immer an die Pandemiezeit erinnern, die in diesem Jahr 2020 erlebt wurde,</p>
